{"id":770261,"date":"2025-08-28T14:23:33","date_gmt":"2025-08-28T11:23:33","guid":{"rendered":"https:\/\/roveyayinevi.com.tr\/index.php\/urun\/askin-anahtari-fatiha-suresi\/"},"modified":"2026-04-15T03:36:36","modified_gmt":"2026-04-15T00:36:36","slug":"askin-anahtari-fatiha-suresi","status":"publish","type":"product","link":"https:\/\/roveyayinevi.com.tr\/index.php\/urun\/askin-anahtari-fatiha-suresi\/","title":{"rendered":"A\u015fk\u0131n Anahtar\u0131: Fatiha Suresi"},"content":{"rendered":"<p>F\u00c2tiha\u2019y\u0131 anlamak, kalbinizde yeni bir kap\u0131 a\u00e7acak.   F\u00e2tiha suresi, derin anlam katmanlar\u0131yla yaln\u0131zca bir dua de\u011fil, ayn\u0131 zamanda bir yolculuktur. \u00c7\u00fcnk\u00fc F\u00e2tiha suresi bir y\u00f6n\u00fcyle, Kur\u2019an\u2019\u0131n \u00f6z\u00fc ve ilahi a\u015fk saray\u0131n\u0131n manevi bir omurgas\u0131 iken; di\u011fer y\u00f6n\u00fcyle de \u00c2lemlerin Rabbi\u2019ni tan\u0131tmak suretiyle, karanl\u0131k d\u00fcnyam\u0131z\u0131 ayd\u0131nlatan bir hidayet rehberidir.   Sizi F\u00e2tiha\u2019n\u0131n derinliklerinde bir yolculu\u011fa davet eden bu eserin i\u00e7indeki s\u0131rlarla bulu\u015fan herkes, ilahi a\u015fk\u0131n izlerini kalbinde bulacak ve ruhunu d\u00f6n\u00fc\u015ft\u00fcren bir fark\u0131ndal\u0131k ya\u015fayacakt\u0131r.   Eserin, ilahi a\u015fk yolunda ki\u015fisel hik\u00e2yenizi g\u00fczelle\u015ftirmek i\u00e7in, m\u00fctevaz\u0131 bir katk\u0131 sunmas\u0131 temennisiyle\u2026 <\/p>\n","protected":false},"excerpt":{"rendered":"<p>F\u00c2tiha\u2019y\u0131 anlamak, kalbinizde yeni bir kap\u0131 a\u00e7acak. F\u00e2tiha suresi, derin anlam katmanlar\u0131yla yaln\u0131zca bir dua de\u011fil, ayn\u0131 zamanda bir yolculuktur. \u00c7\u00fcnk\u00fc F\u00e2tiha suresi bir y\u00f6n\u00fcyle, Kur\u2019an\u2019\u0131n<span class=\"excerpt-hellip\"> [\u2026]<\/span><\/p>\n","protected":false},"featured_media":0,"template":"","meta":{"_monsterinsights_skip_tracking":false,"_monsterinsights_sitenote_active":false,"_monsterinsights_sitenote_note":"","_monsterinsights_sitenote_category":0},"product_brand":[],"product_cat":[12718,12719,15238],"product_tag":[],"class_list":{"0":"post-770261","1":"product","2":"type-product","3":"status-publish","5":"product_cat-din","6":"product_cat-islam","7":"product_cat-tasavvuf","8":"pa_cilt-ciltsiz","9":"pa_tur-kitap","10":"pa_yayinevi-destek-yayinlari","11":"pa_yazar-yusuf-yildiz","13":"first","14":"instock","15":"sale","16":"shipping-taxable","17":"purchasable","18":"product-type-simple"},"_links":{"self":[{"href":"https:\/\/roveyayinevi.com.tr\/index.php\/wp-json\/wp\/v2\/product\/770261","targetHints":{"allow":["GET"]}}],"collection":[{"href":"https:\/\/roveyayinevi.com.tr\/index.php\/wp-json\/wp\/v2\/product"}],"about":[{"href":"https:\/\/roveyayinevi.com.tr\/index.php\/wp-json\/wp\/v2\/types\/product"}],"wp:attachment":[{"href":"https:\/\/roveyayinevi.com.tr\/index.php\/wp-json\/wp\/v2\/media?parent=770261"}],"wp:term":[{"taxonomy":"product_brand","embeddable":true,"href":"https:\/\/roveyayinevi.com.tr\/index.php\/wp-json\/wp\/v2\/product_brand?post=770261"},{"taxonomy":"product_cat","embeddable":true,"href":"https:\/\/roveyayinevi.com.tr\/index.php\/wp-json\/wp\/v2\/product_cat?post=770261"},{"taxonomy":"product_tag","embeddable":true,"href":"https:\/\/roveyayinevi.com.tr\/index.php\/wp-json\/wp\/v2\/product_tag?post=770261"}],"curies":[{"name":"wp","href":"https:\/\/api.w.org\/{rel}","templated":true}]}}