{"id":770254,"date":"2025-08-28T14:23:21","date_gmt":"2025-08-28T11:23:21","guid":{"rendered":"https:\/\/roveyayinevi.com.tr\/index.php\/urun\/mucizeler-kendini-sevmekle-baslar\/"},"modified":"2026-04-13T03:32:22","modified_gmt":"2026-04-13T00:32:22","slug":"mucizeler-kendini-sevmekle-baslar","status":"publish","type":"product","link":"https:\/\/roveyayinevi.com.tr\/index.php\/urun\/mucizeler-kendini-sevmekle-baslar\/","title":{"rendered":"Mucizeler Kendini Sevmekle Ba\u015flar"},"content":{"rendered":"<p>&#8220;D\u00fcn\u00fcn ke\u015fkelerine, yar\u0131n\u0131n acabalar\u0131na elveda&#8230;&#8221;   Ba\u015fkalar\u0131n\u0131 \u00e7ok sevmekten, elinden gelenin fazlas\u0131 i\u00e7in \u00e7abalamaktan yorgun d\u00fc\u015fer, kendine yetemez insan. Oysa mucizeler, kendini sevmekle ba\u015flar.   G\u00fcven duygunu kaybetti\u011finde, bir aya\u011f\u0131 eksik masa gibi yar\u0131m kal\u0131rs\u0131n. Hay\u0131r diyebilmeyi de \u00f6\u011frenmeli, kendi \u00f6z\u00fcne d\u00f6nmenin iyile\u015ftirici g\u00fcc\u00fcne inanmal\u0131s\u0131n. Seni sen yapan b\u00fct\u00fcnden uzakla\u015ft\u0131k\u00e7a da\u011f\u0131l\u0131r, s\u0131radanla\u015f\u0131rs\u0131n. Aynadaki y\u00fcz her ne kadar tan\u0131d\u0131k olsa da art\u0131k kendine yabanc\u0131s\u0131nd\u0131r.   Unutma; her \u00e7i\u00e7ek her toprakta ye\u015fermez, baharlar getir g\u00fcl\u00fc\u015flerine. Vazge\u00e7ebildi\u011fin kadar \u00f6zg\u00fcrs\u00fcnd\u00fcr, \u00e7areyi ancak kendinde aramal\u0131s\u0131n. Bug\u00fcn \u00e7izmedi\u011fin her s\u0131n\u0131r, g\u00fcn gelir senin \u00fczerini \u00e7izer. Zaman, en maliyetli kavramd\u0131r \u00f6m\u00fcrde; geri gelmez yitip giden. Ge\u00e7 kalma mucizelere, yaln\u0131z kendine g\u00fcven&#8230; B\u0131rak, onlar hakl\u0131 olsun; mutluluk sana kals\u0131n. G\u00f6nl\u00fc nank\u00f6r olana zaten yaranamazs\u0131n&#8230;   Murat Tavl\u0131, Mucizeler Kendini Sevmekle Ba\u015flar kitab\u0131nda her zamanki samimi \u00fcslubuyla insan\u0131n d\u00f6n\u00fc\u015f\u00fcm\u00fcne \u0131\u015f\u0131k tutuyor. Okurlar\u0131n\u0131, ya\u015fanm\u0131\u015fl\u0131klar\u0131n izinden s\u00fcz\u00fclen hik\u00e2yeleriyle, sevginin mucizelerinde hayat\u0131n e\u015fsiz mucizelerine tan\u0131kl\u0131k etmeye davet ediyor.   \u0130\u00e7 d\u00fcnyana yolculuk etmeye, kendini ke\u015ffetmeye haz\u0131r m\u0131s\u0131n? <\/p>\n","protected":false},"excerpt":{"rendered":"<p>&#8220;D\u00fcn\u00fcn ke\u015fkelerine, yar\u0131n\u0131n acabalar\u0131na elveda&#8230;&#8221; Ba\u015fkalar\u0131n\u0131 \u00e7ok sevmekten, elinden gelenin fazlas\u0131 i\u00e7in \u00e7abalamaktan yorgun d\u00fc\u015fer, kendine yetemez insan. Oysa mucizeler, kendini sevmekle ba\u015flar. G\u00fcven duygunu kaybetti\u011finde,<span class=\"excerpt-hellip\"> [\u2026]<\/span><\/p>\n","protected":false},"featured_media":0,"template":"","meta":{"_monsterinsights_skip_tracking":false,"_monsterinsights_sitenote_active":false,"_monsterinsights_sitenote_note":"","_monsterinsights_sitenote_category":0},"product_brand":[],"product_cat":[12364,12376],"product_tag":[],"class_list":{"0":"post-770254","1":"product","2":"type-product","3":"status-publish","5":"product_cat-genel-konular","6":"product_cat-kisisel-gelisim","7":"pa_cilt-ciltsiz","8":"pa_tur-kitap","9":"pa_yayinevi-nemesis-kitap","10":"pa_yazar-murat-tavli","12":"first","13":"instock","14":"sale","15":"shipping-taxable","16":"purchasable","17":"product-type-simple"},"_links":{"self":[{"href":"https:\/\/roveyayinevi.com.tr\/index.php\/wp-json\/wp\/v2\/product\/770254","targetHints":{"allow":["GET"]}}],"collection":[{"href":"https:\/\/roveyayinevi.com.tr\/index.php\/wp-json\/wp\/v2\/product"}],"about":[{"href":"https:\/\/roveyayinevi.com.tr\/index.php\/wp-json\/wp\/v2\/types\/product"}],"wp:attachment":[{"href":"https:\/\/roveyayinevi.com.tr\/index.php\/wp-json\/wp\/v2\/media?parent=770254"}],"wp:term":[{"taxonomy":"product_brand","embeddable":true,"href":"https:\/\/roveyayinevi.com.tr\/index.php\/wp-json\/wp\/v2\/product_brand?post=770254"},{"taxonomy":"product_cat","embeddable":true,"href":"https:\/\/roveyayinevi.com.tr\/index.php\/wp-json\/wp\/v2\/product_cat?post=770254"},{"taxonomy":"product_tag","embeddable":true,"href":"https:\/\/roveyayinevi.com.tr\/index.php\/wp-json\/wp\/v2\/product_tag?post=770254"}],"curies":[{"name":"wp","href":"https:\/\/api.w.org\/{rel}","templated":true}]}}