{"id":770225,"date":"2025-08-28T14:22:16","date_gmt":"2025-08-28T11:22:16","guid":{"rendered":"https:\/\/roveyayinevi.com.tr\/index.php\/urun\/allahin-kulu\/"},"modified":"2026-04-15T03:36:35","modified_gmt":"2026-04-15T00:36:35","slug":"allahin-kulu","status":"publish","type":"product","link":"https:\/\/roveyayinevi.com.tr\/index.php\/urun\/allahin-kulu\/","title":{"rendered":"Allah\u2019\u0131n Kulu"},"content":{"rendered":"<p>Peygamber Hz. Muhammed (sav) kimdir? O, pek \u00e7ok \u015fekilde tan\u0131mlanm\u0131\u015ft\u0131r: Bir toplumun kurucusu, bir yasa koyucu, bir sava\u015f komutan\u0131 ve fatih&#8230; Ger\u00e7ekten de Hz. Muhammed (sav), bunlar\u0131n hepsiydi ama her \u015feyden \u00f6nce b\u00fct\u00fcn dikkatini ve kalbini Allah\u2019a adam\u0131\u015f biriydi. Bunun yan\u0131 s\u0131ra vahiy alan ve onu kendisine iman eden insanlara ula\u015ft\u0131rand\u0131. Hz. Peygamber ailesine, sahabesine, insanlara ilahi bilgiyi \u00f6\u011fretirken s\u00fcrekli Rabbiyle beraber olmu\u015f biriydi. M\u00fcsl\u00fcmanlar onun s\u00f6zlerini, fiillerini, takrirlerini dinin kayna\u011f\u0131 olarak kabul etmi\u015f, b\u00fct\u00fcn d\u00f6nemlerde ona uymay\u0131 Allah\u2019\u0131 sevmenin ve Allah\u2019a yakla\u015fman\u0131n yeg\u00e2ne yolu saym\u0131\u015flard\u0131. Denis Gril, Hz. Peygamber\u2019in bu ay\u0131r\u0131c\u0131 \u00f6zelliklerini m\u00fcsl\u00fcman cemaatin aktard\u0131\u011f\u0131 ve as\u0131rlarca ya\u015fad\u0131\u011f\u0131 h\u00e2liyle \u0130slam kaynaklar\u0131n\u0131 kullanarak tasvir etmeye \u00e7al\u0131\u015fm\u0131\u015ft\u0131r. Bu kaynaklar ba\u015fta Kur\u2019an-\u0131 Kerim olmak \u00fczere, siyer ve Hz. Peygamber\u2019in s\u00f6zleridir. Yazar bu kitapta \u0130slam\u2019\u0131n \u00f6nc\u00fc isimlerinin temel kaynaklar\u0131n\u0131 kullanarak onlar\u0131n Hz. Peygamber\u2019de en g\u00fczel \u00f6rne\u011fi nas\u0131l bulduklar\u0131n\u0131 g\u00f6steriyor. Vak\u0131fBank K\u00fclt\u00fcr Yay\u0131nlar\u0131 b\u00f6yle de\u011ferli bir eseri okurlar\u0131na ula\u015ft\u0131rman\u0131n mutlulu\u011funu ya\u015famaktad\u0131r. <\/p>\n","protected":false},"excerpt":{"rendered":"<p>Peygamber Hz. Muhammed (sav) kimdir? O, pek \u00e7ok \u015fekilde tan\u0131mlanm\u0131\u015ft\u0131r: Bir toplumun kurucusu, bir yasa koyucu, bir sava\u015f komutan\u0131 ve fatih&#8230; Ger\u00e7ekten de Hz. Muhammed (sav),<span class=\"excerpt-hellip\"> [\u2026]<\/span><\/p>\n","protected":false},"featured_media":0,"template":"","meta":{"_monsterinsights_skip_tracking":false,"_monsterinsights_sitenote_active":false,"_monsterinsights_sitenote_note":"","_monsterinsights_sitenote_category":0},"product_brand":[],"product_cat":[13488],"product_tag":[],"class_list":{"0":"post-770225","1":"product","2":"type-product","3":"status-publish","5":"product_cat-toplum-ve-insan","6":"pa_cilt-ciltsiz","7":"pa_tur-kitap","8":"pa_yayinevi-vakifbank-kultur-yayinlari","9":"pa_yazar-denis-gril","11":"first","12":"instock","13":"sale","14":"shipping-taxable","15":"purchasable","16":"product-type-simple"},"_links":{"self":[{"href":"https:\/\/roveyayinevi.com.tr\/index.php\/wp-json\/wp\/v2\/product\/770225","targetHints":{"allow":["GET"]}}],"collection":[{"href":"https:\/\/roveyayinevi.com.tr\/index.php\/wp-json\/wp\/v2\/product"}],"about":[{"href":"https:\/\/roveyayinevi.com.tr\/index.php\/wp-json\/wp\/v2\/types\/product"}],"wp:attachment":[{"href":"https:\/\/roveyayinevi.com.tr\/index.php\/wp-json\/wp\/v2\/media?parent=770225"}],"wp:term":[{"taxonomy":"product_brand","embeddable":true,"href":"https:\/\/roveyayinevi.com.tr\/index.php\/wp-json\/wp\/v2\/product_brand?post=770225"},{"taxonomy":"product_cat","embeddable":true,"href":"https:\/\/roveyayinevi.com.tr\/index.php\/wp-json\/wp\/v2\/product_cat?post=770225"},{"taxonomy":"product_tag","embeddable":true,"href":"https:\/\/roveyayinevi.com.tr\/index.php\/wp-json\/wp\/v2\/product_tag?post=770225"}],"curies":[{"name":"wp","href":"https:\/\/api.w.org\/{rel}","templated":true}]}}