{"id":770214,"date":"2025-08-28T14:21:54","date_gmt":"2025-08-28T11:21:54","guid":{"rendered":"https:\/\/roveyayinevi.com.tr\/index.php\/urun\/siir-kesigi\/"},"modified":"2026-04-15T03:36:35","modified_gmt":"2026-04-15T00:36:35","slug":"siir-kesigi","status":"publish","type":"product","link":"https:\/\/roveyayinevi.com.tr\/index.php\/urun\/siir-kesigi\/","title":{"rendered":"\u015eiir Kesi\u011fi"},"content":{"rendered":"<p>Charles Baudelaire ait \u201cAlbatros\u201d adl\u0131 ac\u0131kl\u0131 bir \u015fiir vard\u0131r. Albatros, kanat \u00e7\u0131rpmadan uzun s\u00fcre havada s\u00fcz\u00fclerek ilerleyebilen, a\u00e7\u0131k denizlerde gemicilere yolda\u015fl\u0131k eden ve kanat a\u00e7\u0131kl\u0131\u011f\u0131 4 metreye varan bir ku\u015ftur. \u201cS\u0131k s\u0131k, e\u011flenmek i\u00e7in, ac\u0131mas\u0131z tayfalar Yakalar kanad\u0131ndan bu deniz ku\u015flar\u0131n\u0131, \u00dcrk\u00fct\u00fcc\u00fc sularda gemileri izleyen Yolcular\u0131n y\u0131llard\u0131r dost arkada\u015flar\u0131n\u0131.\u201d \u015eair bu \u015fiirde gemicilerin yakalad\u0131klar\u0131 dost canl\u0131s\u0131 albatros ku\u015flar\u0131na yapt\u0131klar\u0131 eziyetlerden ve i\u015fkencelerden bahseder. Albatroslar\u0131n ac\u0131s\u0131n\u0131 derinden anlar ve bunu dile getirir. Ben de albatroslar\u0131n ac\u0131s\u0131n\u0131 derinden anl\u0131yorum. Benim do\u011fdu\u011fum co\u011frafyada albatroslar\u0131 konu edinmem belli ba\u015fl\u0131 sapmalara neden olabilir. Benim \u015fiirim bu co\u011frafyadan besleniyor. Ben bu co\u011frafyan\u0131n \u015fairiyim. U\u00e7suz bucaks\u0131z vadilerde s\u00fcr\u00fcler halinde dola\u015fan, sesinin g\u00fczelli\u011fi destanlara, \u015fiirlere konu olan, avc\u0131lar\u0131n hayallerini s\u00fcsleyen ve yak\u0131n zamana kadar neredeyse her evin duvar\u0131nda hal\u0131ya i\u015flenmi\u015f bir resmi olan \u201ckeklik\u201dten bahsedece\u011fim\/beslenece\u011fim. \u201cBu yerde avc\u0131 av olmada her g\u00fcn Kimin co\u011frafyas\u0131nda kim vurduya gidiyorum Her yan\u0131mda avc\u0131lar&#8230;\u201d Beni ve \u015fiirimi besleyen s\u00f6zc\u00fckleri ve imgeleri do\u011fdu\u011fum co\u011frafyan\u0131n i\u00e7inden se\u00e7me mecburiyetim var. Bununla birlikte elbette Japon\u2019lar\u0131n ulusal kiraz \u00e7i\u00e7e\u011fi \u201cSakura\u201ddan, Yunan\u2019lar\u0131n mitolojik kral\u0131 Oedipus\u2019tan, ilk sofistlerden biri olan Sokrates\u2019ten ya da Frans\u0131zlar\u0131n \u201cMitraly\u00f6z\u201d\u00fcnden s\u00f6z edip \u015fiirlerimde yer verece\u011fim. Ama Hasankeyf\u2019in ac\u0131s\u0131n\u0131 payla\u015fmasam olmaz, hep eksik kal\u0131r bu bende. Bu ince bir \u00e7izgidir. Co\u011frafyamdan kopmadan t\u00fcm d\u00fcnya ile ba\u011f kurabilmek de denilebilir. Buna \u015fiirde s\u0131n\u0131rlar\u0131 \u00e7izilmi\u015f bir \u00f6zg\u00fcr olma hali de diyebilirim. Bu a\u00e7\u0131dan de\u011ferlendirdi\u011fimde beni besleyen ve ayakta tutanlar olacak ki bu zihinsel ve ruh haliyle d\u00fcnyay\u0131 anlayabileyim ve \u015fiirimi besleyebileyim, farkl\u0131l\u0131klar\u0131 kendi imge ve s\u00f6zc\u00fcklerimle \u00f6zg\u00fcn bir \u015fekilde i\u015fleyebileyim. Psikolojik bir tan\u0131mla varolu\u015fumu tamamlayabileyim. <\/p>\n","protected":false},"excerpt":{"rendered":"<p>Charles Baudelaire ait \u201cAlbatros\u201d adl\u0131 ac\u0131kl\u0131 bir \u015fiir vard\u0131r. Albatros, kanat \u00e7\u0131rpmadan uzun s\u00fcre havada s\u00fcz\u00fclerek ilerleyebilen, a\u00e7\u0131k denizlerde gemicilere yolda\u015fl\u0131k eden ve kanat a\u00e7\u0131kl\u0131\u011f\u0131 4<span class=\"excerpt-hellip\"> [\u2026]<\/span><\/p>\n","protected":false},"featured_media":0,"template":"","meta":{"_monsterinsights_skip_tracking":false,"_monsterinsights_sitenote_active":false,"_monsterinsights_sitenote_note":"","_monsterinsights_sitenote_category":0},"product_brand":[],"product_cat":[12291,12509],"product_tag":[],"class_list":{"0":"post-770214","1":"product","2":"type-product","3":"status-publish","5":"product_cat-edebiyat","6":"product_cat-siir","7":"pa_cilt-ciltsiz","8":"pa_tur-kitap","9":"pa_yayinevi-us-yayinlari","10":"pa_yazar-huseyin-yildirim","12":"first","13":"instock","14":"sale","15":"shipping-taxable","16":"purchasable","17":"product-type-simple"},"_links":{"self":[{"href":"https:\/\/roveyayinevi.com.tr\/index.php\/wp-json\/wp\/v2\/product\/770214","targetHints":{"allow":["GET"]}}],"collection":[{"href":"https:\/\/roveyayinevi.com.tr\/index.php\/wp-json\/wp\/v2\/product"}],"about":[{"href":"https:\/\/roveyayinevi.com.tr\/index.php\/wp-json\/wp\/v2\/types\/product"}],"wp:attachment":[{"href":"https:\/\/roveyayinevi.com.tr\/index.php\/wp-json\/wp\/v2\/media?parent=770214"}],"wp:term":[{"taxonomy":"product_brand","embeddable":true,"href":"https:\/\/roveyayinevi.com.tr\/index.php\/wp-json\/wp\/v2\/product_brand?post=770214"},{"taxonomy":"product_cat","embeddable":true,"href":"https:\/\/roveyayinevi.com.tr\/index.php\/wp-json\/wp\/v2\/product_cat?post=770214"},{"taxonomy":"product_tag","embeddable":true,"href":"https:\/\/roveyayinevi.com.tr\/index.php\/wp-json\/wp\/v2\/product_tag?post=770214"}],"curies":[{"name":"wp","href":"https:\/\/api.w.org\/{rel}","templated":true}]}}