{"id":770213,"date":"2025-08-28T14:21:52","date_gmt":"2025-08-28T11:21:52","guid":{"rendered":"https:\/\/roveyayinevi.com.tr\/index.php\/urun\/miminin-dehset-oykuleri-ciltli\/"},"modified":"2026-04-15T03:36:35","modified_gmt":"2026-04-15T00:36:35","slug":"miminin-dehset-oykuleri-ciltli","status":"publish","type":"product","link":"https:\/\/roveyayinevi.com.tr\/index.php\/urun\/miminin-dehset-oykuleri-ciltli\/","title":{"rendered":"Mimi\u2019nin Deh\u015fet \u00d6yk\u00fcleri (Ciltli)"},"content":{"rendered":"<p>\u00dcniversiteli bir gen\u00e7 k\u0131z olan Mimi, ya\u015fad\u0131\u011f\u0131 olaylar\u0131n s\u0131radan birer \u015fehir efsanesi olmad\u0131\u011f\u0131n\u0131 k\u0131sa s\u00fcrede anl\u0131yor. Terk edilmi\u015f evlerin karanl\u0131k k\u00f6\u015felerinden gecenin sessizli\u011finde duyulan garip f\u0131s\u0131lt\u0131lara kadar her \u015fey, daha derin bir k\u00e2busun ipu\u00e7lar\u0131n\u0131 ta\u015f\u0131yor. Bu antoloji, Mimi\u2019nin ba\u015f\u0131na gelen esrarengiz olaylar\u0131 ve insan zihninin korku kar\u015f\u0131s\u0131ndaki k\u0131r\u0131lganl\u0131\u011f\u0131n\u0131 ustal\u0131kla i\u015fliyor.<\/p>\n","protected":false},"excerpt":{"rendered":"<p>\u00dcniversiteli bir gen\u00e7 k\u0131z olan Mimi, ya\u015fad\u0131\u011f\u0131 olaylar\u0131n s\u0131radan birer \u015fehir efsanesi olmad\u0131\u011f\u0131n\u0131 k\u0131sa s\u00fcrede anl\u0131yor. Terk edilmi\u015f evlerin karanl\u0131k k\u00f6\u015felerinden gecenin sessizli\u011finde duyulan garip f\u0131s\u0131lt\u0131lara<span class=\"excerpt-hellip\"> [\u2026]<\/span><\/p>\n","protected":false},"featured_media":0,"template":"","meta":{"_monsterinsights_skip_tracking":false,"_monsterinsights_sitenote_active":false,"_monsterinsights_sitenote_note":"","_monsterinsights_sitenote_category":0},"product_brand":[],"product_cat":[12416,12291],"product_tag":[],"class_list":{"0":"post-770213","1":"product","2":"type-product","3":"status-publish","5":"product_cat-cizgi-roman","6":"product_cat-edebiyat","7":"pa_cilt-ciltli","8":"pa_tur-kitap","9":"pa_yayinevi-kayip-kita-yayinlari","10":"pa_yazar-junji-ito","12":"first","13":"instock","14":"sale","15":"shipping-taxable","16":"purchasable","17":"product-type-simple"},"_links":{"self":[{"href":"https:\/\/roveyayinevi.com.tr\/index.php\/wp-json\/wp\/v2\/product\/770213","targetHints":{"allow":["GET"]}}],"collection":[{"href":"https:\/\/roveyayinevi.com.tr\/index.php\/wp-json\/wp\/v2\/product"}],"about":[{"href":"https:\/\/roveyayinevi.com.tr\/index.php\/wp-json\/wp\/v2\/types\/product"}],"wp:attachment":[{"href":"https:\/\/roveyayinevi.com.tr\/index.php\/wp-json\/wp\/v2\/media?parent=770213"}],"wp:term":[{"taxonomy":"product_brand","embeddable":true,"href":"https:\/\/roveyayinevi.com.tr\/index.php\/wp-json\/wp\/v2\/product_brand?post=770213"},{"taxonomy":"product_cat","embeddable":true,"href":"https:\/\/roveyayinevi.com.tr\/index.php\/wp-json\/wp\/v2\/product_cat?post=770213"},{"taxonomy":"product_tag","embeddable":true,"href":"https:\/\/roveyayinevi.com.tr\/index.php\/wp-json\/wp\/v2\/product_tag?post=770213"}],"curies":[{"name":"wp","href":"https:\/\/api.w.org\/{rel}","templated":true}]}}