{"id":770209,"date":"2025-08-28T14:21:44","date_gmt":"2025-08-28T11:21:44","guid":{"rendered":"https:\/\/roveyayinevi.com.tr\/index.php\/urun\/atan-1-sonsuza-kadar-arkadaslik\/"},"modified":"2026-04-15T03:36:35","modified_gmt":"2026-04-15T00:36:35","slug":"atan-1-sonsuza-kadar-arkadaslik","status":"publish","type":"product","link":"https:\/\/roveyayinevi.com.tr\/index.php\/urun\/atan-1-sonsuza-kadar-arkadaslik\/","title":{"rendered":"Atan-1 : Sonsuza Kadar Arkada\u015fl\u0131k"},"content":{"rendered":"<p>\u201cArkada\u015fl\u0131k, kaybolanlar ve g\u00f6l kenar\u0131ndaki gizemli s\u0131r\u2026\u201d Do\u011fayla i\u00e7 i\u00e7e, huzurlu ve ne\u015feli insanlar\u0131yla bilinen sakin bir k\u00f6yde; cesur bir \u00e7ocuk olan Hasbi\u2019nin d\u00fcnyas\u0131, ya\u015f\u0131t\u0131 olan sevimli ikizler Enise ve Emine ile en yak\u0131n dostu, mandas\u0131 Atan\u2019\u0131n etraf\u0131nda d\u00f6nmektedir. Ancak bir ak\u015fam, bu huzurlu d\u00fcnya alt\u00fcst olur. Emine aniden ortadan kaybolur ve bu olay k\u00f6yde sakl\u0131 kalan eski bir s\u0131rr\u0131 g\u00fcn y\u00fcz\u00fcne \u00e7\u0131kar\u0131r. Emine\u2019nin kaybolu\u015funun gizeminden dolay\u0131 kalbindeki \u00fcz\u00fcnt\u00fc daha dinmemi\u015fken Hasbi, ba\u015fka b\u00fcy\u00fck bir darbeyle sars\u0131l\u0131r: Babas\u0131, Atan\u2019\u0131 satmaya karar verir! Onu bu zorlu s\u0131navda neler bekliyor? Hasbi, dostluk ad\u0131na her \u015feyi g\u00f6ze al\u0131p m\u00fccadele edebilecek mi? Kaybolan dostlar, gizemli s\u0131rlar ve ger\u00e7ek arkada\u015fl\u0131\u011f\u0131n s\u0131nand\u0131\u011f\u0131 unutulmaz bir hik\u00e2ye&#8230; Hasbi, en yak\u0131n dostlar\u0131n\u0131 kaybetme korkusuyla m\u00fccadele ederken bu zorlu yolculu\u011funda ona e\u015flik edin! <\/p>\n","protected":false},"excerpt":{"rendered":"<p>\u201cArkada\u015fl\u0131k, kaybolanlar ve g\u00f6l kenar\u0131ndaki gizemli s\u0131r\u2026\u201d Do\u011fayla i\u00e7 i\u00e7e, huzurlu ve ne\u015feli insanlar\u0131yla bilinen sakin bir k\u00f6yde; cesur bir \u00e7ocuk olan Hasbi\u2019nin d\u00fcnyas\u0131, ya\u015f\u0131t\u0131 olan<span class=\"excerpt-hellip\"> [\u2026]<\/span><\/p>\n","protected":false},"featured_media":0,"template":"","meta":{"_monsterinsights_skip_tracking":false,"_monsterinsights_sitenote_active":false,"_monsterinsights_sitenote_note":"","_monsterinsights_sitenote_category":0},"product_brand":[],"product_cat":[12416,12291],"product_tag":[],"class_list":{"0":"post-770209","1":"product","2":"type-product","3":"status-publish","5":"product_cat-cizgi-roman","6":"product_cat-edebiyat","7":"pa_cilt-ciltsiz","8":"pa_tur-kitap","9":"pa_yayinevi-genc-hayat","10":"pa_yazar-ben-wong","12":"first","13":"instock","14":"sale","15":"shipping-taxable","16":"purchasable","17":"product-type-simple"},"_links":{"self":[{"href":"https:\/\/roveyayinevi.com.tr\/index.php\/wp-json\/wp\/v2\/product\/770209","targetHints":{"allow":["GET"]}}],"collection":[{"href":"https:\/\/roveyayinevi.com.tr\/index.php\/wp-json\/wp\/v2\/product"}],"about":[{"href":"https:\/\/roveyayinevi.com.tr\/index.php\/wp-json\/wp\/v2\/types\/product"}],"wp:attachment":[{"href":"https:\/\/roveyayinevi.com.tr\/index.php\/wp-json\/wp\/v2\/media?parent=770209"}],"wp:term":[{"taxonomy":"product_brand","embeddable":true,"href":"https:\/\/roveyayinevi.com.tr\/index.php\/wp-json\/wp\/v2\/product_brand?post=770209"},{"taxonomy":"product_cat","embeddable":true,"href":"https:\/\/roveyayinevi.com.tr\/index.php\/wp-json\/wp\/v2\/product_cat?post=770209"},{"taxonomy":"product_tag","embeddable":true,"href":"https:\/\/roveyayinevi.com.tr\/index.php\/wp-json\/wp\/v2\/product_tag?post=770209"}],"curies":[{"name":"wp","href":"https:\/\/api.w.org\/{rel}","templated":true}]}}