{"id":770188,"date":"2025-08-28T14:21:04","date_gmt":"2025-08-28T11:21:04","guid":{"rendered":"https:\/\/roveyayinevi.com.tr\/index.php\/urun\/paw-patrol-benim-buyuk-boyama-kitabim\/"},"modified":"2026-04-15T03:36:34","modified_gmt":"2026-04-15T00:36:34","slug":"paw-patrol-benim-buyuk-boyama-kitabim","status":"publish","type":"product","link":"https:\/\/roveyayinevi.com.tr\/index.php\/urun\/paw-patrol-benim-buyuk-boyama-kitabim\/","title":{"rendered":"Paw Patrol Benim B\u00fcy\u00fck Boyama Kitab\u0131m"},"content":{"rendered":"<p>En sevdi\u011fin PAW Patrol karakterleriyle boyama sayfalar\u0131n\u0131 renklendir, e\u011flenceli aktiviteler yap ve bulmacalar\u0131 \u00e7\u00f6z! Hem e\u011flen hem de yarat\u0131c\u0131l\u0131\u011f\u0131n\u0131 g\u00f6ster! Hadi, kalemlerini kap ve Paw Patrol maceralar\u0131na ad\u0131m at!  <\/p>\n","protected":false},"excerpt":{"rendered":"<p>En sevdi\u011fin PAW Patrol karakterleriyle boyama sayfalar\u0131n\u0131 renklendir, e\u011flenceli aktiviteler yap ve bulmacalar\u0131 \u00e7\u00f6z! Hem e\u011flen hem de yarat\u0131c\u0131l\u0131\u011f\u0131n\u0131 g\u00f6ster! Hadi, kalemlerini kap ve Paw Patrol<span class=\"excerpt-hellip\"> [\u2026]<\/span><\/p>\n","protected":false},"featured_media":0,"template":"","meta":{"_monsterinsights_skip_tracking":false,"_monsterinsights_sitenote_active":false,"_monsterinsights_sitenote_note":"","_monsterinsights_sitenote_category":0},"product_brand":[],"product_cat":[12644,12274],"product_tag":[],"class_list":{"0":"post-770188","1":"product","2":"type-product","3":"status-publish","5":"product_cat-boyama-kitaplari","6":"product_cat-cocuk-ve-genclik-kitaplari","7":"pa_cilt-ciltsiz","8":"pa_tur-kitap","9":"pa_yayinevi-beta-kids","10":"pa_yazar-kolektif","12":"first","13":"instock","14":"sale","15":"shipping-taxable","16":"purchasable","17":"product-type-simple"},"_links":{"self":[{"href":"https:\/\/roveyayinevi.com.tr\/index.php\/wp-json\/wp\/v2\/product\/770188","targetHints":{"allow":["GET"]}}],"collection":[{"href":"https:\/\/roveyayinevi.com.tr\/index.php\/wp-json\/wp\/v2\/product"}],"about":[{"href":"https:\/\/roveyayinevi.com.tr\/index.php\/wp-json\/wp\/v2\/types\/product"}],"wp:attachment":[{"href":"https:\/\/roveyayinevi.com.tr\/index.php\/wp-json\/wp\/v2\/media?parent=770188"}],"wp:term":[{"taxonomy":"product_brand","embeddable":true,"href":"https:\/\/roveyayinevi.com.tr\/index.php\/wp-json\/wp\/v2\/product_brand?post=770188"},{"taxonomy":"product_cat","embeddable":true,"href":"https:\/\/roveyayinevi.com.tr\/index.php\/wp-json\/wp\/v2\/product_cat?post=770188"},{"taxonomy":"product_tag","embeddable":true,"href":"https:\/\/roveyayinevi.com.tr\/index.php\/wp-json\/wp\/v2\/product_tag?post=770188"}],"curies":[{"name":"wp","href":"https:\/\/api.w.org\/{rel}","templated":true}]}}