{"id":770168,"date":"2025-08-28T14:20:21","date_gmt":"2025-08-28T11:20:21","guid":{"rendered":"https:\/\/roveyayinevi.com.tr\/index.php\/urun\/konstantiniyye-seyahati\/"},"modified":"2026-04-15T03:36:34","modified_gmt":"2026-04-15T00:36:34","slug":"konstantiniyye-seyahati","status":"publish","type":"product","link":"https:\/\/roveyayinevi.com.tr\/index.php\/urun\/konstantiniyye-seyahati\/","title":{"rendered":"Konstantiniyye Seyahati"},"content":{"rendered":"<p>1851\u2019de Moby Dick\u2019i yay\u0131mlad\u0131ktan sonra Herman Melville hem okurlar\u0131n\u0131 hayal k\u0131r\u0131kl\u0131\u011f\u0131na u\u011fratan kimi yeni eserleri dolay\u0131s\u0131yla \u201cba\u015far\u0131s\u0131z yazar\u201d olarak adland\u0131r\u0131lmaya ba\u015flanm\u0131\u015f, hem de i\u00e7inden \u00e7\u0131k\u0131lmaz bir buhran d\u00f6nemine girmi\u015ftir. Bir s\u00fcre sonra e\u015fi Lizzie Shaw Melville\u2019in yard\u0131m\u0131yla Akdeniz ve Avrupa\u2019y\u0131 i\u00e7eren bir \u201cb\u00fcy\u00fck tur\u201da \u00e7\u0131kar. 11 Ekim 1856 tarihinde \u00f6nce Liverpool\u2019a var\u0131r, oradan Akdeniz ve \u201cKutsal Topraklar\u201d\u0131 kapsayan bir seyahat ger\u00e7ekle\u015ftirir. 20 May\u0131s 1857\u2019de sona eren alt\u0131 ayl\u0131k bir seyahattir bu. Ba\u015fta epik \u015fiiri Clarel olmak \u00fczere kimi \u015fiirlerine ilham veren \u201cKutsal Topraklar\u201d\u0131 ziyaretinden \u00f6nce yakla\u015f\u0131k bir ay Konstantiniyye\u2019yi (\u0130stanbul) gezer. 19. y\u00fczy\u0131l\u0131n ikinci yar\u0131s\u0131nda ya\u015fanacak bir\u00e7ok b\u00fcy\u00fck toplumsal hadiseden \u00f6nce ba\u015fkentin zengin kozmopolit kimli\u011fine, \u201ckendi halinde\u201d ya\u015fay\u0131\u015f\u0131na ve do\u011fas\u0131na hayran kalan Melville, g\u00fcnl\u00fc\u011f\u00fcne birbirinden \u00f6nemli g\u00f6zlemlerini not eder. Elinizdeki Konstantiniyye Seyahati ba\u015fl\u0131kl\u0131 bu kitap, seyahatin 19 Kas\u0131m 1856-22 Aral\u0131k 1856 tarihleri aras\u0131ndaki k\u0131sm\u0131ndan olu\u015fuyor. \u00dcstelik Melville\u2019in tan\u0131k oldu\u011fu \u0130stanbul\u2019a dair d\u00f6nem g\u00f6rselleri e\u015fli\u011finde.   \u201cSedir ve servi ba\u015fkentin yeg\u00e2ne a\u011fa\u00e7lar\u0131. \u2014 Servi adeta ye\u015fil bir minare ve ta\u015f minarelerle uyum i\u00e7inde. Belki de minarenin \u015fekli serviden al\u0131nm\u0131\u015ft\u0131r. Ya\u015fam ve \u00f6l\u00fcm\u00fcn i\u00e7 i\u00e7eli\u011fini ifade ediyor koyu renk a\u011fa\u00e7larla a\u00e7\u0131k renk minare k\u00fclahlar\u0131n\u0131n birbirine kar\u0131\u015fmas\u0131. \u2014 Bo\u011faz\u2019\u0131n dini bayramdaki g\u00f6r\u00fcn\u00fc\u015f\u00fc. \u2014Papatyalar\u0131n u\u00e7lar\u0131nda seher k\u0131z\u0131ll\u0131\u011f\u0131, \u00e7\u0131kt\u0131klar\u0131 topra\u011f\u0131n kendisi k\u0131rm\u0131z\u0131. \u2014 K\u00f6\u015fkler, \u00e7e\u015fmeler. D\u0131\u015far\u0131da b\u00f6ylesine telk\u00e2ri, b\u00f6ylesine nefis ve masal\u0131ms\u0131 yap\u0131lar g\u00f6r\u00fcnce insan \u015fa\u015f\u0131r\u0131yor.\u201d   <\/p>\n","protected":false},"excerpt":{"rendered":"<p>1851\u2019de Moby Dick\u2019i yay\u0131mlad\u0131ktan sonra Herman Melville hem okurlar\u0131n\u0131 hayal k\u0131r\u0131kl\u0131\u011f\u0131na u\u011fratan kimi yeni eserleri dolay\u0131s\u0131yla \u201cba\u015far\u0131s\u0131z yazar\u201d olarak adland\u0131r\u0131lmaya ba\u015flanm\u0131\u015f, hem de i\u00e7inden \u00e7\u0131k\u0131lmaz bir<span class=\"excerpt-hellip\"> [\u2026]<\/span><\/p>\n","protected":false},"featured_media":0,"template":"","meta":{"_monsterinsights_skip_tracking":false,"_monsterinsights_sitenote_active":false,"_monsterinsights_sitenote_note":"","_monsterinsights_sitenote_category":0},"product_brand":[],"product_cat":[12291,12711],"product_tag":[],"class_list":{"0":"post-770168","1":"product","2":"type-product","3":"status-publish","5":"product_cat-edebiyat","6":"product_cat-roman-oyku","7":"pa_cilt-ciltsiz","8":"pa_tur-kitap","9":"pa_yayinevi-kirmizi-kedi-yayinevi","10":"pa_yazar-herman-melville","12":"first","13":"instock","14":"sale","15":"shipping-taxable","16":"purchasable","17":"product-type-simple"},"_links":{"self":[{"href":"https:\/\/roveyayinevi.com.tr\/index.php\/wp-json\/wp\/v2\/product\/770168","targetHints":{"allow":["GET"]}}],"collection":[{"href":"https:\/\/roveyayinevi.com.tr\/index.php\/wp-json\/wp\/v2\/product"}],"about":[{"href":"https:\/\/roveyayinevi.com.tr\/index.php\/wp-json\/wp\/v2\/types\/product"}],"wp:attachment":[{"href":"https:\/\/roveyayinevi.com.tr\/index.php\/wp-json\/wp\/v2\/media?parent=770168"}],"wp:term":[{"taxonomy":"product_brand","embeddable":true,"href":"https:\/\/roveyayinevi.com.tr\/index.php\/wp-json\/wp\/v2\/product_brand?post=770168"},{"taxonomy":"product_cat","embeddable":true,"href":"https:\/\/roveyayinevi.com.tr\/index.php\/wp-json\/wp\/v2\/product_cat?post=770168"},{"taxonomy":"product_tag","embeddable":true,"href":"https:\/\/roveyayinevi.com.tr\/index.php\/wp-json\/wp\/v2\/product_tag?post=770168"}],"curies":[{"name":"wp","href":"https:\/\/api.w.org\/{rel}","templated":true}]}}