{"id":770158,"date":"2025-08-28T14:20:05","date_gmt":"2025-08-28T11:20:05","guid":{"rendered":"https:\/\/roveyayinevi.com.tr\/index.php\/urun\/baglam-temelinde-karsilastirmali-turk-ve-kirgiz-atasozleri\/"},"modified":"2026-04-15T03:36:33","modified_gmt":"2026-04-15T00:36:33","slug":"baglam-temelinde-karsilastirmali-turk-ve-kirgiz-atasozleri","status":"publish","type":"product","link":"https:\/\/roveyayinevi.com.tr\/index.php\/urun\/baglam-temelinde-karsilastirmali-turk-ve-kirgiz-atasozleri\/","title":{"rendered":"Ba\u011flam Temelinde Kar\u015f\u0131la\u015ft\u0131rmal\u0131 T\u00fcrk Ve K\u0131rg\u0131z Atas\u00f6zleri"},"content":{"rendered":"<p>T\u00fcrk dili, tarihin en eski ve bilinmeyen zamanlar\u0131ndan beri k\u00f6k\u00fc, \u201ctam\u0131r\u201d\u0131 bir T\u00fcrk boylar\u0131n\u0131n ve halklar\u0131n\u0131n s\u00f6z\u00fcnde, yaz\u0131s\u0131nda farkl\u0131 co\u011frafyalarda ak\u0131p gelen bir \u0131rmak gibi \u00e7a\u011flayarak, s\u00fcz\u00fclerek bize kadar ula\u015ft\u0131. Bu dilin en g\u00fczel belagat ve fesahat \u00f6rneklerini ya\u015fad\u0131\u011f\u0131 tecr\u00fcbelerle birle\u015ftirip atas\u00f6z\u00fc, makal-lakap, naq\u0131l-maqal gibi farkl\u0131 adland\u0131rmalarla zengin k\u00fclt\u00fcr\u00fcm\u00fcz\u00fcn bir par\u00e7as\u0131 h\u00e2line getiren atalar\u0131m\u0131z, bunlar\u0131 ak\u0131l ve g\u00f6n\u00fcl sofram\u0131zda bize ikram ettiler. \u0130kram\u0131 reddetmek olur mu? Gelin, tarihin bilinen en eski T\u00fcrk boylar\u0131ndan olan K\u0131rg\u0131z karde\u015flerimizin, Konok koydon coo\u015f, may berse cey beret (Koyundan uysal konuk, ya\u011f verilse yer) atas\u00f6z\u00fcndeki gibi atas\u00f6z\u00fc sofras\u0131na, ziyafete konuk olal\u0131m, T\u00fcrk ve K\u0131rg\u0131z toplumlar\u0131n\u0131n ayn\u0131 ba\u011flamlarda s\u00f6ylenmi\u015f iki binin \u00fczerindeki atas\u00f6z\u00fcn\u00fc i\u00e7inde bar\u0131nd\u0131ran elinizdeki eser, iki toplumun ayn\u0131 ya da benzer olaylar, durumlar, duygular\u2026 kar\u015f\u0131s\u0131nda neyi nas\u0131l s\u00f6yledi\u011fini kar\u015f\u0131la\u015ft\u0131rmal\u0131 ve a\u00e7\u0131klamal\u0131 olarak sizlere sunmaktad\u0131r. A\u015fk, kad\u0131n, erkek, o\u011ful, k\u0131z, akraba, dost, dostluk, d\u00fc\u015fmanl\u0131k, \u00f6fke, ilim, cehalet, korku, cesaret, sayg\u0131, adalet, zul\u00fcm, g\u00fczellik, \u00e7irkinlik, ahlak, asalet, yalan, ger\u00e7ek, konuk, ars\u0131zl\u0131k, a\u00e7, tok, fakir zengin, insanl\u0131k, birlik, ayr\u0131l\u0131k, dil, s\u00f6z gibi y\u00fczlerce ba\u011flamda iki T\u00fcrk toplumu neler s\u00f6ylemi\u015f, nas\u0131l s\u00f6ylemi\u015f g\u00f6rmek isterseniz hikmetli s\u00f6zler bah\u00e7esine buyurun. Ne demi\u015f T\u00fcrk ve K\u0131rg\u0131z atalar\u0131m\u0131z: \u00c7a\u011fr\u0131lan yerden kalma\u2026 \/ \u00c7ak\u0131rgandan kalba\u2026 <\/p>\n","protected":false},"excerpt":{"rendered":"<p>T\u00fcrk dili, tarihin en eski ve bilinmeyen zamanlar\u0131ndan beri k\u00f6k\u00fc, \u201ctam\u0131r\u201d\u0131 bir T\u00fcrk boylar\u0131n\u0131n ve halklar\u0131n\u0131n s\u00f6z\u00fcnde, yaz\u0131s\u0131nda farkl\u0131 co\u011frafyalarda ak\u0131p gelen bir \u0131rmak gibi \u00e7a\u011flayarak,<span class=\"excerpt-hellip\"> [\u2026]<\/span><\/p>\n","protected":false},"featured_media":0,"template":"","meta":{"_monsterinsights_skip_tracking":false,"_monsterinsights_sitenote_active":false,"_monsterinsights_sitenote_note":"","_monsterinsights_sitenote_category":0},"product_brand":[],"product_cat":[12370,12304],"product_tag":[],"class_list":{"0":"post-770158","1":"product","2":"type-product","3":"status-publish","5":"product_cat-arastirma-inceleme","6":"product_cat-tarih","7":"pa_cilt-ciltsiz","8":"pa_tur-kitap","9":"pa_yayinevi-soncag-akademik-kitaplar","10":"pa_yazar-kolektif","12":"first","13":"instock","14":"sale","15":"shipping-taxable","16":"purchasable","17":"product-type-simple"},"_links":{"self":[{"href":"https:\/\/roveyayinevi.com.tr\/index.php\/wp-json\/wp\/v2\/product\/770158","targetHints":{"allow":["GET"]}}],"collection":[{"href":"https:\/\/roveyayinevi.com.tr\/index.php\/wp-json\/wp\/v2\/product"}],"about":[{"href":"https:\/\/roveyayinevi.com.tr\/index.php\/wp-json\/wp\/v2\/types\/product"}],"wp:attachment":[{"href":"https:\/\/roveyayinevi.com.tr\/index.php\/wp-json\/wp\/v2\/media?parent=770158"}],"wp:term":[{"taxonomy":"product_brand","embeddable":true,"href":"https:\/\/roveyayinevi.com.tr\/index.php\/wp-json\/wp\/v2\/product_brand?post=770158"},{"taxonomy":"product_cat","embeddable":true,"href":"https:\/\/roveyayinevi.com.tr\/index.php\/wp-json\/wp\/v2\/product_cat?post=770158"},{"taxonomy":"product_tag","embeddable":true,"href":"https:\/\/roveyayinevi.com.tr\/index.php\/wp-json\/wp\/v2\/product_tag?post=770158"}],"curies":[{"name":"wp","href":"https:\/\/api.w.org\/{rel}","templated":true}]}}