{"id":770157,"date":"2025-08-28T14:20:04","date_gmt":"2025-08-28T11:20:04","guid":{"rendered":"https:\/\/roveyayinevi.com.tr\/index.php\/urun\/hayvan-sebze-abur-cubur\/"},"modified":"2026-04-15T03:36:33","modified_gmt":"2026-04-15T00:36:33","slug":"hayvan-sebze-abur-cubur","status":"publish","type":"product","link":"https:\/\/roveyayinevi.com.tr\/index.php\/urun\/hayvan-sebze-abur-cubur\/","title":{"rendered":"Hayvan Sebze Abur Cubur"},"content":{"rendered":"<p>Ne yedi\u011finizi ger\u00e7ekten biliyor musunuz? Yoksa sadece size sunulan\u0131 m\u0131 t\u00fcketiyorsunuz?   G\u0131da, yaln\u0131zca beslenme meselesi de\u011fildir. Ne yedi\u011fimiz, gezegenimizi, sa\u011fl\u0131\u011f\u0131m\u0131z\u0131, ekonomimizi ve hatta gelece\u011fimizi \u015fekillendirir. Peki, sofram\u0131za gelen yiyecekler nas\u0131l se\u00e7iliyor? G\u0131da end\u00fcstrisi bizi ger\u00e7ekten besliyor mu, yoksa hasta m\u0131 ediyor?  D\u00fcnyaca \u00fcnl\u00fc yazar ve gazeteci Mark Bittman, bu kitapta modern g\u0131da sisteminin perde arkas\u0131n\u0131 aral\u0131yor. \u0130lk insanlar\u0131n beslenme d\u00fczeninden g\u00fcn\u00fcm\u00fcz end\u00fcstriyel g\u0131dalar\u0131na uzanan bu yolculuk, yiyeceklerin nas\u0131l bir g\u00fc\u00e7 arac\u0131 haline geldi\u011fini ve b\u00fcy\u00fck tar\u0131m \u015firketlerinin d\u00fcnya \u00fczerindeki etkisini g\u00f6zler \u00f6n\u00fcne seriyor.  Hayvan, Sebze ve Abur Cubur, yaln\u0131zca g\u0131da tarihini anlatmakla kalm\u0131yor, ayn\u0131 zamanda daha sa\u011fl\u0131kl\u0131,adil ve s\u00fcrd\u00fcr\u00fclebilir bir beslenme d\u00fczeni i\u00e7in ger\u00e7ek\u00e7i \u00e7\u00f6z\u00fcmler sunuyor.  Sofran\u0131zdaki ger\u00e7ekleri \u00f6\u011frenmeye haz\u0131r m\u0131s\u0131n\u0131z? <\/p>\n","protected":false},"excerpt":{"rendered":"<p>Ne yedi\u011finizi ger\u00e7ekten biliyor musunuz? Yoksa sadece size sunulan\u0131 m\u0131 t\u00fcketiyorsunuz? G\u0131da, yaln\u0131zca beslenme meselesi de\u011fildir. Ne yedi\u011fimiz, gezegenimizi, sa\u011fl\u0131\u011f\u0131m\u0131z\u0131, ekonomimizi ve hatta gelece\u011fimizi \u015fekillendirir. Peki,<span class=\"excerpt-hellip\"> [\u2026]<\/span><\/p>\n","protected":false},"featured_media":0,"template":"","meta":{"_monsterinsights_skip_tracking":false,"_monsterinsights_sitenote_active":false,"_monsterinsights_sitenote_note":"","_monsterinsights_sitenote_category":0},"product_brand":[],"product_cat":[13366,13365],"product_tag":[],"class_list":{"0":"post-770157","1":"product","2":"type-product","3":"status-publish","5":"product_cat-diger-saglik","6":"product_cat-saglik","7":"pa_cilt-ciltsiz","8":"pa_tur-kitap","9":"pa_yayinevi-beyaz-baykus-yayinlari","10":"pa_yazar-mark-bittman","12":"first","13":"instock","14":"sale","15":"shipping-taxable","16":"purchasable","17":"product-type-simple"},"_links":{"self":[{"href":"https:\/\/roveyayinevi.com.tr\/index.php\/wp-json\/wp\/v2\/product\/770157","targetHints":{"allow":["GET"]}}],"collection":[{"href":"https:\/\/roveyayinevi.com.tr\/index.php\/wp-json\/wp\/v2\/product"}],"about":[{"href":"https:\/\/roveyayinevi.com.tr\/index.php\/wp-json\/wp\/v2\/types\/product"}],"wp:attachment":[{"href":"https:\/\/roveyayinevi.com.tr\/index.php\/wp-json\/wp\/v2\/media?parent=770157"}],"wp:term":[{"taxonomy":"product_brand","embeddable":true,"href":"https:\/\/roveyayinevi.com.tr\/index.php\/wp-json\/wp\/v2\/product_brand?post=770157"},{"taxonomy":"product_cat","embeddable":true,"href":"https:\/\/roveyayinevi.com.tr\/index.php\/wp-json\/wp\/v2\/product_cat?post=770157"},{"taxonomy":"product_tag","embeddable":true,"href":"https:\/\/roveyayinevi.com.tr\/index.php\/wp-json\/wp\/v2\/product_tag?post=770157"}],"curies":[{"name":"wp","href":"https:\/\/api.w.org\/{rel}","templated":true}]}}