{"id":770154,"date":"2025-08-28T14:19:58","date_gmt":"2025-08-28T11:19:58","guid":{"rendered":"https:\/\/roveyayinevi.com.tr\/index.php\/urun\/kaderin-kadinlari\/"},"modified":"2025-10-05T23:48:33","modified_gmt":"2025-10-05T20:48:33","slug":"kaderin-kadinlari","status":"publish","type":"product","link":"https:\/\/roveyayinevi.com.tr\/index.php\/urun\/kaderin-kadinlari\/","title":{"rendered":"Kaderin Kad\u0131nlar\u0131"},"content":{"rendered":"<p>\u201c\u2026Do\u011fdu\u011funda; anne ve babas\u0131n\u0131n ya\u015fland\u0131\u011f\u0131nda sa\u011fl\u0131k sigortas\u0131 gibi g\u00f6r\u00fclen k\u0131z evlat,    Evlendi\u011finde; evi y\u00f6neten ev kad\u0131n\u0131,    Do\u011furdu\u011funda; \u00e7ocuklar\u0131n\u0131 iyi yeti\u015ftirmeye \u00e7al\u0131\u015fan fedak\u00e2r anne,    \u00c7al\u0131\u015f\u0131yorsa; ba\u015farmak i\u00e7in ko\u015fturan i\u015f kad\u0131n\u0131\u2026    Ne \u00e7ok y\u00fcklenilmi\u015f g\u00f6rev, verilmi\u015f kimlik var!    Ancak t\u00fcm bu becerilere sahip olmas\u0131na ra\u011fmen kad\u0131n de\u011ferli de\u011fil.    Kad\u0131n mutsuz! Kad\u0131n edilgen, kad\u0131n\u0131n nefesi kesilmi\u015f, kad\u0131n\u0131n ya\u015fam hakk\u0131 elinden al\u0131nm\u0131\u015f, i\u015f ve kariyer yolculu\u011funda, toplumsal hayatta, bir var olu\u015f m\u00fccadelesi veriyor!..\u201d                                                                                                            N\u00fcket Can Kantarc\u0131    \u0130yi Okumalar diliyoruz. <\/p>\n","protected":false},"excerpt":{"rendered":"<p>\u201c\u2026Do\u011fdu\u011funda; anne ve babas\u0131n\u0131n ya\u015fland\u0131\u011f\u0131nda sa\u011fl\u0131k sigortas\u0131 gibi g\u00f6r\u00fclen k\u0131z evlat, Evlendi\u011finde; evi y\u00f6neten ev kad\u0131n\u0131, Do\u011furdu\u011funda; \u00e7ocuklar\u0131n\u0131 iyi yeti\u015ftirmeye \u00e7al\u0131\u015fan fedak\u00e2r anne, \u00c7al\u0131\u015f\u0131yorsa; ba\u015farmak i\u00e7in<span class=\"excerpt-hellip\"> [\u2026]<\/span><\/p>\n","protected":false},"featured_media":0,"template":"","meta":{"_monsterinsights_skip_tracking":false,"_monsterinsights_sitenote_active":false,"_monsterinsights_sitenote_note":"","_monsterinsights_sitenote_category":0},"product_brand":[],"product_cat":[12291,12711],"product_tag":[],"class_list":{"0":"post-770154","1":"product","2":"type-product","3":"status-publish","5":"product_cat-edebiyat","6":"product_cat-roman-oyku","7":"pa_cilt-ciltsiz","8":"pa_tur-kitap","9":"pa_yayinevi-galeati-yayincilik","10":"pa_yazar-nuket-can-kantarci","12":"first","13":"instock","14":"sale","15":"shipping-taxable","16":"purchasable","17":"product-type-simple"},"_links":{"self":[{"href":"https:\/\/roveyayinevi.com.tr\/index.php\/wp-json\/wp\/v2\/product\/770154","targetHints":{"allow":["GET"]}}],"collection":[{"href":"https:\/\/roveyayinevi.com.tr\/index.php\/wp-json\/wp\/v2\/product"}],"about":[{"href":"https:\/\/roveyayinevi.com.tr\/index.php\/wp-json\/wp\/v2\/types\/product"}],"wp:attachment":[{"href":"https:\/\/roveyayinevi.com.tr\/index.php\/wp-json\/wp\/v2\/media?parent=770154"}],"wp:term":[{"taxonomy":"product_brand","embeddable":true,"href":"https:\/\/roveyayinevi.com.tr\/index.php\/wp-json\/wp\/v2\/product_brand?post=770154"},{"taxonomy":"product_cat","embeddable":true,"href":"https:\/\/roveyayinevi.com.tr\/index.php\/wp-json\/wp\/v2\/product_cat?post=770154"},{"taxonomy":"product_tag","embeddable":true,"href":"https:\/\/roveyayinevi.com.tr\/index.php\/wp-json\/wp\/v2\/product_tag?post=770154"}],"curies":[{"name":"wp","href":"https:\/\/api.w.org\/{rel}","templated":true}]}}