{"id":770142,"date":"2025-08-28T14:19:32","date_gmt":"2025-08-28T11:19:32","guid":{"rendered":"https:\/\/roveyayinevi.com.tr\/index.php\/urun\/uzagi-yakin-kilan\/"},"modified":"2026-04-15T03:36:33","modified_gmt":"2026-04-15T00:36:33","slug":"uzagi-yakin-kilan","status":"publish","type":"product","link":"https:\/\/roveyayinevi.com.tr\/index.php\/urun\/uzagi-yakin-kilan\/","title":{"rendered":"Uza\u011f\u0131 Yak\u0131n K\u0131lan"},"content":{"rendered":"<p>1960&#8217;li y\u0131llarda edebiyat d\u00fcnyas\u0131na giren Anar \u00e7a\u011fda\u015f Azerbaycan edebiyat\u0131n\u0131n, \u00f6zellikle modern hik\u00e2yenin en b\u00fcy\u00fck ustas\u0131d\u0131r. Anar d\u00fcnya klasiklerinde g\u00f6rd\u00fc\u011f\u00fcm\u00fcz gibi m\u00fckemmel tekni\u011fe ve detaylara \u00f6zel bir yer veren bir \u00fcsluba sahiptir. G\u00fcn\u00fcm\u00fczde Anar Azerbaycan ve T\u00fcrk d\u00fcnyas\u0131 i\u00e7in \u00f6zeldir. Onsuz T\u00fcrk d\u00fcnyas\u0131n\u0131n entelekt\u00fcel sisteminde eksiklik olur. Azerbaycan&#8217;\u0131n bu zorlu ge\u00e7i\u015f d\u00f6neminde Anar&#8217;a b\u00fcy\u00fck ihtiya\u00e7 vard\u0131r. Onun &#8220;bana de\u011fil, millete gerek&#8221; meyar\u0131 Azerbaycan&#8217;\u0131n birlik ve beraberli\u011fi i\u00e7in en \u00f6nemli d\u00fcsturdur. T\u00fcrk d\u00fcnyas\u0131nda ona b\u00fcy\u00fck bir g\u00fcven vard\u0131r ve gelecekte de T\u00fcrk d\u00fcnyas\u0131 ayd\u0131nl\u0131\u011f\u0131n\u0131n zirvesinde mutlaka Anar olacakt\u0131r. Anar \u00e7ok y\u00f6nl\u00fc bir yazar olarak dikkati \u00e7ekiyor. Geni\u015f bilgileri ve derin k\u00fclt\u00fcr\u00fc onun insan sorunu \u00fczerinde \u00e7al\u0131\u015fmas\u0131n\u0131 sa\u011flam\u0131\u015ft\u0131. Anar konular\u0131n\u0131 ve kahramanlar\u0131n\u0131 \u00e7a\u011fda\u015f Azerbaycan hayat\u0131ndan almas\u0131na ra\u011fmen, bu s\u0131n\u0131rlar i\u00e7erisinde kalmam\u0131\u015f, milliden be\u015fer\u00ee olana kadar y\u00fcksele bilmi\u015f, hem \u00e7a\u011fda\u015f Azerbaycan insan\u0131n\u0131, hem de zaman\u0131m\u0131z\u0131 anlatmay\u0131, canland\u0131rmay\u0131 \u00e7ok y\u00f6nl\u00fc bir \u015fekilde ifade etmeyi ba\u015farm\u0131\u015ft\u0131r. <\/p>\n","protected":false},"excerpt":{"rendered":"<p>1960&#8217;li y\u0131llarda edebiyat d\u00fcnyas\u0131na giren Anar \u00e7a\u011fda\u015f Azerbaycan edebiyat\u0131n\u0131n, \u00f6zellikle modern hik\u00e2yenin en b\u00fcy\u00fck ustas\u0131d\u0131r. Anar d\u00fcnya klasiklerinde g\u00f6rd\u00fc\u011f\u00fcm\u00fcz gibi m\u00fckemmel tekni\u011fe ve detaylara \u00f6zel bir<span class=\"excerpt-hellip\"> [\u2026]<\/span><\/p>\n","protected":false},"featured_media":0,"template":"","meta":{"_monsterinsights_skip_tracking":false,"_monsterinsights_sitenote_active":false,"_monsterinsights_sitenote_note":"","_monsterinsights_sitenote_category":0},"product_brand":[],"product_cat":[13072,12291],"product_tag":[],"class_list":{"0":"post-770142","1":"product","2":"type-product","3":"status-publish","5":"product_cat-arastirma-inceleme-referans","6":"product_cat-edebiyat","7":"pa_cilt-ciltsiz","8":"pa_tur-kitap","9":"pa_yayinevi-kamutay-yayinlari","10":"pa_yazar-anar","12":"first","13":"instock","14":"sale","15":"shipping-taxable","16":"purchasable","17":"product-type-simple"},"_links":{"self":[{"href":"https:\/\/roveyayinevi.com.tr\/index.php\/wp-json\/wp\/v2\/product\/770142","targetHints":{"allow":["GET"]}}],"collection":[{"href":"https:\/\/roveyayinevi.com.tr\/index.php\/wp-json\/wp\/v2\/product"}],"about":[{"href":"https:\/\/roveyayinevi.com.tr\/index.php\/wp-json\/wp\/v2\/types\/product"}],"wp:attachment":[{"href":"https:\/\/roveyayinevi.com.tr\/index.php\/wp-json\/wp\/v2\/media?parent=770142"}],"wp:term":[{"taxonomy":"product_brand","embeddable":true,"href":"https:\/\/roveyayinevi.com.tr\/index.php\/wp-json\/wp\/v2\/product_brand?post=770142"},{"taxonomy":"product_cat","embeddable":true,"href":"https:\/\/roveyayinevi.com.tr\/index.php\/wp-json\/wp\/v2\/product_cat?post=770142"},{"taxonomy":"product_tag","embeddable":true,"href":"https:\/\/roveyayinevi.com.tr\/index.php\/wp-json\/wp\/v2\/product_tag?post=770142"}],"curies":[{"name":"wp","href":"https:\/\/api.w.org\/{rel}","templated":true}]}}