{"id":770135,"date":"2025-08-28T14:19:18","date_gmt":"2025-08-28T11:19:18","guid":{"rendered":"https:\/\/roveyayinevi.com.tr\/index.php\/urun\/ekrani-kapat-hayatini-ac\/"},"modified":"2026-04-03T03:27:13","modified_gmt":"2026-04-03T00:27:13","slug":"ekrani-kapat-hayatini-ac","status":"publish","type":"product","link":"https:\/\/roveyayinevi.com.tr\/index.php\/urun\/ekrani-kapat-hayatini-ac\/","title":{"rendered":"Ekran\u0131 Kapat, Hayat\u0131n\u0131 A\u00e7 !"},"content":{"rendered":"<p>Bu sat\u0131rlar\u0131 okurken akl\u0131n\u0131z bir yandan da telefonunuza gelen bildirimlerde mi? Ekranlardan uzakla\u015ft\u0131k\u00e7a s\u00fcrekli bir \u015feyleri ka\u00e7\u0131rd\u0131\u011f\u0131n\u0131z hissine mi kap\u0131l\u0131yorsunuz? G\u00fczel bir manzaran\u0131n kar\u015f\u0131s\u0131nda otursan\u0131z da,\u00e7ok sevdi\u011finiz biriyle bulu\u015fsan\u0131z da telefonunuz hep elinizde mi? Peki ya ger\u00e7ek hayat\u0131n\u0131z? Saatlerinizi ekran ba\u015f\u0131nda t\u00fcketirken, ili\u015fkileriniz sanalla\u015f\u0131rken ve algoritmalar sizi ad\u0131m ad\u0131m kontrol ederken&#8230; Dijital bir k\u00f6le oldu\u011funuzun fark\u0131nda m\u0131s\u0131n\u0131z? Sosyal medyada \u00f6zenle filtrelenmi\u015f hayatlar\u2026 Be\u011feniler, yorumlar ve takip\u00e7i say\u0131lar\u0131\u2026 Susmayan bildirimler\u2026 Mutlaka ka\u00e7\u0131r\u0131lmamas\u0131 gereken indirim g\u00fcnleri\u2026 Akl\u0131n\u0131zda kalan \u201cSon bir \u00fcr\u00fcn!\u201d uyar\u0131lar\u0131\u2026 Peki ya art\u0131k neye ihtiyac\u0131n\u0131z olup olmad\u0131\u011f\u0131n\u0131n karar\u0131n\u0131 bir ba\u015fkas\u0131 veriyorsa? Ba\u011flant\u0131l\u0131y\u0131z ama ba\u011flar\u0131m\u0131z yok. Bilgiliyiz ama bilgeler de\u011filiz. Aktifiz ama asla \u201canda\u201d de\u011filiz. Sanal du\u0308nyan\u0131n ba\u015ftan \u00e7\u0131kar\u0131c\u0131 cazibesi bizi ger\u00e7ek hayattan kopar\u0131yor. Ekran\u0131 Kapat, Hayat\u0131n\u0131 A\u00e7!; dijital du\u0308nyan\u0131n ger\u00e7eklerine \u0131\u015f\u0131k tutarak i\u00e7ine du\u0308\u015ftu\u0308\u011fu\u0308mu\u0308z yan\u0131lsamadan nas\u0131l kurtulabilece\u011fimizi, teknolojinin gu\u0308cu\u0308nu\u0308 insanl\u0131\u011f\u0131n ve du\u0308nyan\u0131n yarar\u0131na nas\u0131l kullanabilece\u011fimizi ve \u00f6zu\u0308mu\u0308zu\u0308 nas\u0131l geri kazanabilece\u011fimizi anlat\u0131yor. Ger\u00e7ek mutlulu\u011fu ve anlam\u0131 nerede aramam\u0131z gerekti\u011fini, insan olman\u0131n de\u011ferini ve ger\u00e7ek ili\u015fkilerin \u00f6nemini yeniden ke\u015ffetmemize yard\u0131mc\u0131 olmay\u0131 ama\u00e7l\u0131yor.   \u274c Sosyal medyada kayboldu\u011funu hissedenlere \u274c Yaln\u0131zl\u0131\u011f\u0131n\u0131 \u201clike\u201dlarla, mutsuzlu\u011funu filtrelerle bast\u0131rmaya \u00e7al\u0131\u015fanlara \u274c Gece yar\u0131s\u0131 ekran \u0131\u015f\u0131\u011f\u0131 alt\u0131nda uyuyakalanlara \u274c Ve t\u00fcm bunlar\u0131n fark\u0131nda olup k\u00f6kl\u00fc bir ya\u015fam de\u011fi\u015fikli\u011fine gitmek isteyenlere   Yapay zek\u00e2, pazarlama ve b\u00fcy\u00fcme alanlar\u0131nda \u00e7al\u0131\u015fmalar\u0131n\u0131 s\u00fcrd\u00fcren Y\u00fcce Zerey\u2019in kaleminden Ekran\u0131 Kapat, Hayat\u0131n\u0131 A\u00e7!; dijital esaretten kurtulup \u00f6zu\u0308mu\u0308ze, de\u011ferlerimize ve ger\u00e7ekli\u011fe d\u00f6nu\u0308\u015f i\u00e7in bir yol haritas\u0131&#8230;   Gelecek sen de\u011filsin ey ruhsuz algoritma!Gelecek, biziz: Du\u0308\u015fu\u0308nen, hisseden, direnen ve seven insanlar! <\/p>\n","protected":false},"excerpt":{"rendered":"<p>Bu sat\u0131rlar\u0131 okurken akl\u0131n\u0131z bir yandan da telefonunuza gelen bildirimlerde mi? Ekranlardan uzakla\u015ft\u0131k\u00e7a s\u00fcrekli bir \u015feyleri ka\u00e7\u0131rd\u0131\u011f\u0131n\u0131z hissine mi kap\u0131l\u0131yorsunuz? G\u00fczel bir manzaran\u0131n kar\u015f\u0131s\u0131nda otursan\u0131z da,\u00e7ok<span class=\"excerpt-hellip\"> [\u2026]<\/span><\/p>\n","protected":false},"featured_media":0,"template":"","meta":{"_monsterinsights_skip_tracking":false,"_monsterinsights_sitenote_active":false,"_monsterinsights_sitenote_note":"","_monsterinsights_sitenote_category":0},"product_brand":[],"product_cat":[12364,12376],"product_tag":[],"class_list":{"0":"post-770135","1":"product","2":"type-product","3":"status-publish","5":"product_cat-genel-konular","6":"product_cat-kisisel-gelisim","7":"pa_cilt-ciltsiz","8":"pa_tur-kitap","9":"pa_yayinevi-kronik-kitap","10":"pa_yazar-yuce-zerey","12":"first","13":"instock","14":"sale","15":"shipping-taxable","16":"purchasable","17":"product-type-simple"},"_links":{"self":[{"href":"https:\/\/roveyayinevi.com.tr\/index.php\/wp-json\/wp\/v2\/product\/770135","targetHints":{"allow":["GET"]}}],"collection":[{"href":"https:\/\/roveyayinevi.com.tr\/index.php\/wp-json\/wp\/v2\/product"}],"about":[{"href":"https:\/\/roveyayinevi.com.tr\/index.php\/wp-json\/wp\/v2\/types\/product"}],"wp:attachment":[{"href":"https:\/\/roveyayinevi.com.tr\/index.php\/wp-json\/wp\/v2\/media?parent=770135"}],"wp:term":[{"taxonomy":"product_brand","embeddable":true,"href":"https:\/\/roveyayinevi.com.tr\/index.php\/wp-json\/wp\/v2\/product_brand?post=770135"},{"taxonomy":"product_cat","embeddable":true,"href":"https:\/\/roveyayinevi.com.tr\/index.php\/wp-json\/wp\/v2\/product_cat?post=770135"},{"taxonomy":"product_tag","embeddable":true,"href":"https:\/\/roveyayinevi.com.tr\/index.php\/wp-json\/wp\/v2\/product_tag?post=770135"}],"curies":[{"name":"wp","href":"https:\/\/api.w.org\/{rel}","templated":true}]}}