{"id":770130,"date":"2025-08-28T14:19:10","date_gmt":"2025-08-28T11:19:10","guid":{"rendered":"https:\/\/roveyayinevi.com.tr\/index.php\/urun\/ruh-hassasi\/"},"modified":"2026-04-15T03:36:32","modified_gmt":"2026-04-15T00:36:32","slug":"ruh-hassasi","status":"publish","type":"product","link":"https:\/\/roveyayinevi.com.tr\/index.php\/urun\/ruh-hassasi\/","title":{"rendered":"Ruh Hassas\u0131"},"content":{"rendered":"<p>Elinizdeki kitap \u00e7o\u011fu insan\u0131n sevilmek i\u00e7in ya\u015fad\u0131\u011f\u0131 bir d\u00fcnyada sevebilmenin \u00f6nemini vurgulamaktad\u0131r. Sevilmek herkesin benzer bi\u00e7imde arzulad\u0131\u011f\u0131 bir ihtiya\u00e7, sevmek ise herkesin birbirinden farkl\u0131 bi\u00e7imde icra etti\u011fi bir sanatt\u0131r. \u00d6yle bir sevin ki, sevilen de sevmeyi sizden \u00f6\u011frensin. Mehmet Zihni SungurA\u015fk yan\u0131na gelmedi\u011finde r\u00fcyalar\u0131na gelendir. Yan yana olmak de\u011fil, o ayr\u0131 yaz\u0131l\u0131r, a\u015fk s\u0131ms\u0131k\u0131 olmakt\u0131r. D\u00fcnyadaki herkesin parmak izinin farkl\u0131 olmas\u0131, kimsenin sana onun gibi dokunamayaca\u011f\u0131n\u0131n kan\u0131t\u0131d\u0131r. O nedenledir ki f\u0131rsat\u0131n\u0131z varken sevin ve kendilerine bunu hayk\u0131r\u0131n.U\u011fur Bat\u0131<\/p>\n","protected":false},"excerpt":{"rendered":"<p>Elinizdeki kitap \u00e7o\u011fu insan\u0131n sevilmek i\u00e7in ya\u015fad\u0131\u011f\u0131 bir d\u00fcnyada sevebilmenin \u00f6nemini vurgulamaktad\u0131r. Sevilmek herkesin benzer bi\u00e7imde arzulad\u0131\u011f\u0131 bir ihtiya\u00e7, sevmek ise herkesin birbirinden farkl\u0131 bi\u00e7imde icra<span class=\"excerpt-hellip\"> [\u2026]<\/span><\/p>\n","protected":false},"featured_media":0,"template":"","meta":{"_monsterinsights_skip_tracking":false,"_monsterinsights_sitenote_active":false,"_monsterinsights_sitenote_note":"","_monsterinsights_sitenote_category":0},"product_brand":[],"product_cat":[12364,12376],"product_tag":[],"class_list":{"0":"post-770130","1":"product","2":"type-product","3":"status-publish","5":"product_cat-genel-konular","6":"product_cat-kisisel-gelisim","7":"pa_cilt-ciltsiz","8":"pa_tur-kitap","9":"pa_yayinevi-destek-yayinlari","10":"pa_yazar-mehmet-zihni-sungur-ugur-bati","12":"first","13":"instock","14":"sale","15":"shipping-taxable","16":"purchasable","17":"product-type-simple"},"_links":{"self":[{"href":"https:\/\/roveyayinevi.com.tr\/index.php\/wp-json\/wp\/v2\/product\/770130","targetHints":{"allow":["GET"]}}],"collection":[{"href":"https:\/\/roveyayinevi.com.tr\/index.php\/wp-json\/wp\/v2\/product"}],"about":[{"href":"https:\/\/roveyayinevi.com.tr\/index.php\/wp-json\/wp\/v2\/types\/product"}],"wp:attachment":[{"href":"https:\/\/roveyayinevi.com.tr\/index.php\/wp-json\/wp\/v2\/media?parent=770130"}],"wp:term":[{"taxonomy":"product_brand","embeddable":true,"href":"https:\/\/roveyayinevi.com.tr\/index.php\/wp-json\/wp\/v2\/product_brand?post=770130"},{"taxonomy":"product_cat","embeddable":true,"href":"https:\/\/roveyayinevi.com.tr\/index.php\/wp-json\/wp\/v2\/product_cat?post=770130"},{"taxonomy":"product_tag","embeddable":true,"href":"https:\/\/roveyayinevi.com.tr\/index.php\/wp-json\/wp\/v2\/product_tag?post=770130"}],"curies":[{"name":"wp","href":"https:\/\/api.w.org\/{rel}","templated":true}]}}