{"id":770109,"date":"2025-08-28T14:18:28","date_gmt":"2025-08-28T11:18:28","guid":{"rendered":"https:\/\/roveyayinevi.com.tr\/index.php\/urun\/icardi-sahanin-yildizlari\/"},"modified":"2026-04-15T03:36:32","modified_gmt":"2026-04-15T00:36:32","slug":"icardi-sahanin-yildizlari","status":"publish","type":"product","link":"https:\/\/roveyayinevi.com.tr\/index.php\/urun\/icardi-sahanin-yildizlari\/","title":{"rendered":"Icardi &#8211; Sahan\u0131n Y\u0131ld\u0131zlar\u0131"},"content":{"rendered":"<p>2023 y\u0131l\u0131 g\u00fcncel bilgileriyle!Hen\u00fcz be\u015f ya\u015f\u0131nda topla ilk bulu\u015ftu\u011fu andan itibaren b\u00fcy\u00fck bir golc\u00fc olmay\u0131 kafas\u0131na koymu\u015ftu o.Y\u0131llarca bunun i\u00e7in \u00e7al\u0131\u015fm\u0131\u015f, Barcelona\u2019n\u0131n altyap\u0131s\u0131nda oynam\u0131\u015f ve \u0130talyan liginin el \u00fcst\u00fcnde tutulan golkrallar\u0131ndan biri olmu\u015ftu. Yolu, tam bir y\u0131ld\u0131zlar ge\u00e7idi olan Paris Saint-Germain\u2019e d\u00fc\u015ft\u00fc\u011f\u00fcndeyse art\u0131k kendisinikan\u0131tlam\u0131\u015f y\u0131ld\u0131z bir oyuncuydu.Ve sonra kader onu Galatasaray\u2019la bulu\u015fturdu. Futbol camias\u0131n\u0131n kendisinden beklentisi b\u00fcy\u00fckt\u00fc ve o da bubeklentileri kar\u015f\u0131lamaya lay\u0131k oldu\u011funu g\u00f6sterecekti.Galatasaray\u2019\u0131n \u015fampiyonluk yolundaki en b\u00fcy\u00fck umudu olan Mauro Icardi, att\u0131\u011f\u0131 enfes gollerle, taraftarlarlakurdu\u011fu benzersiz ili\u015fkiyle ve tak\u0131m arkada\u015flar\u0131na her daim yol g\u00f6stermesiyle y\u0131ld\u0131z bir futbolcu olman\u0131ninceliklerini sergilerken sizleri de inan\u0131lmaz bir futbol yolculu\u011funa davet ediyor!<\/p>\n","protected":false},"excerpt":{"rendered":"<p>2023 y\u0131l\u0131 g\u00fcncel bilgileriyle!Hen\u00fcz be\u015f ya\u015f\u0131nda topla ilk bulu\u015ftu\u011fu andan itibaren b\u00fcy\u00fck bir golc\u00fc olmay\u0131 kafas\u0131na koymu\u015ftu o.Y\u0131llarca bunun i\u00e7in \u00e7al\u0131\u015fm\u0131\u015f, Barcelona\u2019n\u0131n altyap\u0131s\u0131nda oynam\u0131\u015f ve \u0130talyan<span class=\"excerpt-hellip\"> [\u2026]<\/span><\/p>\n","protected":false},"featured_media":0,"template":"","meta":{"_monsterinsights_skip_tracking":false,"_monsterinsights_sitenote_active":false,"_monsterinsights_sitenote_note":"","_monsterinsights_sitenote_category":0},"product_brand":[],"product_cat":[14009,12291],"product_tag":[],"class_list":{"0":"post-770109","1":"product","2":"type-product","3":"status-publish","5":"product_cat-biyografi-otobiyografi-edebiyat","6":"product_cat-edebiyat","7":"pa_cilt-ciltsiz","8":"pa_tur-kitap","9":"pa_yayinevi-parodi-yayinlari","10":"pa_yazar-ahmet-koyuncu","12":"first","13":"instock","14":"sale","15":"shipping-taxable","16":"purchasable","17":"product-type-simple"},"_links":{"self":[{"href":"https:\/\/roveyayinevi.com.tr\/index.php\/wp-json\/wp\/v2\/product\/770109","targetHints":{"allow":["GET"]}}],"collection":[{"href":"https:\/\/roveyayinevi.com.tr\/index.php\/wp-json\/wp\/v2\/product"}],"about":[{"href":"https:\/\/roveyayinevi.com.tr\/index.php\/wp-json\/wp\/v2\/types\/product"}],"wp:attachment":[{"href":"https:\/\/roveyayinevi.com.tr\/index.php\/wp-json\/wp\/v2\/media?parent=770109"}],"wp:term":[{"taxonomy":"product_brand","embeddable":true,"href":"https:\/\/roveyayinevi.com.tr\/index.php\/wp-json\/wp\/v2\/product_brand?post=770109"},{"taxonomy":"product_cat","embeddable":true,"href":"https:\/\/roveyayinevi.com.tr\/index.php\/wp-json\/wp\/v2\/product_cat?post=770109"},{"taxonomy":"product_tag","embeddable":true,"href":"https:\/\/roveyayinevi.com.tr\/index.php\/wp-json\/wp\/v2\/product_tag?post=770109"}],"curies":[{"name":"wp","href":"https:\/\/api.w.org\/{rel}","templated":true}]}}