{"id":770102,"date":"2025-08-28T14:18:13","date_gmt":"2025-08-28T11:18:13","guid":{"rendered":"https:\/\/roveyayinevi.com.tr\/index.php\/urun\/alice-harikalar-diyarinda-17\/"},"modified":"2026-04-15T03:36:32","modified_gmt":"2026-04-15T00:36:32","slug":"alice-harikalar-diyarinda-17","status":"publish","type":"product","link":"https:\/\/roveyayinevi.com.tr\/index.php\/urun\/alice-harikalar-diyarinda-17\/","title":{"rendered":"Alice Harikalar Diyar\u0131nda"},"content":{"rendered":"<p>Kimi hik\u00e2yeler al\u0131r g\u00f6t\u00fcr\u00fcr sizi en g\u00fczel saraylara, kimileri de at\u0131verir bir tuhafl\u0131\u011f\u0131n tam ortas\u0131na. \u0130\u015fte bu hik\u00e2yelerin belki de en s\u0131ra d\u0131\u015f\u0131 olan\u0131d\u0131r Alice Harikalar Diyar\u0131nda. Alice, \u00e2deta bir insan gibi yelek giyen ve cebinde ta\u015f\u0131d\u0131\u011f\u0131 saate bakarak tela\u015fla ko\u015fan beyaz bir tav\u015fan\u0131n pe\u015fine d\u00fc\u015f\u00fcnce kendisini tuhaf bir ser\u00fcvenin i\u00e7inde bulur. Bu diyarda garipliklerin sonu yoktur; en olmad\u0131k \u015feyler bir bakm\u0131\u015fs\u0131n ger\u00e7ek olur. Her \u015feyden \u00f6nce, \u201cBen kimim?\u201d sorusuna yan\u0131t arar, bunu da bazen b\u00fcy\u00fcy\u00fcp k\u00fc\u00e7\u00fclerek bazen s\u0131r\u0131tan kedilerle konu\u015farak bazen de zamans\u0131zl\u0131\u011f\u0131n h\u00fck\u00fcm s\u00fcrd\u00fc\u011f\u00fc \u00e7ay partilerine kat\u0131larak yapar. T\u0131pk\u0131 r\u00fcyada g\u00f6rd\u00fcklerimize \u2018neden\u2019 diye sormay\u0131p hi\u00e7bir mant\u0131k aramad\u0131\u011f\u0131m\u0131z gibi Alice de sorgulamaz ya\u015fad\u0131klar\u0131n\u0131. Lewis Carroll\u2019un bir\u00e7ok yap\u0131ta ilham olmu\u015f bu k\u00fclt eseri hem \u00e7ocuklar\u0131 hem de ruhlar\u0131 h\u00e2l\u00e2 \u00e7ocuk kalanlar\u0131 s\u0131ra d\u0131\u015f\u0131 bir maceraya ortak ederken \u00f6te yandan okuru sonsuz bir mant\u0131k labirentine \u00e7a\u011f\u0131rmay\u0131 da ihmal etmiyor.<\/p>\n","protected":false},"excerpt":{"rendered":"<p>Kimi hik\u00e2yeler al\u0131r g\u00f6t\u00fcr\u00fcr sizi en g\u00fczel saraylara, kimileri de at\u0131verir bir tuhafl\u0131\u011f\u0131n tam ortas\u0131na. \u0130\u015fte bu hik\u00e2yelerin belki de en s\u0131ra d\u0131\u015f\u0131 olan\u0131d\u0131r Alice Harikalar<span class=\"excerpt-hellip\"> [\u2026]<\/span><\/p>\n","protected":false},"featured_media":0,"template":"","meta":{"_monsterinsights_skip_tracking":false,"_monsterinsights_sitenote_active":false,"_monsterinsights_sitenote_note":"","_monsterinsights_sitenote_category":0},"product_brand":[],"product_cat":[12274,12467],"product_tag":[],"class_list":{"0":"post-770102","1":"product","2":"type-product","3":"status-publish","5":"product_cat-cocuk-ve-genclik-kitaplari","6":"product_cat-dunya-klasikleri","7":"pa_cilt-ciltsiz","8":"pa_tur-kitap","9":"pa_yayinevi-parodi-yayinlari","10":"pa_yazar-lewis-carroll","12":"first","13":"instock","14":"sale","15":"shipping-taxable","16":"purchasable","17":"product-type-simple"},"_links":{"self":[{"href":"https:\/\/roveyayinevi.com.tr\/index.php\/wp-json\/wp\/v2\/product\/770102","targetHints":{"allow":["GET"]}}],"collection":[{"href":"https:\/\/roveyayinevi.com.tr\/index.php\/wp-json\/wp\/v2\/product"}],"about":[{"href":"https:\/\/roveyayinevi.com.tr\/index.php\/wp-json\/wp\/v2\/types\/product"}],"wp:attachment":[{"href":"https:\/\/roveyayinevi.com.tr\/index.php\/wp-json\/wp\/v2\/media?parent=770102"}],"wp:term":[{"taxonomy":"product_brand","embeddable":true,"href":"https:\/\/roveyayinevi.com.tr\/index.php\/wp-json\/wp\/v2\/product_brand?post=770102"},{"taxonomy":"product_cat","embeddable":true,"href":"https:\/\/roveyayinevi.com.tr\/index.php\/wp-json\/wp\/v2\/product_cat?post=770102"},{"taxonomy":"product_tag","embeddable":true,"href":"https:\/\/roveyayinevi.com.tr\/index.php\/wp-json\/wp\/v2\/product_tag?post=770102"}],"curies":[{"name":"wp","href":"https:\/\/api.w.org\/{rel}","templated":true}]}}