{"id":770092,"date":"2025-08-28T14:17:47","date_gmt":"2025-08-28T11:17:47","guid":{"rendered":"https:\/\/roveyayinevi.com.tr\/index.php\/urun\/cimri-10\/"},"modified":"2026-04-15T03:36:31","modified_gmt":"2026-04-15T00:36:31","slug":"cimri-10","status":"publish","type":"product","link":"https:\/\/roveyayinevi.com.tr\/index.php\/urun\/cimri-10\/","title":{"rendered":"Cimri"},"content":{"rendered":"<p>Bu nas\u0131l babad\u0131r? Doludur cepleri, keseleri; i\u015fe bak ki \u00e7ocuklar\u0131na z\u0131rn\u0131k koklatmaz. Akl\u0131 fikri parad\u0131r ba\u015fka hi\u00e7bir \u015feye bakmaz. Y\u00fcre\u011fine giden yol ne midesinden ge\u00e7er ne de g\u00f6zlerinden; param var dedin mi tutar hemen elinden. Eh, bu babadan hay\u0131r gelmez ama bu kadar\u0131 da beklenmez! Ne var ki oldu; babas\u0131 o\u011flunun sevdi\u011fine g\u00f6z koydu. \u015eimdi karde\u015fler ba\u015f ba\u015fa vermeli ve bu i\u015fin \u00e7\u0131kar yolunu g\u00f6zetmeli. Yoksa bir bakm\u0131\u015flar yanlar\u0131nda: Sevmedikleri biriyle ge\u00e7ecek y\u0131llar hemen kap\u0131da. Moli\u00e8re, 17 y\u00fczy\u0131l Frans\u0131z burjuvas\u0131n\u0131n para tutkusunu \u00f6n plana \u00e7\u0131kartan bu oyununda maddiyat\u0131n \u00e7evresinde \u015fekillenen toplumun \u00f6zg\u00fcrl\u00fcklerini nas\u0131l yitirdi\u011fini mizahla da harmanlayarak ortaya \u00e2deta zamans\u0131z bir eser \u00e7\u0131kar\u0131r. Okuyucuya da g\u00f6zde kolayca canlanan bu aile dram\u0131n\u0131 seyre dal\u0131p kahkahay\u0131 basmak kal\u0131r.<\/p>\n","protected":false},"excerpt":{"rendered":"<p>Bu nas\u0131l babad\u0131r? Doludur cepleri, keseleri; i\u015fe bak ki \u00e7ocuklar\u0131na z\u0131rn\u0131k koklatmaz. Akl\u0131 fikri parad\u0131r ba\u015fka hi\u00e7bir \u015feye bakmaz. Y\u00fcre\u011fine giden yol ne midesinden ge\u00e7er ne<span class=\"excerpt-hellip\"> [\u2026]<\/span><\/p>\n","protected":false},"featured_media":0,"template":"","meta":{"_monsterinsights_skip_tracking":false,"_monsterinsights_sitenote_active":false,"_monsterinsights_sitenote_note":"","_monsterinsights_sitenote_category":0},"product_brand":[],"product_cat":[12291,13872],"product_tag":[],"class_list":{"0":"post-770092","1":"product","2":"type-product","3":"status-publish","5":"product_cat-edebiyat","6":"product_cat-klasikler","7":"pa_cilt-ciltsiz","8":"pa_tur-kitap","9":"pa_yayinevi-parodi-yayinlari","10":"pa_yazar-moliere","12":"first","13":"instock","14":"sale","15":"shipping-taxable","16":"purchasable","17":"product-type-simple"},"_links":{"self":[{"href":"https:\/\/roveyayinevi.com.tr\/index.php\/wp-json\/wp\/v2\/product\/770092","targetHints":{"allow":["GET"]}}],"collection":[{"href":"https:\/\/roveyayinevi.com.tr\/index.php\/wp-json\/wp\/v2\/product"}],"about":[{"href":"https:\/\/roveyayinevi.com.tr\/index.php\/wp-json\/wp\/v2\/types\/product"}],"wp:attachment":[{"href":"https:\/\/roveyayinevi.com.tr\/index.php\/wp-json\/wp\/v2\/media?parent=770092"}],"wp:term":[{"taxonomy":"product_brand","embeddable":true,"href":"https:\/\/roveyayinevi.com.tr\/index.php\/wp-json\/wp\/v2\/product_brand?post=770092"},{"taxonomy":"product_cat","embeddable":true,"href":"https:\/\/roveyayinevi.com.tr\/index.php\/wp-json\/wp\/v2\/product_cat?post=770092"},{"taxonomy":"product_tag","embeddable":true,"href":"https:\/\/roveyayinevi.com.tr\/index.php\/wp-json\/wp\/v2\/product_tag?post=770092"}],"curies":[{"name":"wp","href":"https:\/\/api.w.org\/{rel}","templated":true}]}}