{"id":770091,"date":"2025-08-28T14:17:45","date_gmt":"2025-08-28T11:17:45","guid":{"rendered":"https:\/\/roveyayinevi.com.tr\/index.php\/urun\/blackpink-rose-k-pop-yildizlari\/"},"modified":"2026-04-15T03:36:31","modified_gmt":"2026-04-15T00:36:31","slug":"blackpink-rose-k-pop-yildizlari","status":"publish","type":"product","link":"https:\/\/roveyayinevi.com.tr\/index.php\/urun\/blackpink-rose-k-pop-yildizlari\/","title":{"rendered":"Blackpink Rose \/ K-Pop Y\u0131ld\u0131zlar\u0131"},"content":{"rendered":"<p>Hen\u00fcz k\u00fc\u00e7\u00fck bir k\u0131zken m\u00fczi\u011fin b\u00fcy\u00fcs\u00fcne kap\u0131lan Ros\u00e9, g\u00fcn\u00fcn birinde kendi \u015fark\u0131lar\u0131n\u0131 s\u00f6ylemeyi ve m\u00fczi\u011fiyle milyonlara ula\u015fmay\u0131 hayal etti. Y\u0131llar ge\u00e7tik\u00e7e bu tutkusu onu d\u00fcnyan\u0131n en b\u00fcy\u00fck sahnelerine ta\u015f\u0131makla kalmad\u0131, ayn\u0131 zamanda K-Pop\u2019un efsanevi gruplar\u0131ndan BLACKPINK\u2019in en sevilen \u00fcyelerinden biri h\u00e2line getirdi.M\u00fczi\u011fiyle kalplere dokunurken sokak hayvanlar\u0131na duydu\u011fu sevgiyle ve anlaml\u0131 projelere olan ba\u011fl\u0131l\u0131\u011f\u0131yla da hayranlar\u0131n\u0131n g\u00f6nl\u00fcnde taht kurdu. Kar\u015f\u0131s\u0131na \u00e7\u0131kan t\u00fcm engellere ra\u011fmen asla pes etmedi, hayallerine s\u0131k\u0131 s\u0131k\u0131ya tutundu ve zirveye ula\u015ft\u0131.Ros\u00e9\u2019nin melodilerle \u00f6r\u00fclen bu etkileyici yolculu\u011fu cesaretin, yarat\u0131c\u0131l\u0131\u011f\u0131n ve tutkuyla \u00e7al\u0131\u015fman\u0131n g\u00fcc\u00fcne inanan herkese ilham kayna\u011f\u0131 olacak.Haz\u0131rsan\u0131z sahne Ros\u00e9\u2019nin!<\/p>\n","protected":false},"excerpt":{"rendered":"<p>Hen\u00fcz k\u00fc\u00e7\u00fck bir k\u0131zken m\u00fczi\u011fin b\u00fcy\u00fcs\u00fcne kap\u0131lan Ros\u00e9, g\u00fcn\u00fcn birinde kendi \u015fark\u0131lar\u0131n\u0131 s\u00f6ylemeyi ve m\u00fczi\u011fiyle milyonlara ula\u015fmay\u0131 hayal etti. Y\u0131llar ge\u00e7tik\u00e7e bu tutkusu onu d\u00fcnyan\u0131n en<span class=\"excerpt-hellip\"> [\u2026]<\/span><\/p>\n","protected":false},"featured_media":0,"template":"","meta":{"_monsterinsights_skip_tracking":false,"_monsterinsights_sitenote_active":false,"_monsterinsights_sitenote_note":"","_monsterinsights_sitenote_category":0},"product_brand":[],"product_cat":[12274,12631],"product_tag":[],"class_list":{"0":"post-770091","1":"product","2":"type-product","3":"status-publish","5":"product_cat-cocuk-ve-genclik-kitaplari","6":"product_cat-diger-cocuk-ve-genclik-kitaplari","7":"pa_cilt-ciltsiz","8":"pa_tur-kitap","9":"pa_yayinevi-parodi-yayinlari","10":"pa_yazar-cihan-ozata","12":"first","13":"instock","14":"sale","15":"shipping-taxable","16":"purchasable","17":"product-type-simple"},"_links":{"self":[{"href":"https:\/\/roveyayinevi.com.tr\/index.php\/wp-json\/wp\/v2\/product\/770091","targetHints":{"allow":["GET"]}}],"collection":[{"href":"https:\/\/roveyayinevi.com.tr\/index.php\/wp-json\/wp\/v2\/product"}],"about":[{"href":"https:\/\/roveyayinevi.com.tr\/index.php\/wp-json\/wp\/v2\/types\/product"}],"wp:attachment":[{"href":"https:\/\/roveyayinevi.com.tr\/index.php\/wp-json\/wp\/v2\/media?parent=770091"}],"wp:term":[{"taxonomy":"product_brand","embeddable":true,"href":"https:\/\/roveyayinevi.com.tr\/index.php\/wp-json\/wp\/v2\/product_brand?post=770091"},{"taxonomy":"product_cat","embeddable":true,"href":"https:\/\/roveyayinevi.com.tr\/index.php\/wp-json\/wp\/v2\/product_cat?post=770091"},{"taxonomy":"product_tag","embeddable":true,"href":"https:\/\/roveyayinevi.com.tr\/index.php\/wp-json\/wp\/v2\/product_tag?post=770091"}],"curies":[{"name":"wp","href":"https:\/\/api.w.org\/{rel}","templated":true}]}}