{"id":770087,"date":"2025-08-28T14:17:37","date_gmt":"2025-08-28T11:17:37","guid":{"rendered":"https:\/\/roveyayinevi.com.tr\/index.php\/urun\/bellinghamsahanin-yildizlari\/"},"modified":"2026-04-12T03:27:35","modified_gmt":"2026-04-12T00:27:35","slug":"bellinghamsahanin-yildizlari","status":"publish","type":"product","link":"https:\/\/roveyayinevi.com.tr\/index.php\/urun\/bellinghamsahanin-yildizlari\/","title":{"rendered":"Bellingham;Sahan\u0131n Y\u0131ld\u0131zlar\u0131"},"content":{"rendered":"<p>Jude Bellingham\u2019\u0131n \u00e7ocuklu\u011fundan beri ilham ald\u0131\u011f\u0131 tek bir ki\u015fi vard\u0131: Amat\u00f6r liglerin gol kral\u0131, babas\u0131 Mark Bellingham. Onu izleyerek futbolu sevmeye ba\u015flayan Jude, hen\u00fcz sekiz ya\u015f\u0131ndayken Birmingham City altyap\u0131s\u0131na girip kendisinden ya\u015f\u00e7a b\u00fcy\u00fcklerle top ko\u015fturmaya hak kazand\u0131.Orta sahada oynayan bu \u00fcst\u00fcn yetenek, 16 ya\u015f 38 g\u00fcnl\u00fckken Birmingham City\u2019nin A tak\u0131m\u0131na kat\u0131lan en gen\u00e7 oyuncusu \u00fcnvan\u0131n\u0131 elde etti. Atletik yap\u0131s\u0131, top h\u00e2kimiyeti ve \u00e7ok y\u00f6nl\u00fc oyun karakteriyle ya\u015f\u0131n\u0131n \u00f6tesine ge\u00e7en gen\u00e7 Jude ba\u015far\u0131dan ba\u015far\u0131ya ko\u015fuyordu. Fakat sezonlar boyu terletti\u011fi 22 numaral\u0131 forman\u0131n kendisinden sonra emekli edilece\u011fi kadar b\u00fcy\u00fck bir futbolcu olaca\u011f\u0131n\u0131 kimse bilemezdi.Onun hik\u00e2yesi \u00e7ocuklar\u0131n azim, disiplin ve aile deste\u011fi sayesinde b\u00fcy\u00fck ba\u015far\u0131lara imza at\u0131\u015f\u0131n\u0131 anlat\u0131yor.K\u00fc\u00e7\u00fck ya\u015flar\u0131ndan bu yana Real Madrid hayran\u0131 olan Jude\u2019un hayallerine ula\u015fana dek kariyerini ilmek ilmek \u00f6r\u00fc\u015f\u00fc size de ilham olacak.<\/p>\n","protected":false},"excerpt":{"rendered":"<p>Jude Bellingham\u2019\u0131n \u00e7ocuklu\u011fundan beri ilham ald\u0131\u011f\u0131 tek bir ki\u015fi vard\u0131: Amat\u00f6r liglerin gol kral\u0131, babas\u0131 Mark Bellingham. Onu izleyerek futbolu sevmeye ba\u015flayan Jude, hen\u00fcz sekiz ya\u015f\u0131ndayken<span class=\"excerpt-hellip\"> [\u2026]<\/span><\/p>\n","protected":false},"featured_media":0,"template":"","meta":{"_monsterinsights_skip_tracking":false,"_monsterinsights_sitenote_active":false,"_monsterinsights_sitenote_note":"","_monsterinsights_sitenote_category":0},"product_brand":[],"product_cat":[14009,12291],"product_tag":[],"class_list":{"0":"post-770087","1":"product","2":"type-product","3":"status-publish","5":"product_cat-biyografi-otobiyografi-edebiyat","6":"product_cat-edebiyat","7":"pa_cilt-ciltsiz","8":"pa_tur-kitap","9":"pa_yayinevi-parodi-yayinlari","10":"pa_yazar-emre-sarikus","12":"first","13":"instock","14":"sale","15":"shipping-taxable","16":"purchasable","17":"product-type-simple"},"_links":{"self":[{"href":"https:\/\/roveyayinevi.com.tr\/index.php\/wp-json\/wp\/v2\/product\/770087","targetHints":{"allow":["GET"]}}],"collection":[{"href":"https:\/\/roveyayinevi.com.tr\/index.php\/wp-json\/wp\/v2\/product"}],"about":[{"href":"https:\/\/roveyayinevi.com.tr\/index.php\/wp-json\/wp\/v2\/types\/product"}],"wp:attachment":[{"href":"https:\/\/roveyayinevi.com.tr\/index.php\/wp-json\/wp\/v2\/media?parent=770087"}],"wp:term":[{"taxonomy":"product_brand","embeddable":true,"href":"https:\/\/roveyayinevi.com.tr\/index.php\/wp-json\/wp\/v2\/product_brand?post=770087"},{"taxonomy":"product_cat","embeddable":true,"href":"https:\/\/roveyayinevi.com.tr\/index.php\/wp-json\/wp\/v2\/product_cat?post=770087"},{"taxonomy":"product_tag","embeddable":true,"href":"https:\/\/roveyayinevi.com.tr\/index.php\/wp-json\/wp\/v2\/product_tag?post=770087"}],"curies":[{"name":"wp","href":"https:\/\/api.w.org\/{rel}","templated":true}]}}