{"id":770084,"date":"2025-08-28T14:17:30","date_gmt":"2025-08-28T11:17:30","guid":{"rendered":"https:\/\/roveyayinevi.com.tr\/index.php\/urun\/mourinho-sahanin-yildizlari\/"},"modified":"2026-04-15T03:36:31","modified_gmt":"2026-04-15T00:36:31","slug":"mourinho-sahanin-yildizlari","status":"publish","type":"product","link":"https:\/\/roveyayinevi.com.tr\/index.php\/urun\/mourinho-sahanin-yildizlari\/","title":{"rendered":"Mourinho-Sahan\u0131n Y\u0131ld\u0131zlar\u0131"},"content":{"rendered":"<p>K\u00fc\u00e7\u00fck ya\u015fta, babas\u0131n\u0131n ma\u00e7lar\u0131n\u0131 izlerken futbol d\u00fcnyas\u0131n\u0131n b\u00fcy\u00fcs\u00fcne kap\u0131ld\u0131. Ye\u015fil sahalar\u0131n gizemini file\u00f6rg\u00fclerinin ard\u0131nda ke\u015ffeden Jos\u00e9 Mourinho, profesyonel futbolculuk kariyerine orta saha oyuncusu olarakba\u015flad\u0131. Ancak onun as\u0131l yetene\u011fi, sahada var olman\u0131n farkl\u0131 bir yolunu bulunca ortaya \u00e7\u0131kacakt\u0131.Bobby Robson\u2019\u0131n terc\u00fcmanl\u0131\u011f\u0131n\u0131 yaparken skora y\u00f6n veren zek\u00e2s\u0131, Mourinho\u2019yu yard\u0131mc\u0131 antren\u00f6rl\u00fc\u011fe ta\u015f\u0131d\u0131.Barcelona\u2019da geli\u015ftirdi\u011fi \u00fcst\u00fcn taktik bilgisi, kendi yolunu \u00e7izmesi i\u00e7in ona zemin haz\u0131rlad\u0131. Porto\u2019ya \u015eampiyonlarLigi kupas\u0131n\u0131 kazand\u0131rd\u0131\u011f\u0131nda sahadaki tek lider oydu.Avrupa\u2019n\u0131n en prestijli futbol kul\u00fcplerinde 26 kupa kazanarak tarih yazan Mourinho, liderlik vasf\u0131 ve sars\u0131lmazduru\u015fuyla futbol d\u00fcnyas\u0131n\u0131n zirvesine yerle\u015fti. \u015eimdiyse s\u0131rada, Fenerbah\u00e7e\u2019de ayn\u0131 ba\u015far\u0131lar\u0131 tekrarlamak ve yenizaferler kazanmak var.<\/p>\n","protected":false},"excerpt":{"rendered":"<p>K\u00fc\u00e7\u00fck ya\u015fta, babas\u0131n\u0131n ma\u00e7lar\u0131n\u0131 izlerken futbol d\u00fcnyas\u0131n\u0131n b\u00fcy\u00fcs\u00fcne kap\u0131ld\u0131. Ye\u015fil sahalar\u0131n gizemini file\u00f6rg\u00fclerinin ard\u0131nda ke\u015ffeden Jos\u00e9 Mourinho, profesyonel futbolculuk kariyerine orta saha oyuncusu olarakba\u015flad\u0131. Ancak onun<span class=\"excerpt-hellip\"> [\u2026]<\/span><\/p>\n","protected":false},"featured_media":0,"template":"","meta":{"_monsterinsights_skip_tracking":false,"_monsterinsights_sitenote_active":false,"_monsterinsights_sitenote_note":"","_monsterinsights_sitenote_category":0},"product_brand":[],"product_cat":[14009,12291],"product_tag":[],"class_list":{"0":"post-770084","1":"product","2":"type-product","3":"status-publish","5":"product_cat-biyografi-otobiyografi-edebiyat","6":"product_cat-edebiyat","7":"pa_cilt-ciltsiz","8":"pa_tur-kitap","9":"pa_yayinevi-parodi-yayinlari","10":"pa_yazar-idil-pisgin-talan","12":"first","13":"instock","14":"sale","15":"shipping-taxable","16":"purchasable","17":"product-type-simple"},"_links":{"self":[{"href":"https:\/\/roveyayinevi.com.tr\/index.php\/wp-json\/wp\/v2\/product\/770084","targetHints":{"allow":["GET"]}}],"collection":[{"href":"https:\/\/roveyayinevi.com.tr\/index.php\/wp-json\/wp\/v2\/product"}],"about":[{"href":"https:\/\/roveyayinevi.com.tr\/index.php\/wp-json\/wp\/v2\/types\/product"}],"wp:attachment":[{"href":"https:\/\/roveyayinevi.com.tr\/index.php\/wp-json\/wp\/v2\/media?parent=770084"}],"wp:term":[{"taxonomy":"product_brand","embeddable":true,"href":"https:\/\/roveyayinevi.com.tr\/index.php\/wp-json\/wp\/v2\/product_brand?post=770084"},{"taxonomy":"product_cat","embeddable":true,"href":"https:\/\/roveyayinevi.com.tr\/index.php\/wp-json\/wp\/v2\/product_cat?post=770084"},{"taxonomy":"product_tag","embeddable":true,"href":"https:\/\/roveyayinevi.com.tr\/index.php\/wp-json\/wp\/v2\/product_tag?post=770084"}],"curies":[{"name":"wp","href":"https:\/\/api.w.org\/{rel}","templated":true}]}}