{"id":770083,"date":"2025-08-28T14:17:27","date_gmt":"2025-08-28T11:17:27","guid":{"rendered":"https:\/\/roveyayinevi.com.tr\/index.php\/urun\/vinicius-junior-sahanin-yildizlari\/"},"modified":"2026-04-15T03:36:31","modified_gmt":"2026-04-15T00:36:31","slug":"vinicius-junior-sahanin-yildizlari","status":"publish","type":"product","link":"https:\/\/roveyayinevi.com.tr\/index.php\/urun\/vinicius-junior-sahanin-yildizlari\/","title":{"rendered":"Vinicius Junior &#8211; Sahan\u0131n Y\u0131ld\u0131zlar\u0131"},"content":{"rendered":"<p>Rio de Janeiro\u2019nun yoksul bir gecekondu mahallesinde b\u00fcy\u00fcyen Vin\u00edcius J\u00fanior, Flamengo\u2019nun yerel futbolokuluna ad\u0131m att\u0131\u011f\u0131nda hen\u00fcz 6 ya\u015f\u0131ndayd\u0131. Olanaks\u0131zl\u0131klar\u0131n aras\u0131ndan s\u0131yr\u0131larak k\u00fc\u00e7\u00fck ya\u015fta kazand\u0131\u011f\u0131 bireysel\u00f6d\u00fcller onu daha b\u00fcy\u00fck hayaller kurmas\u0131 i\u00e7in cesaretlendirdi.17 Ya\u015f Alt\u0131 G\u00fcney Amerika \u015eampiyonas\u0131\u2019ndaki b\u00fcy\u00fcleyici performans\u0131, \u00fcst d\u00fczey futbol d\u00fcnyas\u0131n\u0131n kap\u0131lar\u0131n\u0131 onaard\u0131na kadar a\u00e7t\u0131. Flamengo A Tak\u0131m\u0131\u2019yla \u00e7\u0131kt\u0131\u011f\u0131 ilk iki profesyonel ma\u00e7ta sadece 17 dakika oynamas\u0131na ra\u011fmenumut vadeden yetenekleriyle Real Madrid ve Barcelona\u2019y\u0131 transfer rekabetine tutu\u015fturdu. O ise se\u00e7iminihayallerini s\u00fcsleyen Real Madrid\u2019den yana yapt\u0131. Biraz ter d\u00f6kt\u00fc biraz g\u00f6zya\u015f\u0131&#8230; Sonunda \u015eampiyonlar Ligi tarihininen ba\u015far\u0131l\u0131 tak\u0131m\u0131n\u0131n y\u0131ld\u0131z\u0131 oldu.Vin\u00edcius J\u00fanior\u2019\u0131n hik\u00e2yesi, yoksullu\u011fun pen\u00e7esinden s\u0131yr\u0131l\u0131p d\u00fcnyan\u0131n en b\u00fcy\u00fck sahnesine \u00e7\u0131kan gen\u00e7 bir yetene\u011finzaferiyle parl\u0131yor ve \u00f6yle g\u00f6r\u00fcn\u00fcyor ki daha \u00e7ok uzun y\u0131llar parlamaya da devam edecek.<\/p>\n","protected":false},"excerpt":{"rendered":"<p>Rio de Janeiro\u2019nun yoksul bir gecekondu mahallesinde b\u00fcy\u00fcyen Vin\u00edcius J\u00fanior, Flamengo\u2019nun yerel futbolokuluna ad\u0131m att\u0131\u011f\u0131nda hen\u00fcz 6 ya\u015f\u0131ndayd\u0131. Olanaks\u0131zl\u0131klar\u0131n aras\u0131ndan s\u0131yr\u0131larak k\u00fc\u00e7\u00fck ya\u015fta kazand\u0131\u011f\u0131 bireysel\u00f6d\u00fcller onu<span class=\"excerpt-hellip\"> [\u2026]<\/span><\/p>\n","protected":false},"featured_media":0,"template":"","meta":{"_monsterinsights_skip_tracking":false,"_monsterinsights_sitenote_active":false,"_monsterinsights_sitenote_note":"","_monsterinsights_sitenote_category":0},"product_brand":[],"product_cat":[14009,12291],"product_tag":[],"class_list":{"0":"post-770083","1":"product","2":"type-product","3":"status-publish","5":"product_cat-biyografi-otobiyografi-edebiyat","6":"product_cat-edebiyat","7":"pa_cilt-ciltsiz","8":"pa_tur-kitap","9":"pa_yayinevi-parodi-yayinlari","10":"pa_yazar-idil-pisgin-talan","12":"first","13":"instock","14":"sale","15":"shipping-taxable","16":"purchasable","17":"product-type-simple"},"_links":{"self":[{"href":"https:\/\/roveyayinevi.com.tr\/index.php\/wp-json\/wp\/v2\/product\/770083","targetHints":{"allow":["GET"]}}],"collection":[{"href":"https:\/\/roveyayinevi.com.tr\/index.php\/wp-json\/wp\/v2\/product"}],"about":[{"href":"https:\/\/roveyayinevi.com.tr\/index.php\/wp-json\/wp\/v2\/types\/product"}],"wp:attachment":[{"href":"https:\/\/roveyayinevi.com.tr\/index.php\/wp-json\/wp\/v2\/media?parent=770083"}],"wp:term":[{"taxonomy":"product_brand","embeddable":true,"href":"https:\/\/roveyayinevi.com.tr\/index.php\/wp-json\/wp\/v2\/product_brand?post=770083"},{"taxonomy":"product_cat","embeddable":true,"href":"https:\/\/roveyayinevi.com.tr\/index.php\/wp-json\/wp\/v2\/product_cat?post=770083"},{"taxonomy":"product_tag","embeddable":true,"href":"https:\/\/roveyayinevi.com.tr\/index.php\/wp-json\/wp\/v2\/product_tag?post=770083"}],"curies":[{"name":"wp","href":"https:\/\/api.w.org\/{rel}","templated":true}]}}