{"id":770081,"date":"2025-08-28T14:17:22","date_gmt":"2025-08-28T11:17:22","guid":{"rendered":"https:\/\/roveyayinevi.com.tr\/index.php\/urun\/ronaldinho-sahanin-yildizlari\/"},"modified":"2026-04-15T03:36:31","modified_gmt":"2026-04-15T00:36:31","slug":"ronaldinho-sahanin-yildizlari","status":"publish","type":"product","link":"https:\/\/roveyayinevi.com.tr\/index.php\/urun\/ronaldinho-sahanin-yildizlari\/","title":{"rendered":"Ronaldinho &#8211; Sahan\u0131n Y\u0131ld\u0131zlar\u0131"},"content":{"rendered":"<p>2024 y\u0131l\u0131 g\u00fcncel bilgileri ve istatistikleriyle!K\u0131sa s\u00fcreli bir f\u0131rt\u0131nayd\u0131 onunkisi\u2026Futbol d\u00fcnyas\u0131na ad\u0131m att\u0131\u011f\u0131 andan itibaren ne var ne yoksa kazand\u0131. Ama en \u00f6nemlisi, sahada her zaman keyifald\u0131 ve izleyicilere unutulmaz anlar ya\u015fatt\u0131. Onun ma\u00e7\u0131 oldu\u011funda futbolseverler \u00e7ok ba\u015fka bir heyecan ya\u015fad\u0131.Kimine g\u00f6re gelmi\u015f ge\u00e7mi\u015f en iyi oyuncu Messi kimine g\u00f6re Cristiano Ronaldo. Kimi Maradona\u2019y\u0131 \u00f6ver kimi Pel\u00e9\u2019yi.Ancak futbolseverleri en \u00e7ok e\u011flendiren, izleyenleri en \u00e7ok ne\u015felendiren isim tart\u0131\u015fmas\u0131z Ronaldinho\u2019ydu. O,Avrupa futboluna damgas\u0131n\u0131 vuran Barcelona efsanesinin 2000\u2019lerdeki ilk m\u00fcjdecisiydi.Bu kitap sadece bir futbolcunun de\u011fil, bir d\u00f6nemin, bir co\u015fkunun ve benzersiz bir yetene\u011fin hik\u00e2yesini anlat\u0131yor.Ronaldinho\u2019nun b\u00fcy\u00fcl\u00fc d\u00fcnyas\u0131na ho\u015f geldiniz; burada futbol sadece kazanmak i\u00e7in oynanmaz, ayn\u0131 zamandaya\u015fan\u0131r ve hissedilir.<\/p>\n","protected":false},"excerpt":{"rendered":"<p>2024 y\u0131l\u0131 g\u00fcncel bilgileri ve istatistikleriyle!K\u0131sa s\u00fcreli bir f\u0131rt\u0131nayd\u0131 onunkisi\u2026Futbol d\u00fcnyas\u0131na ad\u0131m att\u0131\u011f\u0131 andan itibaren ne var ne yoksa kazand\u0131. Ama en \u00f6nemlisi, sahada her zaman<span class=\"excerpt-hellip\"> [\u2026]<\/span><\/p>\n","protected":false},"featured_media":0,"template":"","meta":{"_monsterinsights_skip_tracking":false,"_monsterinsights_sitenote_active":false,"_monsterinsights_sitenote_note":"","_monsterinsights_sitenote_category":0},"product_brand":[],"product_cat":[14009,12291],"product_tag":[],"class_list":{"0":"post-770081","1":"product","2":"type-product","3":"status-publish","5":"product_cat-biyografi-otobiyografi-edebiyat","6":"product_cat-edebiyat","7":"pa_cilt-ciltsiz","8":"pa_tur-kitap","9":"pa_yayinevi-parodi-yayinlari","10":"pa_yazar-onur-ozgen","12":"first","13":"instock","14":"sale","15":"shipping-taxable","16":"purchasable","17":"product-type-simple"},"_links":{"self":[{"href":"https:\/\/roveyayinevi.com.tr\/index.php\/wp-json\/wp\/v2\/product\/770081","targetHints":{"allow":["GET"]}}],"collection":[{"href":"https:\/\/roveyayinevi.com.tr\/index.php\/wp-json\/wp\/v2\/product"}],"about":[{"href":"https:\/\/roveyayinevi.com.tr\/index.php\/wp-json\/wp\/v2\/types\/product"}],"wp:attachment":[{"href":"https:\/\/roveyayinevi.com.tr\/index.php\/wp-json\/wp\/v2\/media?parent=770081"}],"wp:term":[{"taxonomy":"product_brand","embeddable":true,"href":"https:\/\/roveyayinevi.com.tr\/index.php\/wp-json\/wp\/v2\/product_brand?post=770081"},{"taxonomy":"product_cat","embeddable":true,"href":"https:\/\/roveyayinevi.com.tr\/index.php\/wp-json\/wp\/v2\/product_cat?post=770081"},{"taxonomy":"product_tag","embeddable":true,"href":"https:\/\/roveyayinevi.com.tr\/index.php\/wp-json\/wp\/v2\/product_tag?post=770081"}],"curies":[{"name":"wp","href":"https:\/\/api.w.org\/{rel}","templated":true}]}}