{"id":770072,"date":"2025-08-28T14:17:03","date_gmt":"2025-08-28T11:17:03","guid":{"rendered":"https:\/\/roveyayinevi.com.tr\/index.php\/urun\/muslera-sahanin-yildizlari\/"},"modified":"2026-04-15T03:36:31","modified_gmt":"2026-04-15T00:36:31","slug":"muslera-sahanin-yildizlari","status":"publish","type":"product","link":"https:\/\/roveyayinevi.com.tr\/index.php\/urun\/muslera-sahanin-yildizlari\/","title":{"rendered":"Muslera &#8211; Sahan\u0131n Y\u0131ld\u0131zlar\u0131"},"content":{"rendered":"<p>2023 y\u0131l\u0131 g\u00fcncel bilgileri ve istatistikleriyle!Futbolun destans\u0131 d\u00fcnyas\u0131nda her b\u00fcy\u00fck tak\u0131m\u0131n unutulmaz kahramanlar\u0131 vard\u0131r: Gollerin pe\u015finde ko\u015fan y\u0131ld\u0131z forvetler ve filelerini bir da\u011f gibi koruyan kaleciler. \u0130\u015fte bu b\u00fcy\u00fck kahramanlardan biri de kalesinde \u00e2deta devle\u015fen Fernando Muslera\u2019d\u0131r.Futbol maceras\u0131, hen\u00fcz y\u00fcr\u00fcmeye ba\u015flad\u0131\u011f\u0131 g\u00fcnlerde topa vurdu\u011fu co\u015fkulu bir \u015futla ba\u015flar. Bu an onun futbolun b\u00fcy\u00fcl\u00fc d\u00fcnyas\u0131na fark etmese de ilk dokunu\u015fudur. \u0130lerleyen y\u0131llarda antren\u00f6r\u00fcn\u00fcn kaleci olmas\u0131 y\u00f6n\u00fcndeki \u00f6nerisiyle kaderinin rotas\u0131 \u00e7izilir ve d\u00fcnya, b\u00fcy\u00fck bir kaleciyi selamlar.Futbol yolculu\u011fu onu Galatasaray\u2019la bulu\u015fturdu\u011funda yeni bir d\u00f6nemin perdesi aralan\u0131r. K\u0131sa zamanda herkesin sevgisini kazanan usta kaleci 6 S\u00fcper Lig \u015eampiyonlu\u011fu, 5 T\u00fcrkiye S\u00fcper Kupas\u0131 ve 4 T\u00fcrkiye Kupas\u0131 ile \u00e2deta bir kupa canavar\u0131na d\u00f6n\u00fc\u015f\u00fcr. Muslera her kurtar\u0131\u015f\u0131yla futbolun destan\u0131n\u0131 yazmaya devam ederken bizlerle olan bu efsanevi yolculu\u011fu belki de daha nice y\u0131llar s\u00fcrecektir.<\/p>\n","protected":false},"excerpt":{"rendered":"<p>2023 y\u0131l\u0131 g\u00fcncel bilgileri ve istatistikleriyle!Futbolun destans\u0131 d\u00fcnyas\u0131nda her b\u00fcy\u00fck tak\u0131m\u0131n unutulmaz kahramanlar\u0131 vard\u0131r: Gollerin pe\u015finde ko\u015fan y\u0131ld\u0131z forvetler ve filelerini bir da\u011f gibi koruyan kaleciler.<span class=\"excerpt-hellip\"> [\u2026]<\/span><\/p>\n","protected":false},"featured_media":0,"template":"","meta":{"_monsterinsights_skip_tracking":false,"_monsterinsights_sitenote_active":false,"_monsterinsights_sitenote_note":"","_monsterinsights_sitenote_category":0},"product_brand":[],"product_cat":[14009,12291],"product_tag":[],"class_list":{"0":"post-770072","1":"product","2":"type-product","3":"status-publish","5":"product_cat-biyografi-otobiyografi-edebiyat","6":"product_cat-edebiyat","7":"pa_cilt-ciltsiz","8":"pa_tur-kitap","9":"pa_yayinevi-parodi-yayinlari","10":"pa_yazar-ahmet-koyuncu","12":"first","13":"instock","14":"sale","15":"shipping-taxable","16":"purchasable","17":"product-type-simple"},"_links":{"self":[{"href":"https:\/\/roveyayinevi.com.tr\/index.php\/wp-json\/wp\/v2\/product\/770072","targetHints":{"allow":["GET"]}}],"collection":[{"href":"https:\/\/roveyayinevi.com.tr\/index.php\/wp-json\/wp\/v2\/product"}],"about":[{"href":"https:\/\/roveyayinevi.com.tr\/index.php\/wp-json\/wp\/v2\/types\/product"}],"wp:attachment":[{"href":"https:\/\/roveyayinevi.com.tr\/index.php\/wp-json\/wp\/v2\/media?parent=770072"}],"wp:term":[{"taxonomy":"product_brand","embeddable":true,"href":"https:\/\/roveyayinevi.com.tr\/index.php\/wp-json\/wp\/v2\/product_brand?post=770072"},{"taxonomy":"product_cat","embeddable":true,"href":"https:\/\/roveyayinevi.com.tr\/index.php\/wp-json\/wp\/v2\/product_cat?post=770072"},{"taxonomy":"product_tag","embeddable":true,"href":"https:\/\/roveyayinevi.com.tr\/index.php\/wp-json\/wp\/v2\/product_tag?post=770072"}],"curies":[{"name":"wp","href":"https:\/\/api.w.org\/{rel}","templated":true}]}}