{"id":770065,"date":"2025-08-28T14:16:47","date_gmt":"2025-08-28T11:16:47","guid":{"rendered":"https:\/\/roveyayinevi.com.tr\/index.php\/urun\/derin-sularla-seytan-arasinda-isilti-serisi-1-kitap\/"},"modified":"2026-04-15T03:36:30","modified_gmt":"2026-04-15T00:36:30","slug":"derin-sularla-seytan-arasinda-isilti-serisi-1-kitap","status":"publish","type":"product","link":"https:\/\/roveyayinevi.com.tr\/index.php\/urun\/derin-sularla-seytan-arasinda-isilti-serisi-1-kitap\/","title":{"rendered":"Derin Sularla \u015eeytan Aras\u0131nda (I\u015f\u0131lt\u0131 Serisi &#8211; 1.Kitap)"},"content":{"rendered":"<p>\u015eEYTANLA EL ELE Y\u00dcR\u00dcRKENONDAN KORKAMAZSIN!Ge\u00e7mi\u015fi S\u0131rlarla Dolu Esrarengiz Freddie&#8230; \u00d6l\u00fc Freddie&#8217;nin Hat\u0131ralar\u0131na D\u00fc\u011f\u00fcml\u00fc Violet White&#8230; \u00c7arp\u0131k G\u00fcl\u00fc\u015fl\u00fc, M\u00fckemmel Yalanc\u0131 River West&#8230;Okyanus k\u0131y\u0131s\u0131ndaki s\u0131radan kasaba Echo\u2019da her \u015fey ola\u011fand\u0131. Ta ki bir g\u00fcn esrarengiz yabanc\u0131 River West, White ailesinin k\u00f6hne malik\u00e2nesi Citizen Kane\u2019in misafir evini kiralayana kadar\u2026 \u00c7arp\u0131k g\u00fcl\u00fc\u015fl\u00fc, zeki ve m\u00fckemmel bir yalanc\u0131 olan River, birka\u00e7 g\u00fcn i\u00e7inde hem Violet\u2019\u0131n hem de t\u00fcm Echo kasabas\u0131n\u0131n hayat\u0131n\u0131 de\u011fi\u015ftirir. Do\u011fa\u00fcst\u00fc yetenekleri olan River, herkes i\u00e7in tehlike sa\u00e7arken Violet i\u00e7in hem tekinsiz bir yabanc\u0131 hem de kar\u015f\u0131 konulmaz bir varl\u0131kt\u0131r. Bu gizemli misafirle birlikte White ailesinin s\u0131rlar\u0131 da birer birer ortaya \u00e7\u0131kmaya ba\u015flay\u0131nca Violet kendisini s\u0131ms\u0131k\u0131 bir d\u00fc\u011f\u00fcm\u00fcn ortas\u0131nda bulur.<\/p>\n","protected":false},"excerpt":{"rendered":"<p>\u015eEYTANLA EL ELE Y\u00dcR\u00dcRKENONDAN KORKAMAZSIN!Ge\u00e7mi\u015fi S\u0131rlarla Dolu Esrarengiz Freddie&#8230; \u00d6l\u00fc Freddie&#8217;nin Hat\u0131ralar\u0131na D\u00fc\u011f\u00fcml\u00fc Violet White&#8230; \u00c7arp\u0131k G\u00fcl\u00fc\u015fl\u00fc, M\u00fckemmel Yalanc\u0131 River West&#8230;Okyanus k\u0131y\u0131s\u0131ndaki s\u0131radan kasaba Echo\u2019da her<span class=\"excerpt-hellip\"> [\u2026]<\/span><\/p>\n","protected":false},"featured_media":0,"template":"","meta":{"_monsterinsights_skip_tracking":false,"_monsterinsights_sitenote_active":false,"_monsterinsights_sitenote_note":"","_monsterinsights_sitenote_category":0},"product_brand":[],"product_cat":[12291,14777],"product_tag":[],"class_list":{"0":"post-770065","1":"product","2":"type-product","3":"status-publish","5":"product_cat-edebiyat","6":"product_cat-fantastik","7":"pa_cilt-ciltsiz","8":"pa_tur-kitap","9":"pa_yayinevi-parodi-yayinlari","10":"pa_yazar-april-genevieve-tucholke","12":"first","13":"instock","14":"sale","15":"shipping-taxable","16":"purchasable","17":"product-type-simple"},"_links":{"self":[{"href":"https:\/\/roveyayinevi.com.tr\/index.php\/wp-json\/wp\/v2\/product\/770065","targetHints":{"allow":["GET"]}}],"collection":[{"href":"https:\/\/roveyayinevi.com.tr\/index.php\/wp-json\/wp\/v2\/product"}],"about":[{"href":"https:\/\/roveyayinevi.com.tr\/index.php\/wp-json\/wp\/v2\/types\/product"}],"wp:attachment":[{"href":"https:\/\/roveyayinevi.com.tr\/index.php\/wp-json\/wp\/v2\/media?parent=770065"}],"wp:term":[{"taxonomy":"product_brand","embeddable":true,"href":"https:\/\/roveyayinevi.com.tr\/index.php\/wp-json\/wp\/v2\/product_brand?post=770065"},{"taxonomy":"product_cat","embeddable":true,"href":"https:\/\/roveyayinevi.com.tr\/index.php\/wp-json\/wp\/v2\/product_cat?post=770065"},{"taxonomy":"product_tag","embeddable":true,"href":"https:\/\/roveyayinevi.com.tr\/index.php\/wp-json\/wp\/v2\/product_tag?post=770065"}],"curies":[{"name":"wp","href":"https:\/\/api.w.org\/{rel}","templated":true}]}}