{"id":770063,"date":"2025-08-28T14:16:43","date_gmt":"2025-08-28T11:16:43","guid":{"rendered":"https:\/\/roveyayinevi.com.tr\/index.php\/urun\/prosper-reddingin-tuyler-urpertici-hikayesi\/"},"modified":"2026-04-15T03:36:30","modified_gmt":"2026-04-15T00:36:30","slug":"prosper-reddingin-tuyler-urpertici-hikayesi","status":"publish","type":"product","link":"https:\/\/roveyayinevi.com.tr\/index.php\/urun\/prosper-reddingin-tuyler-urpertici-hikayesi\/","title":{"rendered":"Prosper Redding\u2019in T\u00fcyler \u00dcrpertici Hik\u00e2yesi"},"content":{"rendered":"<p>\u201cBen Prosperity Oceanus Redding, belki de Prens Alastor&#8230; Sana bilmediklerini anlatmaya geldim. Yakla\u015f, duyman gereken \u015feyler var. Yaln\u0131z senden mi ibaret sand\u0131n bu d\u00fcnya? O h\u00e2lde \u00e7ok yaz\u0131k sana.\u201d\u00dc\u00e7\u00fcnc\u00fc \u00c2lem\u2019in soylu prensi \u015feytan Alastor\u2026 As\u0131rlar sonra yatt\u0131\u011f\u0131 uykudan tek bir ama\u00e7la uyand\u0131: Kendisine ihanet edenleri bir bir avlay\u0131p yok etmek. Hain aile Reddinglerin en gen\u00e7 \u00fcyesi Prosper\u2019in bedenine hapsolmu\u015fken \u00f6zg\u00fcrl\u00fc\u011f\u00fcne kavu\u015fup intikam almas\u0131n\u0131n tek yolu ise konak\u00e7\u0131s\u0131yla bir s\u00f6zle\u015fme imzalamak. Fakat bu o kadar kolay olmayacak. Kimin ger\u00e7ekleri anlatt\u0131\u011f\u0131n\u0131 kimin yalan s\u00f6yledi\u011fini bilmedi\u011finiz bir d\u00fcnyada do\u011fru yolu bulmak imk\u00e2ns\u0131z bir h\u00e2l al\u0131rsa&#8230; \u0130\u00e7inizdeki \u015feytana sar\u0131l\u0131r m\u0131yd\u0131n\u0131z? Ya da insana?<\/p>\n","protected":false},"excerpt":{"rendered":"<p>\u201cBen Prosperity Oceanus Redding, belki de Prens Alastor&#8230; Sana bilmediklerini anlatmaya geldim. Yakla\u015f, duyman gereken \u015feyler var. Yaln\u0131z senden mi ibaret sand\u0131n bu d\u00fcnya? O h\u00e2lde<span class=\"excerpt-hellip\"> [\u2026]<\/span><\/p>\n","protected":false},"featured_media":0,"template":"","meta":{"_monsterinsights_skip_tracking":false,"_monsterinsights_sitenote_active":false,"_monsterinsights_sitenote_note":"","_monsterinsights_sitenote_category":0},"product_brand":[],"product_cat":[12291,14777],"product_tag":[],"class_list":{"0":"post-770063","1":"product","2":"type-product","3":"status-publish","5":"product_cat-edebiyat","6":"product_cat-fantastik","7":"pa_cilt-ciltsiz","8":"pa_tur-kitap","9":"pa_yayinevi-parodi-yayinlari","10":"pa_yazar-alexandra-bracken","12":"first","13":"instock","14":"sale","15":"shipping-taxable","16":"purchasable","17":"product-type-simple"},"_links":{"self":[{"href":"https:\/\/roveyayinevi.com.tr\/index.php\/wp-json\/wp\/v2\/product\/770063","targetHints":{"allow":["GET"]}}],"collection":[{"href":"https:\/\/roveyayinevi.com.tr\/index.php\/wp-json\/wp\/v2\/product"}],"about":[{"href":"https:\/\/roveyayinevi.com.tr\/index.php\/wp-json\/wp\/v2\/types\/product"}],"wp:attachment":[{"href":"https:\/\/roveyayinevi.com.tr\/index.php\/wp-json\/wp\/v2\/media?parent=770063"}],"wp:term":[{"taxonomy":"product_brand","embeddable":true,"href":"https:\/\/roveyayinevi.com.tr\/index.php\/wp-json\/wp\/v2\/product_brand?post=770063"},{"taxonomy":"product_cat","embeddable":true,"href":"https:\/\/roveyayinevi.com.tr\/index.php\/wp-json\/wp\/v2\/product_cat?post=770063"},{"taxonomy":"product_tag","embeddable":true,"href":"https:\/\/roveyayinevi.com.tr\/index.php\/wp-json\/wp\/v2\/product_tag?post=770063"}],"curies":[{"name":"wp","href":"https:\/\/api.w.org\/{rel}","templated":true}]}}