{"id":770058,"date":"2025-08-28T14:16:32","date_gmt":"2025-08-28T11:16:32","guid":{"rendered":"https:\/\/roveyayinevi.com.tr\/index.php\/urun\/hosgor-koftecisi-2\/"},"modified":"2026-04-15T03:36:30","modified_gmt":"2026-04-15T00:36:30","slug":"hosgor-koftecisi-2","status":"publish","type":"product","link":"https:\/\/roveyayinevi.com.tr\/index.php\/urun\/hosgor-koftecisi-2\/","title":{"rendered":"Ho\u015fg\u00f6r K\u00f6ftecisi"},"content":{"rendered":"<p>\u201cBiz, en k\u00fc\u00e7\u00fck menfaatlerini bile korumaktan \u00e2ciz zavall\u0131lar, nas\u0131l onlarla bir oluruz. Biz, tan\u0131mad\u0131\u011f\u0131m\u0131z o b\u00fcy\u00fck s\u0131n\u0131f\u0131n, o fakir s\u0131n\u0131f\u0131n adam\u0131y\u0131z. Ama tan\u0131mad\u0131\u011f\u0131m\u0131z i\u00e7in de onlardan, onlar\u0131n hayat\u0131ndan bahsedemeyiz. \u00dcstelik tehlikeli bir i\u015f o.\u0130nsana sol diyorlar, kom\u00fcnist diyorlar.\u0130yisi mi, bir yazar hep suya sabuna dokunmayan yaz\u0131lar yazmal\u0131.Ben de \u00f6yle yapaca\u011f\u0131m,\u201d der Orhan Veli Ho\u015fg\u00f6r K\u00f6ftecisi\u2019nde, bu s\u00f6yledi\u011finin tam aksini yapaca\u011f\u0131n\u0131n bilinciyle. Yapar da.\u00d6yk\u00fcler anlat\u0131r \u00e7\u00fcnk\u00fc bilir ki bir insan\u0131 ancak \u00f6yk\u00fcler kurtar\u0131r.Ama \u00f6yle cam bir fanus i\u00e7inde ya\u015fananlar\u0131n \u00f6yk\u00fcs\u00fc de\u011fildir anlatt\u0131klar\u0131.Elinde bir ta\u015f, tuzla buz eder o cam fanusu ve halka, hayata kar\u0131\u015f\u0131r.Bahardan bahseder, lokantalardan, bal\u0131k tutmaktan; i\u015fsizlikten, ne menem bir \u015fey oldu\u011fundan, zenginden, fakirden bahseder.Herkesin hik\u00e2yesidir kaleminden d\u00f6k\u00fclen. Baz\u0131 hik\u00e2yeler hakikatin y\u00fcre\u011finden \u00e7\u0131k\u0131p gelir ve okuyan\u0131n kalbine dokunur. Baz\u0131 hik\u00e2yeciler de hakikatleri insanlara ula\u015ft\u0131ran o yol olur. O yollar\u0131n en temizlerinden ve en g\u00fczellerinden biri olan Orhan Veli\u2019nin, insana insan\u0131 anlatt\u0131\u011f\u0131 \u00f6yk\u00fclerini sizler i\u00e7in bir araya getirdik.<\/p>\n","protected":false},"excerpt":{"rendered":"<p>\u201cBiz, en k\u00fc\u00e7\u00fck menfaatlerini bile korumaktan \u00e2ciz zavall\u0131lar, nas\u0131l onlarla bir oluruz. Biz, tan\u0131mad\u0131\u011f\u0131m\u0131z o b\u00fcy\u00fck s\u0131n\u0131f\u0131n, o fakir s\u0131n\u0131f\u0131n adam\u0131y\u0131z. Ama tan\u0131mad\u0131\u011f\u0131m\u0131z i\u00e7in de onlardan,<span class=\"excerpt-hellip\"> [\u2026]<\/span><\/p>\n","protected":false},"featured_media":0,"template":"","meta":{"_monsterinsights_skip_tracking":false,"_monsterinsights_sitenote_active":false,"_monsterinsights_sitenote_note":"","_monsterinsights_sitenote_category":0},"product_brand":[],"product_cat":[12291,12711],"product_tag":[],"class_list":{"0":"post-770058","1":"product","2":"type-product","3":"status-publish","5":"product_cat-edebiyat","6":"product_cat-roman-oyku","7":"pa_cilt-ciltsiz","8":"pa_tur-kitap","9":"pa_yayinevi-parodi-yayinlari","10":"pa_yazar-orhan-veli","12":"first","13":"instock","14":"sale","15":"shipping-taxable","16":"purchasable","17":"product-type-simple"},"_links":{"self":[{"href":"https:\/\/roveyayinevi.com.tr\/index.php\/wp-json\/wp\/v2\/product\/770058","targetHints":{"allow":["GET"]}}],"collection":[{"href":"https:\/\/roveyayinevi.com.tr\/index.php\/wp-json\/wp\/v2\/product"}],"about":[{"href":"https:\/\/roveyayinevi.com.tr\/index.php\/wp-json\/wp\/v2\/types\/product"}],"wp:attachment":[{"href":"https:\/\/roveyayinevi.com.tr\/index.php\/wp-json\/wp\/v2\/media?parent=770058"}],"wp:term":[{"taxonomy":"product_brand","embeddable":true,"href":"https:\/\/roveyayinevi.com.tr\/index.php\/wp-json\/wp\/v2\/product_brand?post=770058"},{"taxonomy":"product_cat","embeddable":true,"href":"https:\/\/roveyayinevi.com.tr\/index.php\/wp-json\/wp\/v2\/product_cat?post=770058"},{"taxonomy":"product_tag","embeddable":true,"href":"https:\/\/roveyayinevi.com.tr\/index.php\/wp-json\/wp\/v2\/product_tag?post=770058"}],"curies":[{"name":"wp","href":"https:\/\/api.w.org\/{rel}","templated":true}]}}