{"id":770057,"date":"2025-08-28T14:16:30","date_gmt":"2025-08-28T11:16:30","guid":{"rendered":"https:\/\/roveyayinevi.com.tr\/index.php\/urun\/hayvan-ciftligi-33\/"},"modified":"2026-04-15T03:36:30","modified_gmt":"2026-04-15T00:36:30","slug":"hayvan-ciftligi-33","status":"publish","type":"product","link":"https:\/\/roveyayinevi.com.tr\/index.php\/urun\/hayvan-ciftligi-33\/","title":{"rendered":"Hayvan \u00c7iftli\u011fi"},"content":{"rendered":"<p>\u00dcretmeden t\u00fcketen tek canl\u0131 insand\u0131.Ne s\u00fct verirdi ne yumurtlard\u0131 ne de topra\u011f\u0131 s\u00fcrebilirdi.O zaman t\u00fcm hayvanlar\u0131n efendisi olmas\u0131ndaki maksat neydi?\u0130nsano\u011flu bir ortadan kalksa o vakit ne a\u00e7l\u0131k ne de k\u00f6le misali \u00e7al\u0131\u015fmak kal\u0131rd\u0131.O h\u00e2lde t\u00fcm insanlar d\u00fc\u015fman, t\u00fcm hayvanlarsa yolda\u015ft\u0131.Hayvanlar\u0131n h\u00e2kimiyetinde elbet her \u015fey farkl\u0131 olacakt\u0131.Belki kolay bir hayat s\u00fcrm\u00fcyorlard\u0131, T\u00fcm istediklerine de kavu\u015famam\u0131\u015flard\u0131 ama durumlar\u0131 di\u011ferleri gibi de say\u0131lmazd\u0131. A\u00e7 kal\u0131yorlarsa da insanlar\u0131 beslemiyorlard\u0131, \u00e7ok yoruluyorlarsa bile kendileri i\u00e7in \u00e7al\u0131\u015f\u0131yorlard\u0131. Peki, bu d\u00fczen nereye kadard\u0131?Edebiyat\u0131n \u00f6nemli isimlerinden biri olan George Orwell, Hayvan \u00c7iftli\u011fi\u2019nde 1940\u2019lar\u0131n sosyalizmini ele\u015ftirir ve bu ele\u015ftirisini, yaratt\u0131\u011f\u0131 s\u0131ra d\u0131\u015f\u0131 bir d\u00fcnya d\u00fczeni \u00fczerinden yapar.\u2018B\u00fct\u00fcn hayvanlar e\u015fittir ama baz\u0131 hayvanlar di\u011ferlerinden daha e\u015fittir,\u2019 der ve okuyucular\u0131 e\u015fitlik, adalet, h\u00fcrriyet gibi kavramlar hakk\u0131nda d\u00fc\u015f\u00fcnmeye sevk eder.<\/p>\n","protected":false},"excerpt":{"rendered":"<p>\u00dcretmeden t\u00fcketen tek canl\u0131 insand\u0131.Ne s\u00fct verirdi ne yumurtlard\u0131 ne de topra\u011f\u0131 s\u00fcrebilirdi.O zaman t\u00fcm hayvanlar\u0131n efendisi olmas\u0131ndaki maksat neydi?\u0130nsano\u011flu bir ortadan kalksa o vakit ne<span class=\"excerpt-hellip\"> [\u2026]<\/span><\/p>\n","protected":false},"featured_media":0,"template":"","meta":{"_monsterinsights_skip_tracking":false,"_monsterinsights_sitenote_active":false,"_monsterinsights_sitenote_note":"","_monsterinsights_sitenote_category":0},"product_brand":[],"product_cat":[12291,12711],"product_tag":[],"class_list":{"0":"post-770057","1":"product","2":"type-product","3":"status-publish","5":"product_cat-edebiyat","6":"product_cat-roman-oyku","7":"pa_cilt-ciltsiz","8":"pa_tur-kitap","9":"pa_yayinevi-parodi-yayinlari","10":"pa_yazar-george-orwell","12":"first","13":"instock","14":"sale","15":"shipping-taxable","16":"purchasable","17":"product-type-simple"},"_links":{"self":[{"href":"https:\/\/roveyayinevi.com.tr\/index.php\/wp-json\/wp\/v2\/product\/770057","targetHints":{"allow":["GET"]}}],"collection":[{"href":"https:\/\/roveyayinevi.com.tr\/index.php\/wp-json\/wp\/v2\/product"}],"about":[{"href":"https:\/\/roveyayinevi.com.tr\/index.php\/wp-json\/wp\/v2\/types\/product"}],"wp:attachment":[{"href":"https:\/\/roveyayinevi.com.tr\/index.php\/wp-json\/wp\/v2\/media?parent=770057"}],"wp:term":[{"taxonomy":"product_brand","embeddable":true,"href":"https:\/\/roveyayinevi.com.tr\/index.php\/wp-json\/wp\/v2\/product_brand?post=770057"},{"taxonomy":"product_cat","embeddable":true,"href":"https:\/\/roveyayinevi.com.tr\/index.php\/wp-json\/wp\/v2\/product_cat?post=770057"},{"taxonomy":"product_tag","embeddable":true,"href":"https:\/\/roveyayinevi.com.tr\/index.php\/wp-json\/wp\/v2\/product_tag?post=770057"}],"curies":[{"name":"wp","href":"https:\/\/api.w.org\/{rel}","templated":true}]}}