{"id":770040,"date":"2025-08-28T14:15:56","date_gmt":"2025-08-28T11:15:56","guid":{"rendered":"https:\/\/roveyayinevi.com.tr\/index.php\/urun\/vatanimsin\/"},"modified":"2026-04-15T03:36:30","modified_gmt":"2026-04-15T00:36:30","slug":"vatanimsin","status":"publish","type":"product","link":"https:\/\/roveyayinevi.com.tr\/index.php\/urun\/vatanimsin\/","title":{"rendered":"Vatan\u0131ms\u0131n"},"content":{"rendered":"<p>Ahsen\u2026 Ba\u015f\u0131na gelenlerin y\u00fck\u00fcn\u00fc ta\u015f\u0131yan bir gen\u00e7 k\u0131z. Yaln\u0131z ve savunmas\u0131z kald\u0131\u011f\u0131nda, kar\u015f\u0131s\u0131na \u00e7\u0131kan bir \u00e7ift hayat\u0131n\u0131 tamamen de\u011fi\u015ftirir.\u00c7a\u011fan\u2019\u0131n kalbi ise yaln\u0131zca vatan\u0131 i\u00e7in atmaktad\u0131r. Ancak Ahsen\u2019le tan\u0131\u015fmas\u0131 onun i\u00e7in bir d\u00f6n\u00fcm noktas\u0131 olur.AHSEN\u0130nsanlar\u0131n yere g\u00f6\u011fe s\u0131\u011fd\u0131ramad\u0131\u011f\u0131, o \u00fcnl\u00fc komutan bu mu diye d\u00fc\u015f\u00fcnd\u00fcm. Vatan\u0131 u\u011fruna bunca fedakarl\u0131k yapan bir asker bana kar\u015f\u0131 nas\u0131l bu kadar sert olabiliyordu? Halbuki bu evlili\u011fi onun kadar ben de istememi\u015ftim. Ne olurdu sanki beni de vatan\u0131 gibi g\u00f6rse? Ne olurdu beni de vatan\u0131 kadar sevse? Asker e\u015fiydim art\u0131k. Vatan\u0131 u\u011fruna \u00f6lmeyi \u00f6d\u00fcl sayan bir adama e\u015f olmu\u015ftum. Bu \u00fcnl\u00fc komutan, benimle evlenerek \u00e7aresizli\u011fime umut olmu\u015f, beni \u00f6l\u00fcmden kurtarm\u0131\u015ft\u0131 ve yine bu sebepten bana mecburdu. \u0130nsanlar \u00f6nce \u00e2\u015f\u0131k oluyor sonra evleniyordu. Bense evlendi\u011fim adama deli gibi \u00e2\u015f\u0131k olmu\u015ftum.\u00c7A\u011eANBir adam mecbur oldu\u011fu kad\u0131na vatan\u0131ms\u0131n diyebilir miydi?<\/p>\n","protected":false},"excerpt":{"rendered":"<p>Ahsen\u2026 Ba\u015f\u0131na gelenlerin y\u00fck\u00fcn\u00fc ta\u015f\u0131yan bir gen\u00e7 k\u0131z. Yaln\u0131z ve savunmas\u0131z kald\u0131\u011f\u0131nda, kar\u015f\u0131s\u0131na \u00e7\u0131kan bir \u00e7ift hayat\u0131n\u0131 tamamen de\u011fi\u015ftirir.\u00c7a\u011fan\u2019\u0131n kalbi ise yaln\u0131zca vatan\u0131 i\u00e7in atmaktad\u0131r. Ancak<span class=\"excerpt-hellip\"> [\u2026]<\/span><\/p>\n","protected":false},"featured_media":0,"template":"","meta":{"_monsterinsights_skip_tracking":false,"_monsterinsights_sitenote_active":false,"_monsterinsights_sitenote_note":"","_monsterinsights_sitenote_category":0},"product_brand":[],"product_cat":[14643,12291],"product_tag":[],"class_list":{"0":"post-770040","1":"product","2":"type-product","3":"status-publish","5":"product_cat-ask","6":"product_cat-edebiyat","7":"pa_cilt-ciltsiz","8":"pa_tur-kitap","9":"pa_yayinevi-epsilon-yayinlari","10":"pa_yazar-pinar-ozen","12":"first","13":"instock","14":"sale","15":"shipping-taxable","16":"purchasable","17":"product-type-simple"},"_links":{"self":[{"href":"https:\/\/roveyayinevi.com.tr\/index.php\/wp-json\/wp\/v2\/product\/770040","targetHints":{"allow":["GET"]}}],"collection":[{"href":"https:\/\/roveyayinevi.com.tr\/index.php\/wp-json\/wp\/v2\/product"}],"about":[{"href":"https:\/\/roveyayinevi.com.tr\/index.php\/wp-json\/wp\/v2\/types\/product"}],"wp:attachment":[{"href":"https:\/\/roveyayinevi.com.tr\/index.php\/wp-json\/wp\/v2\/media?parent=770040"}],"wp:term":[{"taxonomy":"product_brand","embeddable":true,"href":"https:\/\/roveyayinevi.com.tr\/index.php\/wp-json\/wp\/v2\/product_brand?post=770040"},{"taxonomy":"product_cat","embeddable":true,"href":"https:\/\/roveyayinevi.com.tr\/index.php\/wp-json\/wp\/v2\/product_cat?post=770040"},{"taxonomy":"product_tag","embeddable":true,"href":"https:\/\/roveyayinevi.com.tr\/index.php\/wp-json\/wp\/v2\/product_tag?post=770040"}],"curies":[{"name":"wp","href":"https:\/\/api.w.org\/{rel}","templated":true}]}}