{"id":770023,"date":"2025-08-28T14:15:08","date_gmt":"2025-08-28T11:15:08","guid":{"rendered":"https:\/\/roveyayinevi.com.tr\/index.php\/urun\/doktor-oxun-deneyi-5\/"},"modified":"2026-04-15T03:36:29","modified_gmt":"2026-04-15T00:36:29","slug":"doktor-oxun-deneyi-5","status":"publish","type":"product","link":"https:\/\/roveyayinevi.com.tr\/index.php\/urun\/doktor-oxun-deneyi-5\/","title":{"rendered":"Doktor Ox&#8217;un Deneyi"},"content":{"rendered":"<p>Sakin halk\u0131 ve yava\u015f ya\u015fam\u0131yla bilinen Quiquendone kenti as\u0131rlard\u0131r tek bir kavgan\u0131n olmad\u0131\u011f\u0131, kimsenin kimseyle anla\u015fmazl\u0131k ya\u015famad\u0131\u011f\u0131, hi\u00e7bir insan\u0131n duygular\u0131n\u0131n kontrol\u00fcne girmedi\u011fi bir yerdir. Burada kalpler bile ayn\u0131 ritimle atmaktad\u0131r.Ne var ki hayat Doktor Ox ve asistan\u0131n\u0131n geli\u015fiyle karma\u015f\u0131k bir hal al\u0131r; y\u00fczy\u0131llard\u0131r sessiz sakin s\u00fcren ya\u015fam birden bamba\u015fka bir d\u00fczene girer. Bu durumun sebebini ise Doktor Ox\u2019tan ve asistan\u0131ndan ba\u015fka bilen hi\u00e7 kimse yoktur.Usta yazar Jules Verne, ola\u011fan d\u0131\u015f\u0131 unsurlarla bezedi\u011fi bu eserinde insanlar\u0131n gelenekselli\u011fini, b\u00fcrokratik hayattaki baz\u0131 tutumlar\u0131, bilimin k\u00f6t\u00fc niyetli ellerle ne hale getirilebilece\u011fini ince bir anlay\u0131\u015fla g\u00f6sterip hicvederek okuru da bu konularda d\u00fc\u015f\u00fcnmeye sevk ediyor.<\/p>\n","protected":false},"excerpt":{"rendered":"<p>Sakin halk\u0131 ve yava\u015f ya\u015fam\u0131yla bilinen Quiquendone kenti as\u0131rlard\u0131r tek bir kavgan\u0131n olmad\u0131\u011f\u0131, kimsenin kimseyle anla\u015fmazl\u0131k ya\u015famad\u0131\u011f\u0131, hi\u00e7bir insan\u0131n duygular\u0131n\u0131n kontrol\u00fcne girmedi\u011fi bir yerdir. Burada kalpler<span class=\"excerpt-hellip\"> [\u2026]<\/span><\/p>\n","protected":false},"featured_media":0,"template":"","meta":{"_monsterinsights_skip_tracking":false,"_monsterinsights_sitenote_active":false,"_monsterinsights_sitenote_note":"","_monsterinsights_sitenote_category":0},"product_brand":[],"product_cat":[12291,13872],"product_tag":[],"class_list":{"0":"post-770023","1":"product","2":"type-product","3":"status-publish","5":"product_cat-edebiyat","6":"product_cat-klasikler","7":"pa_cilt-ciltsiz","8":"pa_tur-kitap","9":"pa_yayinevi-parodi-yayinlari","10":"pa_yazar-jules-verne","12":"first","13":"instock","14":"sale","15":"shipping-taxable","16":"purchasable","17":"product-type-simple"},"_links":{"self":[{"href":"https:\/\/roveyayinevi.com.tr\/index.php\/wp-json\/wp\/v2\/product\/770023","targetHints":{"allow":["GET"]}}],"collection":[{"href":"https:\/\/roveyayinevi.com.tr\/index.php\/wp-json\/wp\/v2\/product"}],"about":[{"href":"https:\/\/roveyayinevi.com.tr\/index.php\/wp-json\/wp\/v2\/types\/product"}],"wp:attachment":[{"href":"https:\/\/roveyayinevi.com.tr\/index.php\/wp-json\/wp\/v2\/media?parent=770023"}],"wp:term":[{"taxonomy":"product_brand","embeddable":true,"href":"https:\/\/roveyayinevi.com.tr\/index.php\/wp-json\/wp\/v2\/product_brand?post=770023"},{"taxonomy":"product_cat","embeddable":true,"href":"https:\/\/roveyayinevi.com.tr\/index.php\/wp-json\/wp\/v2\/product_cat?post=770023"},{"taxonomy":"product_tag","embeddable":true,"href":"https:\/\/roveyayinevi.com.tr\/index.php\/wp-json\/wp\/v2\/product_tag?post=770023"}],"curies":[{"name":"wp","href":"https:\/\/api.w.org\/{rel}","templated":true}]}}