{"id":770012,"date":"2025-08-28T14:14:45","date_gmt":"2025-08-28T11:14:45","guid":{"rendered":"https:\/\/roveyayinevi.com.tr\/index.php\/urun\/nikah-ve-pazarliklar\/"},"modified":"2026-04-15T03:36:29","modified_gmt":"2026-04-15T00:36:29","slug":"nikah-ve-pazarliklar","status":"publish","type":"product","link":"https:\/\/roveyayinevi.com.tr\/index.php\/urun\/nikah-ve-pazarliklar\/","title":{"rendered":"Nikah ve Pazarl\u0131klar"},"content":{"rendered":"<p>Nurg\u00fcl Certel, T\u00fcrkiye\u2019nin a\u015fina oldu\u011fu fakat ara\u015ft\u0131rma konusu olarak \u00e7o\u011funlukla g\u00f6zden ka\u00e7m\u0131\u015f bir hususu ele al\u0131yor: \u00c7oke\u015flilik. Suriye i\u00e7 sava\u015f\u0131n\u0131n neden oldu\u011fu zorunlu g\u00f6\u00e7 sonras\u0131, Suriyeli kad\u0131nlarla yap\u0131lan \u00e7oke\u015fli evlilikleri yerinde g\u00f6zlemledi\u011fi \u00e7al\u0131\u015fmas\u0131nda, bu evliliklerin taraflar\u0131ndan olan erkeklerin, \u00e7oke\u015fli evlilikleri nas\u0131l me\u015frula\u015ft\u0131rd\u0131klar\u0131n\u0131 g\u00f6steriyor. Erkeklerin, \u201cma\u011fdur olana sahip \u00e7\u0131kmak\u201d, \u201c\u00e7ocuk sahibi (a\u011f\u0131rl\u0131kla erkek \u00e7ocu\u011fu) olamamak\u201d, \u201csevgisiz ve ge\u00e7imsiz evlilikler\u201d gibi sebeplerle yap\u0131ld\u0131\u011f\u0131n\u0131 iddia ettikleri \u00e7oke\u015fli evliliklerin di\u011fer taraflar\u0131 olan kad\u0131nlar\u0131n da sesi oluyor. Hem T\u00fcrkiyeli \u201cilk e\u015flerle\u201d hem de Suriyeli \u201cikinci-\u00fc\u00e7\u00fcnc\u00fc e\u015flerle\u201d yap\u0131lan g\u00f6r\u00fc\u015fmeler neticesinde kad\u0131nlar\u0131n bu evliliklere nas\u0131l ve neden \u201craz\u0131 olduklar\u0131n\u0131\/edildiklerini\u201d, evlilik i\u00e7i dinamikleri ve ili\u015fkileri a\u00e7\u0131klama \u00e7abas\u0131n\u0131n yan\u0131 s\u0131ra bu evliliklerin \u201carac\u0131lar\u0131n\u0131\u201d, kad\u0131nlar\u0131n bir meta gibi pazarl\u0131k konusu haline getirilmelerini, kad\u0131nlar \u00fczerinden kurulan \u00e7\u0131kar ili\u015fkilerini ve sa\u011flanan kazan\u00e7lar\u0131 da es ge\u00e7miyor. Nik\u00e2h ve Pazarl\u0131klar, \u00e7oke\u015fli evlilikler ger\u00e7e\u011fine \u0131\u015f\u0131k tutarken, erkeklik \u00e7al\u0131\u015fmalar\u0131na da katk\u0131 sa\u011flayacak bir kitap\u2026 \u201cAtaerkil toplumlarda s\u0131kl\u0131kla kar\u015f\u0131la\u015f\u0131lan fakat ataerkil olmayan ortamlarda bile erke\u011fin her t\u00fcrl\u00fc ihtiya\u00e7lar\u0131n\u0131n kabul g\u00f6rd\u00fc\u011f\u00fc bir erkek ayr\u0131cal\u0131\u011f\u0131, erke\u011fin t\u00fcm ihtiya\u00e7lar\u0131n\u0131n sorgusuz kar\u015f\u0131lanmas\u0131 gerekti\u011fini ola\u011fanla\u015ft\u0131rm\u0131\u015ft\u0131r. Erke\u011fin daha fazla ilgiye ve cinselli\u011fe olan ihtiyac\u0131 herkes\u00e7e i\u00e7selle\u015ftirilmi\u015f, bunu kar\u015f\u0131lamas\u0131 i\u00e7in se\u00e7ti\u011fi yollar kabul g\u00f6rm\u00fc\u015ft\u00fcr. \u00c7oke\u015fli olman\u0131n erkeklere faydas\u0131 erke\u011fin ihtiya\u00e7lar\u0131n\u0131n duraksamadan kar\u015f\u0131lanmas\u0131 \u00fczerine bir hayatt\u0131r.\u201d<\/p>\n","protected":false},"excerpt":{"rendered":"<p>Nurg\u00fcl Certel, T\u00fcrkiye\u2019nin a\u015fina oldu\u011fu fakat ara\u015ft\u0131rma konusu olarak \u00e7o\u011funlukla g\u00f6zden ka\u00e7m\u0131\u015f bir hususu ele al\u0131yor: \u00c7oke\u015flilik. Suriye i\u00e7 sava\u015f\u0131n\u0131n neden oldu\u011fu zorunlu g\u00f6\u00e7 sonras\u0131, Suriyeli<span class=\"excerpt-hellip\"> [\u2026]<\/span><\/p>\n","protected":false},"featured_media":0,"template":"","meta":{"_monsterinsights_skip_tracking":false,"_monsterinsights_sitenote_active":false,"_monsterinsights_sitenote_note":"","_monsterinsights_sitenote_category":0},"product_brand":[],"product_cat":[13252,12324],"product_tag":[],"class_list":{"0":"post-770012","1":"product","2":"type-product","3":"status-publish","5":"product_cat-kadin-calismalari","6":"product_cat-sosyoloji","7":"pa_cilt-ciltsiz","8":"pa_tur-kitap","9":"pa_yayinevi-iletisim-yayinlari","10":"pa_yazar-nurgul-certel","12":"first","13":"instock","14":"sale","15":"shipping-taxable","16":"purchasable","17":"product-type-simple"},"_links":{"self":[{"href":"https:\/\/roveyayinevi.com.tr\/index.php\/wp-json\/wp\/v2\/product\/770012","targetHints":{"allow":["GET"]}}],"collection":[{"href":"https:\/\/roveyayinevi.com.tr\/index.php\/wp-json\/wp\/v2\/product"}],"about":[{"href":"https:\/\/roveyayinevi.com.tr\/index.php\/wp-json\/wp\/v2\/types\/product"}],"wp:attachment":[{"href":"https:\/\/roveyayinevi.com.tr\/index.php\/wp-json\/wp\/v2\/media?parent=770012"}],"wp:term":[{"taxonomy":"product_brand","embeddable":true,"href":"https:\/\/roveyayinevi.com.tr\/index.php\/wp-json\/wp\/v2\/product_brand?post=770012"},{"taxonomy":"product_cat","embeddable":true,"href":"https:\/\/roveyayinevi.com.tr\/index.php\/wp-json\/wp\/v2\/product_cat?post=770012"},{"taxonomy":"product_tag","embeddable":true,"href":"https:\/\/roveyayinevi.com.tr\/index.php\/wp-json\/wp\/v2\/product_tag?post=770012"}],"curies":[{"name":"wp","href":"https:\/\/api.w.org\/{rel}","templated":true}]}}