{"id":770006,"date":"2025-08-28T14:14:31","date_gmt":"2025-08-28T11:14:31","guid":{"rendered":"https:\/\/roveyayinevi.com.tr\/index.php\/urun\/ermis-12\/"},"modified":"2026-04-15T03:36:29","modified_gmt":"2026-04-15T00:36:29","slug":"ermis-12","status":"publish","type":"product","link":"https:\/\/roveyayinevi.com.tr\/index.php\/urun\/ermis-12\/","title":{"rendered":"Ermi\u015f"},"content":{"rendered":"<p>\u201cElindekini avucundakini vermek de\u011fildir l\u00fctfetmek.Esas l\u00fctuf kendinden vermektir.\u201dSevda nedir ya da ac\u0131; nelere izin vermelidir insan ve nas\u0131l olmal\u0131d\u0131r yuvas\u0131? G\u00fczellik neresindedir asl\u0131nda ya\u015fam\u0131n ya da nedir ne\u015fe dedikleri?Peki ne denir kedere, mutlulu\u011fun yan\u0131nda?Ne olmal\u0131 cezas\u0131 bu hayatta i\u015flenen su\u00e7lar\u0131n?Kime demeli iyi diye veyahut ne d\u00fc\u015f\u00fcnmeli k\u00f6t\u00fc i\u00e7in?Nas\u0131l h\u00fcr olur insan ve nedir boyunduru\u011fu?Halil Cibran, hayata dair d\u00fc\u015f\u00fcnd\u00fc\u011f\u00fc ne varsaEl Mustafa arac\u0131l\u0131\u011f\u0131yla aktar\u0131r bize Ermi\u015f\u2019te.Usta sanat\u00e7\u0131, bu ba\u015fyap\u0131t\u0131nda insano\u011flunun en derin noktalar\u0131natemas etmekle kalmaz; ayn\u0131 zamanda hayat\u0131 anlamland\u0131rmam\u0131zayard\u0131mc\u0131 olup i\u00e7imizdeki karanl\u0131\u011fa da bir \u0131\u015f\u0131k yakar.<\/p>\n","protected":false},"excerpt":{"rendered":"<p>\u201cElindekini avucundakini vermek de\u011fildir l\u00fctfetmek.Esas l\u00fctuf kendinden vermektir.\u201dSevda nedir ya da ac\u0131; nelere izin vermelidir insan ve nas\u0131l olmal\u0131d\u0131r yuvas\u0131? G\u00fczellik neresindedir asl\u0131nda ya\u015fam\u0131n ya da<span class=\"excerpt-hellip\"> [\u2026]<\/span><\/p>\n","protected":false},"featured_media":0,"template":"","meta":{"_monsterinsights_skip_tracking":false,"_monsterinsights_sitenote_active":false,"_monsterinsights_sitenote_note":"","_monsterinsights_sitenote_category":0},"product_brand":[],"product_cat":[12291,12711],"product_tag":[],"class_list":{"0":"post-770006","1":"product","2":"type-product","3":"status-publish","5":"product_cat-edebiyat","6":"product_cat-roman-oyku","7":"pa_cilt-ciltsiz","8":"pa_tur-kitap","9":"pa_yayinevi-parodi-yayinlari","10":"pa_yazar-halil-cibran","12":"first","13":"instock","14":"sale","15":"shipping-taxable","16":"purchasable","17":"product-type-simple"},"_links":{"self":[{"href":"https:\/\/roveyayinevi.com.tr\/index.php\/wp-json\/wp\/v2\/product\/770006","targetHints":{"allow":["GET"]}}],"collection":[{"href":"https:\/\/roveyayinevi.com.tr\/index.php\/wp-json\/wp\/v2\/product"}],"about":[{"href":"https:\/\/roveyayinevi.com.tr\/index.php\/wp-json\/wp\/v2\/types\/product"}],"wp:attachment":[{"href":"https:\/\/roveyayinevi.com.tr\/index.php\/wp-json\/wp\/v2\/media?parent=770006"}],"wp:term":[{"taxonomy":"product_brand","embeddable":true,"href":"https:\/\/roveyayinevi.com.tr\/index.php\/wp-json\/wp\/v2\/product_brand?post=770006"},{"taxonomy":"product_cat","embeddable":true,"href":"https:\/\/roveyayinevi.com.tr\/index.php\/wp-json\/wp\/v2\/product_cat?post=770006"},{"taxonomy":"product_tag","embeddable":true,"href":"https:\/\/roveyayinevi.com.tr\/index.php\/wp-json\/wp\/v2\/product_tag?post=770006"}],"curies":[{"name":"wp","href":"https:\/\/api.w.org\/{rel}","templated":true}]}}