{"id":769981,"date":"2025-08-28T14:13:26","date_gmt":"2025-08-28T11:13:26","guid":{"rendered":"https:\/\/roveyayinevi.com.tr\/index.php\/urun\/merlin-serisi-3-kitap-alev-dalgalari\/"},"modified":"2026-04-15T03:36:28","modified_gmt":"2026-04-15T00:36:28","slug":"merlin-serisi-3-kitap-alev-dalgalari","status":"publish","type":"product","link":"https:\/\/roveyayinevi.com.tr\/index.php\/urun\/merlin-serisi-3-kitap-alev-dalgalari\/","title":{"rendered":"Merlin Serisi 3. Kitap &#8211; Alev Dalgalar\u0131"},"content":{"rendered":"<p>\u00d6d\u00fcller:Georgia Kitap \u00d6d\u00fcl\u00fcColorado Kitap \u00d6d\u00fcl\u00fcSouth Carolina Kitap \u00d6d\u00fcl\u00fcMassachusetts Kitap \u00d6d\u00fcl\u00fcHavan\u0131n suya, suyun ate\u015fe d\u00f6n\u00fc\u015ft\u00fc\u011f\u00fc bu macerada Fincayra\u2019n\u0131n en soylu ve \u00fcrk\u00fct\u00fcc\u00fc ejderhas\u0131 Valdearg,y\u00fczy\u0131ll\u0131k uykusundan uyan\u0131yor. K\u0131zg\u0131n ve intikam istiyor. Ate\u015ften Kanatlar\u2019\u0131n bitmeyen \u00f6fkesi t\u00fcm diyar\u0131 tehdit ederken onu durdurabilecek tek ki\u015fi, hen\u00fcz b\u00fcy\u00fcl\u00fc \u00e7alg\u0131s\u0131n\u0131 bile \u00e7alamam\u0131\u015f olan gen\u00e7 b\u00fcy\u00fcc\u00fc Merlin.\u00dcstelik sadece yedi g\u00fcn\u00fc var. Her \u015fey ate\u015fler i\u00e7inde kalmadan \u00f6nce son yedi g\u00fcn. \u201cMerlin hakk\u0131nda kimse Barron ile boy \u00f6l\u00e7\u00fc\u015femez.  Bu kitab\u0131yla yedi diyara renk, derinlik ve sevgi katm\u0131\u015f. Hayranlar\u0131 bu kitaba bay\u0131lacak.\u201d\u2013 School Library Journal\u201cBarron, Merlin destan\u0131 hayranlar\u0131n\u0131 hayal k\u0131r\u0131kl\u0131\u011f\u0131na u\u011fratmayacak bir ba\u015fyap\u0131tla kar\u015f\u0131m\u0131zda.\u201d\u2013 Booklist\u201cAk\u0131lda kalan parlak karakterleriyle destans\u0131, harika bir \u00f6yk\u00fc.  Tam hediyelik.\u201d\u2013Isabel Allende<\/p>\n","protected":false},"excerpt":{"rendered":"<p>\u00d6d\u00fcller:Georgia Kitap \u00d6d\u00fcl\u00fcColorado Kitap \u00d6d\u00fcl\u00fcSouth Carolina Kitap \u00d6d\u00fcl\u00fcMassachusetts Kitap \u00d6d\u00fcl\u00fcHavan\u0131n suya, suyun ate\u015fe d\u00f6n\u00fc\u015ft\u00fc\u011f\u00fc bu macerada Fincayra\u2019n\u0131n en soylu ve \u00fcrk\u00fct\u00fcc\u00fc ejderhas\u0131 Valdearg,y\u00fczy\u0131ll\u0131k uykusundan uyan\u0131yor. K\u0131zg\u0131n<span class=\"excerpt-hellip\"> [\u2026]<\/span><\/p>\n","protected":false},"featured_media":0,"template":"","meta":{"_monsterinsights_skip_tracking":false,"_monsterinsights_sitenote_active":false,"_monsterinsights_sitenote_note":"","_monsterinsights_sitenote_category":0},"product_brand":[],"product_cat":[12291,14777],"product_tag":[],"class_list":{"0":"post-769981","1":"product","2":"type-product","3":"status-publish","5":"product_cat-edebiyat","6":"product_cat-fantastik","7":"pa_cilt-ciltsiz","8":"pa_tur-kitap","9":"pa_yayinevi-parodi-yayinlari","10":"pa_yazar-t-a-barron","12":"first","13":"instock","14":"sale","15":"shipping-taxable","16":"purchasable","17":"product-type-simple"},"_links":{"self":[{"href":"https:\/\/roveyayinevi.com.tr\/index.php\/wp-json\/wp\/v2\/product\/769981","targetHints":{"allow":["GET"]}}],"collection":[{"href":"https:\/\/roveyayinevi.com.tr\/index.php\/wp-json\/wp\/v2\/product"}],"about":[{"href":"https:\/\/roveyayinevi.com.tr\/index.php\/wp-json\/wp\/v2\/types\/product"}],"wp:attachment":[{"href":"https:\/\/roveyayinevi.com.tr\/index.php\/wp-json\/wp\/v2\/media?parent=769981"}],"wp:term":[{"taxonomy":"product_brand","embeddable":true,"href":"https:\/\/roveyayinevi.com.tr\/index.php\/wp-json\/wp\/v2\/product_brand?post=769981"},{"taxonomy":"product_cat","embeddable":true,"href":"https:\/\/roveyayinevi.com.tr\/index.php\/wp-json\/wp\/v2\/product_cat?post=769981"},{"taxonomy":"product_tag","embeddable":true,"href":"https:\/\/roveyayinevi.com.tr\/index.php\/wp-json\/wp\/v2\/product_tag?post=769981"}],"curies":[{"name":"wp","href":"https:\/\/api.w.org\/{rel}","templated":true}]}}