{"id":769974,"date":"2025-08-28T14:13:12","date_gmt":"2025-08-28T11:13:12","guid":{"rendered":"https:\/\/roveyayinevi.com.tr\/index.php\/urun\/merlin-serisi-2-kitap-yedi-ezgi\/"},"modified":"2026-04-15T03:36:28","modified_gmt":"2026-04-15T00:36:28","slug":"merlin-serisi-2-kitap-yedi-ezgi","status":"publish","type":"product","link":"https:\/\/roveyayinevi.com.tr\/index.php\/urun\/merlin-serisi-2-kitap-yedi-ezgi\/","title":{"rendered":"Merlin Serisi 2. Kitap &#8211; Yedi Ezgi"},"content":{"rendered":"<p>\u00d6d\u00fcller:Georgia Kitap \u00d6d\u00fcl\u00fcColorado Kitap \u00d6d\u00fcl\u00fcSouth Carolina Kitap \u00d6d\u00fcl\u00fcMassachusetts Kitap \u00d6d\u00fcl\u00fcMerlin, Fincayra\u2019ya, g\u00f6ky\u00fcz\u00fc ve yery\u00fcz\u00fc aras\u0131nda uzanan bu b\u00fcy\u00fcl\u00fc adaya umut getirdi. Ancak Fincayra h\u00e2l\u00e2 b\u00fcy\u00fck bir tehlike alt\u0131nda. \u00dcstelik bu tehlikenin ilk kurban\u0131 da Merlin\u2019in annesi!Annesini kurtarmak i\u00e7in Merlin\u2019in tek umudu Bilgeli\u011fin Yedi Ezgisi\u2019ni harfiyen \u00f6\u011frenmektir. Ama bunun i\u00e7in yenilgiye u\u011fratmas\u0131 gereken dev bir engel vard\u0131r:  En ufak bir bak\u0131\u015f\u0131 bile \u00f6l\u00fcme yol a\u00e7an insan yiyen bir canavar\u2026\u201cMerlin hakk\u0131nda kimse Barron ile boy \u00f6l\u00e7\u00fc\u015femez. Bu kitab\u0131yla yedi diyara renk, derinlik ve sevgi katm\u0131\u015f. Hayranlar\u0131 bu kitaba bay\u0131lacak.\u201d<\/p>\n","protected":false},"excerpt":{"rendered":"<p>\u00d6d\u00fcller:Georgia Kitap \u00d6d\u00fcl\u00fcColorado Kitap \u00d6d\u00fcl\u00fcSouth Carolina Kitap \u00d6d\u00fcl\u00fcMassachusetts Kitap \u00d6d\u00fcl\u00fcMerlin, Fincayra\u2019ya, g\u00f6ky\u00fcz\u00fc ve yery\u00fcz\u00fc aras\u0131nda uzanan bu b\u00fcy\u00fcl\u00fc adaya umut getirdi. Ancak Fincayra h\u00e2l\u00e2 b\u00fcy\u00fck bir<span class=\"excerpt-hellip\"> [\u2026]<\/span><\/p>\n","protected":false},"featured_media":0,"template":"","meta":{"_monsterinsights_skip_tracking":false,"_monsterinsights_sitenote_active":false,"_monsterinsights_sitenote_note":"","_monsterinsights_sitenote_category":0},"product_brand":[],"product_cat":[12291,14777],"product_tag":[],"class_list":{"0":"post-769974","1":"product","2":"type-product","3":"status-publish","5":"product_cat-edebiyat","6":"product_cat-fantastik","7":"pa_cilt-ciltsiz","8":"pa_tur-kitap","9":"pa_yayinevi-parodi-yayinlari","10":"pa_yazar-t-a-barron","12":"first","13":"instock","14":"sale","15":"shipping-taxable","16":"purchasable","17":"product-type-simple"},"_links":{"self":[{"href":"https:\/\/roveyayinevi.com.tr\/index.php\/wp-json\/wp\/v2\/product\/769974","targetHints":{"allow":["GET"]}}],"collection":[{"href":"https:\/\/roveyayinevi.com.tr\/index.php\/wp-json\/wp\/v2\/product"}],"about":[{"href":"https:\/\/roveyayinevi.com.tr\/index.php\/wp-json\/wp\/v2\/types\/product"}],"wp:attachment":[{"href":"https:\/\/roveyayinevi.com.tr\/index.php\/wp-json\/wp\/v2\/media?parent=769974"}],"wp:term":[{"taxonomy":"product_brand","embeddable":true,"href":"https:\/\/roveyayinevi.com.tr\/index.php\/wp-json\/wp\/v2\/product_brand?post=769974"},{"taxonomy":"product_cat","embeddable":true,"href":"https:\/\/roveyayinevi.com.tr\/index.php\/wp-json\/wp\/v2\/product_cat?post=769974"},{"taxonomy":"product_tag","embeddable":true,"href":"https:\/\/roveyayinevi.com.tr\/index.php\/wp-json\/wp\/v2\/product_tag?post=769974"}],"curies":[{"name":"wp","href":"https:\/\/api.w.org\/{rel}","templated":true}]}}