{"id":769966,"date":"2025-08-28T14:12:54","date_gmt":"2025-08-28T11:12:54","guid":{"rendered":"https:\/\/roveyayinevi.com.tr\/index.php\/urun\/karanlik-zihinler-serisi-5-kitap-kutulu-set\/"},"modified":"2026-04-15T03:36:27","modified_gmt":"2026-04-15T00:36:27","slug":"karanlik-zihinler-serisi-5-kitap-kutulu-set","status":"publish","type":"product","link":"https:\/\/roveyayinevi.com.tr\/index.php\/urun\/karanlik-zihinler-serisi-5-kitap-kutulu-set\/","title":{"rendered":"Karanl\u0131k Zihinler Serisi (5 Kitap Kutulu Set)"},"content":{"rendered":"<p>Karanl\u0131k ZihinlerAd\u0131m Ruby.Hepinizden farkl\u0131y\u0131m.Akl\u0131n\u0131z\u0131n derinliklerinde gezinebilir,an\u0131lar\u0131n\u0131z\u0131 hi\u00e7 ya\u015famam\u0131\u015fs\u0131n\u0131z gibi silebilirim.Hen\u00fcz on ya\u015f\u0131ndayken Thurmond&#8217;daki bu rehabilitasyon kamp\u0131na g\u00f6nderildim.Hem de kendi ailem taraf\u0131ndan&#8230;Burada her ad\u0131m\u0131m\u0131z izleniyor, nefes al\u0131\u015f veri\u015flerimiz bile.Yaln\u0131z de\u011filim. Maviler&#8230; Ye\u015filler&#8230; Turuncular&#8230;Sar\u0131lar ve K\u0131rm\u0131z\u0131lar&#8230; Karanl\u0131k Zihinler&#8230;Ve ya\u015famak i\u00e7in saklanmak zorunda kalanlarVe ka\u00e7anlar&#8230;Buz Kapan\u0131Turuncu\u2026 Lider\u2026 Roo\u2026Herkes farkl\u0131 bir \u015fekilde sesleniyor bana.Oysa bir tek ben ger\u00e7ekte ne oldu\u011fumu biliyorum: Bir canavar.Ve \u015fimdi beni bekleyen zorlu bir g\u00f6rev var:Vir\u00fcs\u00fcn kayna\u011f\u0131n\u0131 a\u00e7\u0131k eden \u00e7ok gizli bir bilgiye ula\u015fmak\u2026Ve bu\u2026 Bir zamanlar bana nefesim kadar yak\u0131n olan birinin ellerinde\u2026\u015eimdi bir tercih yapmak zorunday\u0131m.Ya kalbimi \u00f6zg\u00fcr b\u0131rakacak ya dakaranl\u0131k zihinleri ayd\u0131nl\u0131\u011fakavu\u015fturaca\u011f\u0131m\u2026Ate\u015f \u00c7emberirt\u0131k lider benim.B\u00fct\u00fcn bir neslin kaderi benim ellerimde.Kuzeye, tutsak olmu\u015f binlerce \u00e7ocu\u011fu \u00f6zg\u00fcrl\u00fc\u011fe kavu\u015fturmaya gidiyorum.Zihnimi bir silah olarak kullanmaktan ba\u015fka \u00e7arem yok.Kaybedecek zaman\u0131m yok. Hata yapma l\u00fcks\u00fcm yok.\u00c7\u00fcnk\u00fc tek bir hata, t\u00fcm d\u00fcnyay\u0131 yak\u0131p kavuracak olan bir yang\u0131n\u0131n fitilini ate\u015fleyebilir.\u00d6zg\u00fcrl\u00fck nefesim kadar yak\u0131nken bana, biliyorum:Bunun geri d\u00f6n\u00fc\u015f\u00fc yok!Karanl\u0131\u011f\u0131n \u0130\u00e7inden(Ara Kitaplar)Bir yol uzan\u0131yor \u00f6n\u00fcm\u00fczde.Ac\u0131yla ve \u00f6fkeyle sar\u0131p sarmalanm\u0131\u015f, etraf\u0131 dikenli tellerle \u00f6r\u00fclm\u00fc\u015f bir yol bu.Kay\u0131plarla ve g\u00f6zya\u015flar\u0131yla dolu\u2026Ama \u00e7ok ileride, yolun sonunda belli belirsiz par\u0131ldayan titrek bir \u0131\u015f\u0131k var.S\u00f6nmeye y\u00fcz tutmu\u015f olsa da hayat\u0131n bizim i\u00e7in haz\u0131rlad\u0131\u011f\u0131sonu yeniden yazmam\u0131z i\u00e7in direniyor.Biliyorum, karanl\u0131\u011f\u0131 deliyor bu yol.Biliyorum, karanl\u0131k zihinler ayd\u0131nl\u0131\u011fa kavu\u015fuyor.\u201cBu kitap, distopya okuyucular\u0131 i\u00e7in bir ba\u015f ucu kitab\u0131 olacakt\u0131r.\u201d\u2013 School Library Journal\u201cBir solukta okuyaca\u011f\u0131n\u0131z Karanl\u0131k Zihinler\u2019in s\u00fcr\u00fckleyici anlat\u0131m\u0131,kalbinizi durduracak bir finalle son buluyor.\u201d\u2013 Publishers Weekly\u201cBracken\u2019\u0131n bu s\u00fcr\u00fckleyici ve t\u00fcyler \u00fcrpertici distopyas\u0131 haf\u0131zalar\u0131n\u0131za kaz\u0131nacak.\u201d\u2014Kirkus ReviewsKaranl\u0131k Miras &#8211; Karanl\u0131k Zihinler 4Ya\u015famak istiyorsan \u00f6l\u00fcm\u00fc g\u00f6ze al!Ben Suzume KimuraAilem taraf\u0131ndan terk edildim. Beni \u00f6ld\u00fcrmeye \u00e7al\u0131\u015fan rehabilitasyon kamp\u0131ndan ka\u00e7t\u0131m. Avc\u0131lar\u0131, askerleri, kazalar\u0131, bask\u0131nlar\u0131, \u00f6l\u00fcm\u00fc&#8230; hepsini atlatt\u0131m.Defalarca susmay\u0131 se\u00e7tim ve nihayet bu sessizli\u011fin sonuna vard\u0131m. \u015eimdi m\u00fccadele zaman\u0131!Belki iyi de\u011filim ama yeterince g\u00fc\u00e7l\u00fcy\u00fcm.\u00c7\u00fcnk\u00fc biz karanl\u0131k miras\u0131 alanlar\u0131z ancak g\u00f6lgelerde nas\u0131l b\u00fcy\u00fcd\u00fc\u011f\u00fcm\u00fcz\u00fc ve kendi \u0131\u015f\u0131\u011f\u0131m\u0131z\u0131 yaratabildi\u011fimizi kimse bilmiyor.Fakat \u00f6\u011frenmelerine \u00e7ok az kald\u0131!<\/p>\n","protected":false},"excerpt":{"rendered":"<p>Karanl\u0131k ZihinlerAd\u0131m Ruby.Hepinizden farkl\u0131y\u0131m.Akl\u0131n\u0131z\u0131n derinliklerinde gezinebilir,an\u0131lar\u0131n\u0131z\u0131 hi\u00e7 ya\u015famam\u0131\u015fs\u0131n\u0131z gibi silebilirim.Hen\u00fcz on ya\u015f\u0131ndayken Thurmond&#8217;daki bu rehabilitasyon kamp\u0131na g\u00f6nderildim.Hem de kendi ailem taraf\u0131ndan&#8230;Burada her ad\u0131m\u0131m\u0131z izleniyor, nefes al\u0131\u015f<span class=\"excerpt-hellip\"> [\u2026]<\/span><\/p>\n","protected":false},"featured_media":0,"template":"","meta":{"_monsterinsights_skip_tracking":false,"_monsterinsights_sitenote_active":false,"_monsterinsights_sitenote_note":"","_monsterinsights_sitenote_category":0},"product_brand":[],"product_cat":[12291,14777],"product_tag":[],"class_list":{"0":"post-769966","1":"product","2":"type-product","3":"status-publish","5":"product_cat-edebiyat","6":"product_cat-fantastik","7":"pa_cilt-ciltsiz","8":"pa_tur-kitap","9":"pa_yayinevi-parodi-yayinlari","10":"pa_yazar-alexandra-bracken","12":"first","13":"instock","14":"sale","15":"shipping-taxable","16":"purchasable","17":"product-type-simple"},"_links":{"self":[{"href":"https:\/\/roveyayinevi.com.tr\/index.php\/wp-json\/wp\/v2\/product\/769966","targetHints":{"allow":["GET"]}}],"collection":[{"href":"https:\/\/roveyayinevi.com.tr\/index.php\/wp-json\/wp\/v2\/product"}],"about":[{"href":"https:\/\/roveyayinevi.com.tr\/index.php\/wp-json\/wp\/v2\/types\/product"}],"wp:attachment":[{"href":"https:\/\/roveyayinevi.com.tr\/index.php\/wp-json\/wp\/v2\/media?parent=769966"}],"wp:term":[{"taxonomy":"product_brand","embeddable":true,"href":"https:\/\/roveyayinevi.com.tr\/index.php\/wp-json\/wp\/v2\/product_brand?post=769966"},{"taxonomy":"product_cat","embeddable":true,"href":"https:\/\/roveyayinevi.com.tr\/index.php\/wp-json\/wp\/v2\/product_cat?post=769966"},{"taxonomy":"product_tag","embeddable":true,"href":"https:\/\/roveyayinevi.com.tr\/index.php\/wp-json\/wp\/v2\/product_tag?post=769966"}],"curies":[{"name":"wp","href":"https:\/\/api.w.org\/{rel}","templated":true}]}}