{"id":769963,"date":"2025-08-28T14:12:48","date_gmt":"2025-08-28T11:12:48","guid":{"rendered":"https:\/\/roveyayinevi.com.tr\/index.php\/urun\/aclik-oyunlari-5-hasatta-gundogumu\/"},"modified":"2026-04-15T03:36:27","modified_gmt":"2026-04-15T00:36:27","slug":"aclik-oyunlari-5-hasatta-gundogumu","status":"publish","type":"product","link":"https:\/\/roveyayinevi.com.tr\/index.php\/urun\/aclik-oyunlari-5-hasatta-gundogumu\/","title":{"rendered":"A\u00e7l\u0131k Oyunlar\u0131 5 &#8211; Hasatta G\u00fcndo\u011fumu"},"content":{"rendered":"<p>Sevdi\u011fin her \u015feyi kaybetmeye haz\u0131rsan, u\u011fruna sava\u015facak ne kal\u0131r?   Ellinci A\u00e7l\u0131k Oyunlar\u0131\u2019n\u0131n g\u00fcn\u00fc a\u011far\u0131rken, Panem\u2019in m\u0131nt\u0131kalar\u0131 korkunun etkisi alt\u0131nda. Bu y\u0131l \u00c7eyrek As\u0131r Oyunlar\u0131 onuruna iki kat daha fazla hara\u00e7 al\u0131nacak.   12. M\u0131nt\u0131ka\u2019da Haymitch Abernathy \u015fans\u0131na ne \u00e7\u0131kaca\u011f\u0131n\u0131 d\u00fc\u015f\u00fcnmemeye \u00e7al\u0131\u015f\u0131yor. Onun umursad\u0131\u011f\u0131 tek \u015fey sevdi\u011fi k\u0131zla birlikte g\u00fcnlerini ge\u00e7irmek.   Ad\u0131 s\u00f6ylendi\u011finde Haymitch\u2019in t\u00fcm hayalleri y\u0131k\u0131l\u0131yor. Ailesinden ve a\u015fk\u0131ndan kopar\u0131l\u0131p, di\u011fer \u00fc\u00e7 12. M\u0131nt\u0131ka harac\u0131yla birlikte Ba\u015fkent\u2019e g\u00f6nderiliyor: k\u0131z karde\u015fi gibi hissetti\u011fi bir dost, tak\u0131nt\u0131l\u0131 bir bahis\u00e7i ve kasaban\u0131n en kibirli k\u0131z\u0131.   Oyunlar ba\u015flarken Haymitch, ba\u015far\u0131s\u0131z olaca\u011f\u0131n\u0131 kabulleniyor.Ama i\u00e7inde sava\u015f isteyen bir d\u00fcrt\u00fc hissediyor, hem de A\u00e7l\u0131k Oyunlar\u0131 arenas\u0131n\u0131n \u00e7ok \u00f6tesinde yank\u0131lanmas\u0131n\u0131 istedi\u011fi bir sava\u015f&#8230; <\/p>\n","protected":false},"excerpt":{"rendered":"<p>Sevdi\u011fin her \u015feyi kaybetmeye haz\u0131rsan, u\u011fruna sava\u015facak ne kal\u0131r? Ellinci A\u00e7l\u0131k Oyunlar\u0131\u2019n\u0131n g\u00fcn\u00fc a\u011far\u0131rken, Panem\u2019in m\u0131nt\u0131kalar\u0131 korkunun etkisi alt\u0131nda. Bu y\u0131l \u00c7eyrek As\u0131r Oyunlar\u0131 onuruna iki<span class=\"excerpt-hellip\"> [\u2026]<\/span><\/p>\n","protected":false},"featured_media":0,"template":"","meta":{"_monsterinsights_skip_tracking":false,"_monsterinsights_sitenote_active":false,"_monsterinsights_sitenote_note":"","_monsterinsights_sitenote_category":0},"product_brand":[],"product_cat":[12291,14777],"product_tag":[],"class_list":{"0":"post-769963","1":"product","2":"type-product","3":"status-publish","5":"product_cat-edebiyat","6":"product_cat-fantastik","7":"pa_cilt-ciltsiz","8":"pa_tur-kitap","9":"pa_yayinevi-dex-yayinevi","10":"pa_yazar-suzanne-collins","12":"first","13":"instock","14":"sale","15":"shipping-taxable","16":"purchasable","17":"product-type-simple"},"_links":{"self":[{"href":"https:\/\/roveyayinevi.com.tr\/index.php\/wp-json\/wp\/v2\/product\/769963","targetHints":{"allow":["GET"]}}],"collection":[{"href":"https:\/\/roveyayinevi.com.tr\/index.php\/wp-json\/wp\/v2\/product"}],"about":[{"href":"https:\/\/roveyayinevi.com.tr\/index.php\/wp-json\/wp\/v2\/types\/product"}],"wp:attachment":[{"href":"https:\/\/roveyayinevi.com.tr\/index.php\/wp-json\/wp\/v2\/media?parent=769963"}],"wp:term":[{"taxonomy":"product_brand","embeddable":true,"href":"https:\/\/roveyayinevi.com.tr\/index.php\/wp-json\/wp\/v2\/product_brand?post=769963"},{"taxonomy":"product_cat","embeddable":true,"href":"https:\/\/roveyayinevi.com.tr\/index.php\/wp-json\/wp\/v2\/product_cat?post=769963"},{"taxonomy":"product_tag","embeddable":true,"href":"https:\/\/roveyayinevi.com.tr\/index.php\/wp-json\/wp\/v2\/product_tag?post=769963"}],"curies":[{"name":"wp","href":"https:\/\/api.w.org\/{rel}","templated":true}]}}