{"id":769960,"date":"2025-08-28T14:12:41","date_gmt":"2025-08-28T11:12:41","guid":{"rendered":"https:\/\/roveyayinevi.com.tr\/index.php\/urun\/savasci-kalbi-1-ciltli\/"},"modified":"2026-04-15T03:36:27","modified_gmt":"2026-04-15T00:36:27","slug":"savasci-kalbi-1-ciltli","status":"publish","type":"product","link":"https:\/\/roveyayinevi.com.tr\/index.php\/urun\/savasci-kalbi-1-ciltli\/","title":{"rendered":"Sava\u015f\u00e7\u0131 Kalbi 1 (Ciltli)"},"content":{"rendered":"<p>Halk\u0131n\u0131n nefret etti\u011fi, Yurtsuzlar\u0131n avlamaya ant i\u00e7ti\u011fi, Krallar\u0131n bile arzulad\u0131\u011f\u0131 Leyla&#8230; G\u00fc\u00e7l\u00fc, cesur ve dayan\u0131kl\u0131 bir sava\u015f\u00e7\u0131. Hayat onu ne kadar y\u0131kmaya, sarsmaya devam etmekte \u0131srarc\u0131 olsa da, Leyla da pes etmemekte kararl\u0131. Ne olursa olsun hayatta kalmal\u0131. Sar\u0131 sa\u00e7l\u0131 ve mavi g\u00f6zl\u00fc asil Sava\u015f\u00e7\u0131 \u0131rk\u0131n\u0131n aras\u0131nda siyah sa\u00e7lar\u0131 ve ye\u015fil g\u00f6zleri nedeniyle ucube gibi alg\u0131lanmak yetmezmi\u015f gibi, her t\u00fcrl\u00fc sorunda etraf\u0131ndaki herkes onu g\u00fcnah ke\u00e7isi yapmaya haz\u0131r ve hevesli. Sava\u015f\u00e7\u0131 soylular aras\u0131nda s\u0131ra d\u0131\u015f\u0131 yetene\u011fiyle Sava\u015f\u00e7\u0131 Kral\u2019\u0131n g\u00f6zdesi olan Y\u00fczba\u015f\u0131 Alec, benli\u011finin derinliklerinde ate\u015f ve \u00e7elikle do\u011fmu\u015f bir asker. Leyla\u2019y\u0131 e\u011fitiminin ba\u015flar\u0131ndan beri yak\u0131ndan izleyen Alec\u2019in ona olan ilgisi ise i\u015fleri daha da kar\u0131\u015ft\u0131racak. Gizemi b\u00fct\u00fcn Krall\u0131klar i\u00e7in bir merak ve korku kayna\u011f\u0131 olan I\u015f\u0131k Diyar\u0131\u2019ndan gelen haberci, Leyla\u2019n\u0131n hayat\u0131n\u0131 hayal edilebilece\u011finin \u00f6tesinde bir karma\u015f\u0131kl\u0131\u011fa s\u00fcr\u00fckledi\u011finde ise olaylar iyice kontrolden \u00e7\u0131kacak. <\/p>\n","protected":false},"excerpt":{"rendered":"<p>Halk\u0131n\u0131n nefret etti\u011fi, Yurtsuzlar\u0131n avlamaya ant i\u00e7ti\u011fi, Krallar\u0131n bile arzulad\u0131\u011f\u0131 Leyla&#8230; G\u00fc\u00e7l\u00fc, cesur ve dayan\u0131kl\u0131 bir sava\u015f\u00e7\u0131. Hayat onu ne kadar y\u0131kmaya, sarsmaya devam etmekte \u0131srarc\u0131<span class=\"excerpt-hellip\"> [\u2026]<\/span><\/p>\n","protected":false},"featured_media":0,"template":"","meta":{"_monsterinsights_skip_tracking":false,"_monsterinsights_sitenote_active":false,"_monsterinsights_sitenote_note":"","_monsterinsights_sitenote_category":0},"product_brand":[],"product_cat":[12291,14777],"product_tag":[],"class_list":{"0":"post-769960","1":"product","2":"type-product","3":"status-publish","5":"product_cat-edebiyat","6":"product_cat-fantastik","7":"pa_cilt-ciltli","8":"pa_tur-kitap","9":"pa_yayinevi-dogan-solibri-yayinlari","10":"pa_yazar-hande-z-watt","12":"first","13":"instock","14":"sale","15":"shipping-taxable","16":"purchasable","17":"product-type-simple"},"_links":{"self":[{"href":"https:\/\/roveyayinevi.com.tr\/index.php\/wp-json\/wp\/v2\/product\/769960","targetHints":{"allow":["GET"]}}],"collection":[{"href":"https:\/\/roveyayinevi.com.tr\/index.php\/wp-json\/wp\/v2\/product"}],"about":[{"href":"https:\/\/roveyayinevi.com.tr\/index.php\/wp-json\/wp\/v2\/types\/product"}],"wp:attachment":[{"href":"https:\/\/roveyayinevi.com.tr\/index.php\/wp-json\/wp\/v2\/media?parent=769960"}],"wp:term":[{"taxonomy":"product_brand","embeddable":true,"href":"https:\/\/roveyayinevi.com.tr\/index.php\/wp-json\/wp\/v2\/product_brand?post=769960"},{"taxonomy":"product_cat","embeddable":true,"href":"https:\/\/roveyayinevi.com.tr\/index.php\/wp-json\/wp\/v2\/product_cat?post=769960"},{"taxonomy":"product_tag","embeddable":true,"href":"https:\/\/roveyayinevi.com.tr\/index.php\/wp-json\/wp\/v2\/product_tag?post=769960"}],"curies":[{"name":"wp","href":"https:\/\/api.w.org\/{rel}","templated":true}]}}