{"id":769958,"date":"2025-08-28T14:12:37","date_gmt":"2025-08-28T11:12:37","guid":{"rendered":"https:\/\/roveyayinevi.com.tr\/index.php\/urun\/ada-8\/"},"modified":"2026-04-15T03:36:27","modified_gmt":"2026-04-15T00:36:27","slug":"ada-8","status":"publish","type":"product","link":"https:\/\/roveyayinevi.com.tr\/index.php\/urun\/ada-8\/","title":{"rendered":"Ada"},"content":{"rendered":"<p>1987\u2019nin sonbahar\u0131nda gen\u00e7 bir \u00e7ift, \u0130zlanda\u2019n\u0131n Bat\u0131 Fiyortlar\u0131\u2019nda romantik bir tatile gider. Ancak tatil beklenmedik bir felaketle son bulur.   Bundan on y\u0131l sonra bir grup arkada\u015f Elli\u00f0aey Adas\u0131\u2019nda av evinde bir hafta sonu tatili ayarlar. D\u0131\u015f d\u00fcnyadan tamamen kopuk bu \u0131ss\u0131z adada gruptan biri \u00f6l\u00fcr.   Gizli \u0130zlanda serisinin ilk kitab\u0131 Karanl\u0131k\u2019ta tan\u0131\u015ft\u0131\u011f\u0131m\u0131z M\u00fcfetti\u015f Hulda Hermannsd\u00f3ttir\u2019in hik\u00e2yesinde geriye gidiyoruz. Hulda hem kariyerindeki engellerle hem de ge\u00e7mi\u015finin a\u011f\u0131r y\u00fck\u00fcyle ba\u015f etmeye \u00e7al\u0131\u015f\u0131rken on y\u0131l arayla i\u015flenen iki cinayetin aras\u0131ndaki ba\u011f\u0131 ara\u015ft\u0131r\u0131yor. Ragnar J\u00f3nasson, okuru \u0130zlanda\u2019n\u0131n nefes kesen gri co\u011frafyas\u0131nda dola\u015ft\u0131r\u0131p gerilimli bir maceraya ortak ediyor.   \u201cYazar\u0131n o bay\u0131ld\u0131\u011f\u0131m\u0131z kasvetli \u0130skandinav atmosferini ta\u015f\u0131yan en iyi maceralar\u0131ndan biri.\u201d         New York Times Book Review <\/p>\n","protected":false},"excerpt":{"rendered":"<p>1987\u2019nin sonbahar\u0131nda gen\u00e7 bir \u00e7ift, \u0130zlanda\u2019n\u0131n Bat\u0131 Fiyortlar\u0131\u2019nda romantik bir tatile gider. Ancak tatil beklenmedik bir felaketle son bulur. Bundan on y\u0131l sonra bir grup arkada\u015f<span class=\"excerpt-hellip\"> [\u2026]<\/span><\/p>\n","protected":false},"featured_media":0,"template":"","meta":{"_monsterinsights_skip_tracking":false,"_monsterinsights_sitenote_active":false,"_monsterinsights_sitenote_note":"","_monsterinsights_sitenote_category":0},"product_brand":[],"product_cat":[12291,15445],"product_tag":[],"class_list":{"0":"post-769958","1":"product","2":"type-product","3":"status-publish","5":"product_cat-edebiyat","6":"product_cat-polisiye","7":"pa_cilt-ciltsiz","8":"pa_tur-kitap","9":"pa_yayinevi-dogan-kitap","10":"pa_yazar-ragnar-jonasson","12":"first","13":"instock","14":"sale","15":"shipping-taxable","16":"purchasable","17":"product-type-simple"},"_links":{"self":[{"href":"https:\/\/roveyayinevi.com.tr\/index.php\/wp-json\/wp\/v2\/product\/769958","targetHints":{"allow":["GET"]}}],"collection":[{"href":"https:\/\/roveyayinevi.com.tr\/index.php\/wp-json\/wp\/v2\/product"}],"about":[{"href":"https:\/\/roveyayinevi.com.tr\/index.php\/wp-json\/wp\/v2\/types\/product"}],"wp:attachment":[{"href":"https:\/\/roveyayinevi.com.tr\/index.php\/wp-json\/wp\/v2\/media?parent=769958"}],"wp:term":[{"taxonomy":"product_brand","embeddable":true,"href":"https:\/\/roveyayinevi.com.tr\/index.php\/wp-json\/wp\/v2\/product_brand?post=769958"},{"taxonomy":"product_cat","embeddable":true,"href":"https:\/\/roveyayinevi.com.tr\/index.php\/wp-json\/wp\/v2\/product_cat?post=769958"},{"taxonomy":"product_tag","embeddable":true,"href":"https:\/\/roveyayinevi.com.tr\/index.php\/wp-json\/wp\/v2\/product_tag?post=769958"}],"curies":[{"name":"wp","href":"https:\/\/api.w.org\/{rel}","templated":true}]}}