{"id":769916,"date":"2025-08-28T14:11:11","date_gmt":"2025-08-28T11:11:11","guid":{"rendered":"https:\/\/roveyayinevi.com.tr\/index.php\/urun\/national-geographic-kids-kemirgenler\/"},"modified":"2026-04-15T03:36:26","modified_gmt":"2026-04-15T00:36:26","slug":"national-geographic-kids-kemirgenler","status":"publish","type":"product","link":"https:\/\/roveyayinevi.com.tr\/index.php\/urun\/national-geographic-kids-kemirgenler\/","title":{"rendered":"National Geographic Kids &#8211; Kemirgenler"},"content":{"rendered":"<p>Fareler ve s\u0131\u00e7anlar en \u00fcnl\u00fc kemirgenler olabilir, ancak bu kitap, okurlar\u0131 birbirinden farkl\u0131 ve sevimli k\u00fc\u00e7\u00fck, c\u0131v\u0131l c\u0131v\u0131l canl\u0131lar\u0131n d\u00fcnyas\u0131na g\u00f6t\u00fcr\u00fcyor. Kobaylardan kapibaralara, tarla s\u0131\u00e7anlar\u0131ndan gerbiller ve keseli farelere, hatta dikenli kirpilere kadar bir\u00e7ok ilgin\u00e7 kemirgeni ke\u015ffetmeye haz\u0131r olun!   \u0130\u00e7inde tuhaf ama ger\u00e7ek bilgilerle dolu bu Seviye 3 Okuma Kitab\u0131, kemirgenlerin ne kadar etkileyici olabilece\u011fini g\u00f6steriyor. Sevimli pika ile tan\u0131\u015f\u0131n, t\u00fcyl\u00fc hamsterlara hayran kal\u0131n ve hatta son derece zeki s\u0131\u00e7anlar hakk\u0131nda \u015fa\u015f\u0131rt\u0131c\u0131 bilgiler edinin. Bu h\u0131zl\u0131 hareket eden minik canl\u0131lar hakk\u0131nda harika bilgiler toplay\u0131n!   National Geographic okuma serisi kitaplar\u0131, klasik okuma kitaplar\u0131 gibi uzmanlar taraf\u0131ndan incelenmi\u015f bilgiler i\u00e7erirken, bonus olarak 100 e\u011flenceli ger\u00e7ek de sunar! Her kitab\u0131n sonunda yer alan bilgi \u00f6zeti, \u00e7ocuklar\u0131n \u00f6\u011frendiklerini g\u00f6zden ge\u00e7irmesine yard\u0131mc\u0131 olur ve ayr\u0131ca hayvanlar hakk\u0131ndaki bilgileriyle arkada\u015flar\u0131n\u0131 etkilemelerini sa\u011flar!<\/p>\n","protected":false},"excerpt":{"rendered":"<p>Fareler ve s\u0131\u00e7anlar en \u00fcnl\u00fc kemirgenler olabilir, ancak bu kitap, okurlar\u0131 birbirinden farkl\u0131 ve sevimli k\u00fc\u00e7\u00fck, c\u0131v\u0131l c\u0131v\u0131l canl\u0131lar\u0131n d\u00fcnyas\u0131na g\u00f6t\u00fcr\u00fcyor. Kobaylardan kapibaralara, tarla s\u0131\u00e7anlar\u0131ndan gerbiller<span class=\"excerpt-hellip\"> [\u2026]<\/span><\/p>\n","protected":false},"featured_media":0,"template":"","meta":{"_monsterinsights_skip_tracking":false,"_monsterinsights_sitenote_active":false,"_monsterinsights_sitenote_note":"","_monsterinsights_sitenote_category":0},"product_brand":[],"product_cat":[13829,12274],"product_tag":[],"class_list":{"0":"post-769916","1":"product","2":"type-product","3":"status-publish","5":"product_cat-bilimsel-kitaplar","6":"product_cat-cocuk-ve-genclik-kitaplari","7":"pa_cilt-ciltsiz","8":"pa_tur-kitap","9":"pa_yayinevi-beta-kids","10":"pa_yazar-rose-davidson","12":"first","13":"instock","14":"sale","15":"shipping-taxable","16":"purchasable","17":"product-type-simple"},"_links":{"self":[{"href":"https:\/\/roveyayinevi.com.tr\/index.php\/wp-json\/wp\/v2\/product\/769916","targetHints":{"allow":["GET"]}}],"collection":[{"href":"https:\/\/roveyayinevi.com.tr\/index.php\/wp-json\/wp\/v2\/product"}],"about":[{"href":"https:\/\/roveyayinevi.com.tr\/index.php\/wp-json\/wp\/v2\/types\/product"}],"wp:attachment":[{"href":"https:\/\/roveyayinevi.com.tr\/index.php\/wp-json\/wp\/v2\/media?parent=769916"}],"wp:term":[{"taxonomy":"product_brand","embeddable":true,"href":"https:\/\/roveyayinevi.com.tr\/index.php\/wp-json\/wp\/v2\/product_brand?post=769916"},{"taxonomy":"product_cat","embeddable":true,"href":"https:\/\/roveyayinevi.com.tr\/index.php\/wp-json\/wp\/v2\/product_cat?post=769916"},{"taxonomy":"product_tag","embeddable":true,"href":"https:\/\/roveyayinevi.com.tr\/index.php\/wp-json\/wp\/v2\/product_tag?post=769916"}],"curies":[{"name":"wp","href":"https:\/\/api.w.org\/{rel}","templated":true}]}}