{"id":769907,"date":"2025-08-28T14:10:55","date_gmt":"2025-08-28T11:10:55","guid":{"rendered":"https:\/\/roveyayinevi.com.tr\/index.php\/urun\/sesleri-kesfet\/"},"modified":"2026-04-15T03:36:26","modified_gmt":"2026-04-15T00:36:26","slug":"sesleri-kesfet","status":"publish","type":"product","link":"https:\/\/roveyayinevi.com.tr\/index.php\/urun\/sesleri-kesfet\/","title":{"rendered":"Sesleri Ke\u015ffet"},"content":{"rendered":"<p>SEL\u00c7UK \u015e\u0130R\u0130N OKUL \u00d6NCES\u0130 K\u0130TAPLI\u011eI, \u00e7ocuklar\u0131n 21. y\u00fczy\u0131l becerilerini kazanmalar\u0131na yard\u0131mc\u0131 olurken onlar\u0131n merak eden, hayal kuran, ara\u015ft\u0131ran bireyler olmalar\u0131n\u0131 hedefler. Bu kitap, \u00e7ocuklar\u0131n dil geli\u015fimini seslerle desteklemek amac\u0131yla tasarland\u0131. \u00c7ocuklar kitapta yer alan her b\u00f6l\u00fcmde, ses gruplar\u0131na g\u00f6re ayr\u0131lm\u0131\u015f etkinliklerle sesleri ay\u0131rt etmeyi deneyimleyerek ke\u015ffeder.<\/p>\n","protected":false},"excerpt":{"rendered":"<p>SEL\u00c7UK \u015e\u0130R\u0130N OKUL \u00d6NCES\u0130 K\u0130TAPLI\u011eI, \u00e7ocuklar\u0131n 21. y\u00fczy\u0131l becerilerini kazanmalar\u0131na yard\u0131mc\u0131 olurken onlar\u0131n merak eden, hayal kuran, ara\u015ft\u0131ran bireyler olmalar\u0131n\u0131 hedefler. Bu kitap, \u00e7ocuklar\u0131n dil geli\u015fimini<span class=\"excerpt-hellip\"> [\u2026]<\/span><\/p>\n","protected":false},"featured_media":0,"template":"","meta":{"_monsterinsights_skip_tracking":false,"_monsterinsights_sitenote_active":false,"_monsterinsights_sitenote_note":"","_monsterinsights_sitenote_category":0},"product_brand":[],"product_cat":[12274,12518],"product_tag":[],"class_list":{"0":"post-769907","1":"product","2":"type-product","3":"status-publish","5":"product_cat-cocuk-ve-genclik-kitaplari","6":"product_cat-okul-oncesi-kitaplar","7":"pa_cilt-ciltsiz","8":"pa_tur-kitap","9":"pa_yayinevi-mundi","10":"pa_yazar-selcuk-sirin-derya-sirin","12":"first","13":"instock","14":"sale","15":"shipping-taxable","16":"purchasable","17":"product-type-simple"},"_links":{"self":[{"href":"https:\/\/roveyayinevi.com.tr\/index.php\/wp-json\/wp\/v2\/product\/769907","targetHints":{"allow":["GET"]}}],"collection":[{"href":"https:\/\/roveyayinevi.com.tr\/index.php\/wp-json\/wp\/v2\/product"}],"about":[{"href":"https:\/\/roveyayinevi.com.tr\/index.php\/wp-json\/wp\/v2\/types\/product"}],"wp:attachment":[{"href":"https:\/\/roveyayinevi.com.tr\/index.php\/wp-json\/wp\/v2\/media?parent=769907"}],"wp:term":[{"taxonomy":"product_brand","embeddable":true,"href":"https:\/\/roveyayinevi.com.tr\/index.php\/wp-json\/wp\/v2\/product_brand?post=769907"},{"taxonomy":"product_cat","embeddable":true,"href":"https:\/\/roveyayinevi.com.tr\/index.php\/wp-json\/wp\/v2\/product_cat?post=769907"},{"taxonomy":"product_tag","embeddable":true,"href":"https:\/\/roveyayinevi.com.tr\/index.php\/wp-json\/wp\/v2\/product_tag?post=769907"}],"curies":[{"name":"wp","href":"https:\/\/api.w.org\/{rel}","templated":true}]}}