{"id":769900,"date":"2025-08-28T14:10:42","date_gmt":"2025-08-28T11:10:42","guid":{"rendered":"https:\/\/roveyayinevi.com.tr\/index.php\/urun\/dus-serisi-2-yarinin-kiyisinda\/"},"modified":"2026-04-13T03:32:14","modified_gmt":"2026-04-13T00:32:14","slug":"dus-serisi-2-yarinin-kiyisinda","status":"publish","type":"product","link":"https:\/\/roveyayinevi.com.tr\/index.php\/urun\/dus-serisi-2-yarinin-kiyisinda\/","title":{"rendered":"D\u00fc\u015f Serisi 2: Yar\u0131n\u0131n K\u0131y\u0131s\u0131nda"},"content":{"rendered":"<p>\u201cBu ev so\u011fuk ve sessiz, \u0130klim. Buraya iyi gelen \u015fey sensin.\u201d   Okumak i\u00e7in Yunanistan&#8217;dan T\u00fcrkiye&#8217;ye gelen \u0130klimya Matilda Mir, att\u0131\u011f\u0131 cesur ad\u0131mlar\u0131n ve ald\u0131\u011f\u0131 kararlar\u0131n sonuna kadar arkas\u0131ndayd\u0131 fakat akademik ba\u015far\u0131s\u0131n\u0131 sarsan o b\u00fcy\u00fck skandal her \u015feyi tepetaklak etmi\u015fti. Bu skandalla birlikte okul hayat\u0131n\u0131n ipleri yava\u015f\u00e7a avu\u00e7lar\u0131ndan kaymaya ba\u015flam\u0131\u015f, hocalar\u0131n\u0131n g\u00f6z\u00fcnde &#8216;d\u00f6nemin yeni problematik \u00f6\u011frencisi&#8217; olmaya hak kazanm\u0131\u015ft\u0131. Ailesi, arkada\u015flar\u0131, hocalar\u0131&#8230; Art\u0131k tamamen yaln\u0131zd\u0131. \u00c7aresizce s\u0131\u011f\u0131nd\u0131\u011f\u0131, k\u0131r\u0131ld\u0131\u011f\u0131 noktalar\u0131ndan onu iyile\u015ftirecek olan \u00f6zel ders hocas\u0131yla yollar\u0131 kesi\u015fene dek&#8230;   \u201c\u00c7\u00fcnk\u00fc sen, u\u011fruna verdi\u011fim \u00e7aban\u0131n her saniyesine de\u011fersin.\u201d<\/p>\n","protected":false},"excerpt":{"rendered":"<p>\u201cBu ev so\u011fuk ve sessiz, \u0130klim. Buraya iyi gelen \u015fey sensin.\u201d Okumak i\u00e7in Yunanistan&#8217;dan T\u00fcrkiye&#8217;ye gelen \u0130klimya Matilda Mir, att\u0131\u011f\u0131 cesur ad\u0131mlar\u0131n ve ald\u0131\u011f\u0131 kararlar\u0131n sonuna<span class=\"excerpt-hellip\"> [\u2026]<\/span><\/p>\n","protected":false},"featured_media":0,"template":"","meta":{"_monsterinsights_skip_tracking":false,"_monsterinsights_sitenote_active":false,"_monsterinsights_sitenote_note":"","_monsterinsights_sitenote_category":0},"product_brand":[],"product_cat":[12291,12711],"product_tag":[],"class_list":{"0":"post-769900","1":"product","2":"type-product","3":"status-publish","5":"product_cat-edebiyat","6":"product_cat-roman-oyku","7":"pa_cilt-ciltli","8":"pa_tur-kitap","9":"pa_yayinevi-guardian","10":"pa_yazar-mishelov","12":"first","13":"instock","14":"sale","15":"shipping-taxable","16":"purchasable","17":"product-type-simple"},"_links":{"self":[{"href":"https:\/\/roveyayinevi.com.tr\/index.php\/wp-json\/wp\/v2\/product\/769900","targetHints":{"allow":["GET"]}}],"collection":[{"href":"https:\/\/roveyayinevi.com.tr\/index.php\/wp-json\/wp\/v2\/product"}],"about":[{"href":"https:\/\/roveyayinevi.com.tr\/index.php\/wp-json\/wp\/v2\/types\/product"}],"wp:attachment":[{"href":"https:\/\/roveyayinevi.com.tr\/index.php\/wp-json\/wp\/v2\/media?parent=769900"}],"wp:term":[{"taxonomy":"product_brand","embeddable":true,"href":"https:\/\/roveyayinevi.com.tr\/index.php\/wp-json\/wp\/v2\/product_brand?post=769900"},{"taxonomy":"product_cat","embeddable":true,"href":"https:\/\/roveyayinevi.com.tr\/index.php\/wp-json\/wp\/v2\/product_cat?post=769900"},{"taxonomy":"product_tag","embeddable":true,"href":"https:\/\/roveyayinevi.com.tr\/index.php\/wp-json\/wp\/v2\/product_tag?post=769900"}],"curies":[{"name":"wp","href":"https:\/\/api.w.org\/{rel}","templated":true}]}}