{"id":769899,"date":"2025-08-28T14:10:40","date_gmt":"2025-08-28T11:10:40","guid":{"rendered":"https:\/\/roveyayinevi.com.tr\/index.php\/urun\/yuzlesmek-anne-babalik-yolculugunda-sabirsizlikla-korkuyla-kibirle-ve-acziyetle\/"},"modified":"2026-04-15T03:36:25","modified_gmt":"2026-04-15T00:36:25","slug":"yuzlesmek-anne-babalik-yolculugunda-sabirsizlikla-korkuyla-kibirle-ve-acziyetle","status":"publish","type":"product","link":"https:\/\/roveyayinevi.com.tr\/index.php\/urun\/yuzlesmek-anne-babalik-yolculugunda-sabirsizlikla-korkuyla-kibirle-ve-acziyetle\/","title":{"rendered":"Y\u00fczle\u015fmek &#8211; Anne Babal\u0131k Yolculu\u011funda Sab\u0131rs\u0131zl\u0131kla Korkuyla, Kibirle ve Acziyetle"},"content":{"rendered":"<p>Hepimiz sakin zamanlarda iyi insanlar\u0131z, mesele kriz an\u0131nda nas\u0131l birine d\u00f6n\u00fc\u015ft\u00fc\u011f\u00fcm\u00fczde\u2026 Bu kitap, kriz anlar\u0131n\u0131 kendine bir y\u00fczle\u015fme vesilesi k\u0131lan biri taraf\u0131ndan yaz\u0131ld\u0131\u2026 Sab\u0131rs\u0131zl\u0131klar\u0131yla ve korkular\u0131yla y\u00fczle\u015ftik\u00e7e kibrini fark eden, sonra acziyet dura\u011f\u0131nda kalbinin daha g\u00fc\u00e7lendi\u011fini hisseden biri taraf\u0131ndan\u2026 Hepsi bir yolculuktu ve bu yolculu\u011fa bir\u00e7ok yol arkada\u015f\u0131 eklendi. Siz de onlardan biri olabilirsiniz, yeter ki kendinizle y\u00fczle\u015fmeye haz\u0131r olun.   <\/p>\n","protected":false},"excerpt":{"rendered":"<p>Hepimiz sakin zamanlarda iyi insanlar\u0131z, mesele kriz an\u0131nda nas\u0131l birine d\u00f6n\u00fc\u015ft\u00fc\u011f\u00fcm\u00fczde\u2026 Bu kitap, kriz anlar\u0131n\u0131 kendine bir y\u00fczle\u015fme vesilesi k\u0131lan biri taraf\u0131ndan yaz\u0131ld\u0131\u2026 Sab\u0131rs\u0131zl\u0131klar\u0131yla ve korkular\u0131yla<span class=\"excerpt-hellip\"> [\u2026]<\/span><\/p>\n","protected":false},"featured_media":0,"template":"","meta":{"_monsterinsights_skip_tracking":false,"_monsterinsights_sitenote_active":false,"_monsterinsights_sitenote_note":"","_monsterinsights_sitenote_category":0},"product_brand":[],"product_cat":[12831,12324],"product_tag":[],"class_list":{"0":"post-769899","1":"product","2":"type-product","3":"status-publish","5":"product_cat-aile-ve-cocuk","6":"product_cat-sosyoloji","7":"pa_cilt-ciltsiz","8":"pa_tur-kitap","9":"pa_yayinevi-nesil-yayinlari","10":"pa_yazar-tugba-akbey-inan","12":"first","13":"instock","14":"sale","15":"shipping-taxable","16":"purchasable","17":"product-type-simple"},"_links":{"self":[{"href":"https:\/\/roveyayinevi.com.tr\/index.php\/wp-json\/wp\/v2\/product\/769899","targetHints":{"allow":["GET"]}}],"collection":[{"href":"https:\/\/roveyayinevi.com.tr\/index.php\/wp-json\/wp\/v2\/product"}],"about":[{"href":"https:\/\/roveyayinevi.com.tr\/index.php\/wp-json\/wp\/v2\/types\/product"}],"wp:attachment":[{"href":"https:\/\/roveyayinevi.com.tr\/index.php\/wp-json\/wp\/v2\/media?parent=769899"}],"wp:term":[{"taxonomy":"product_brand","embeddable":true,"href":"https:\/\/roveyayinevi.com.tr\/index.php\/wp-json\/wp\/v2\/product_brand?post=769899"},{"taxonomy":"product_cat","embeddable":true,"href":"https:\/\/roveyayinevi.com.tr\/index.php\/wp-json\/wp\/v2\/product_cat?post=769899"},{"taxonomy":"product_tag","embeddable":true,"href":"https:\/\/roveyayinevi.com.tr\/index.php\/wp-json\/wp\/v2\/product_tag?post=769899"}],"curies":[{"name":"wp","href":"https:\/\/api.w.org\/{rel}","templated":true}]}}