{"id":769890,"date":"2025-08-28T14:10:25","date_gmt":"2025-08-28T11:10:25","guid":{"rendered":"https:\/\/roveyayinevi.com.tr\/index.php\/urun\/bir-sorundan-fazlasi\/"},"modified":"2026-04-15T03:36:25","modified_gmt":"2026-04-15T00:36:25","slug":"bir-sorundan-fazlasi","status":"publish","type":"product","link":"https:\/\/roveyayinevi.com.tr\/index.php\/urun\/bir-sorundan-fazlasi\/","title":{"rendered":"Bir Soru(n)dan Fazlas\u0131"},"content":{"rendered":"<p>Evlilik, sadece iki ki\u015fiden ibaret de\u011fildir. Bazen g\u00f6r\u00fcnmez eller ili\u015fkileri y\u00f6nlendirir, s\u00f6ylenmeyen s\u00f6zler duvarlar \u00f6rer, fedak\u00e2rl\u0131klar zamanla y\u00fck olur. \u201cBir Soru(n)dan Fazlas\u0131\u201d, evlilikleri sarsan ama \u00e7o\u011fu zaman dile getirilemeyen konular\u0131n kap\u0131s\u0131n\u0131 aral\u0131yor. Gelin-kaynana sorunlar\u0131, s\u0131n\u0131rlar\u0131n\u0131 \u00e7izemeyen e\u015fler, narsist partnerlerle ya\u015faman\u0131n y\u0131prat\u0131c\u0131 etkileri\u2026 Bu kitap, size yaln\u0131z olmad\u0131\u011f\u0131n\u0131z\u0131 hat\u0131rlat\u0131rken, ili\u015fkilerde kaybolmadan var olman\u0131n yollar\u0131n\u0131 g\u00f6steriyor. \u00c7\u00fcnk\u00fc bir soru(n) sadece bir soru(n) de\u011fildir; bazen \u00e7ok daha fazlas\u0131d\u0131r.  Kendinizi ke\u015ffetmeye ve hik\u00e2yenizi yeniden yazmaya haz\u0131rsan\u0131z bu kitap tam da size g\u00f6re. <\/p>\n","protected":false},"excerpt":{"rendered":"<p>Evlilik, sadece iki ki\u015fiden ibaret de\u011fildir. Bazen g\u00f6r\u00fcnmez eller ili\u015fkileri y\u00f6nlendirir, s\u00f6ylenmeyen s\u00f6zler duvarlar \u00f6rer, fedak\u00e2rl\u0131klar zamanla y\u00fck olur. \u201cBir Soru(n)dan Fazlas\u0131\u201d, evlilikleri sarsan ama \u00e7o\u011fu<span class=\"excerpt-hellip\"> [\u2026]<\/span><\/p>\n","protected":false},"featured_media":0,"template":"","meta":{"_monsterinsights_skip_tracking":false,"_monsterinsights_sitenote_active":false,"_monsterinsights_sitenote_note":"","_monsterinsights_sitenote_category":0},"product_brand":[],"product_cat":[12324],"product_tag":[],"class_list":{"0":"post-769890","1":"product","2":"type-product","3":"status-publish","5":"product_cat-sosyoloji","6":"pa_cilt-ciltsiz","7":"pa_tur-kitap","8":"pa_yayinevi-nesil-yayinlari","9":"pa_yazar-ilknur-ozhan","11":"first","12":"instock","13":"sale","14":"shipping-taxable","15":"purchasable","16":"product-type-simple"},"_links":{"self":[{"href":"https:\/\/roveyayinevi.com.tr\/index.php\/wp-json\/wp\/v2\/product\/769890","targetHints":{"allow":["GET"]}}],"collection":[{"href":"https:\/\/roveyayinevi.com.tr\/index.php\/wp-json\/wp\/v2\/product"}],"about":[{"href":"https:\/\/roveyayinevi.com.tr\/index.php\/wp-json\/wp\/v2\/types\/product"}],"wp:attachment":[{"href":"https:\/\/roveyayinevi.com.tr\/index.php\/wp-json\/wp\/v2\/media?parent=769890"}],"wp:term":[{"taxonomy":"product_brand","embeddable":true,"href":"https:\/\/roveyayinevi.com.tr\/index.php\/wp-json\/wp\/v2\/product_brand?post=769890"},{"taxonomy":"product_cat","embeddable":true,"href":"https:\/\/roveyayinevi.com.tr\/index.php\/wp-json\/wp\/v2\/product_cat?post=769890"},{"taxonomy":"product_tag","embeddable":true,"href":"https:\/\/roveyayinevi.com.tr\/index.php\/wp-json\/wp\/v2\/product_tag?post=769890"}],"curies":[{"name":"wp","href":"https:\/\/api.w.org\/{rel}","templated":true}]}}