{"id":769889,"date":"2025-08-28T14:10:23","date_gmt":"2025-08-28T11:10:23","guid":{"rendered":"https:\/\/roveyayinevi.com.tr\/index.php\/urun\/uzun-bir-adam\/"},"modified":"2026-04-15T03:36:25","modified_gmt":"2026-04-15T00:36:25","slug":"uzun-bir-adam","status":"publish","type":"product","link":"https:\/\/roveyayinevi.com.tr\/index.php\/urun\/uzun-bir-adam\/","title":{"rendered":"Uzun Bir Adam"},"content":{"rendered":"<p>Uzun Bir Adam, s\u00f6zc\u00fcklerle boy atan, \u015fiirin gizli tarihini uzun y\u00fcr\u00fcyen \u0130lhan Berk\u2019in yaz\u0131 ile cehennemsi ili\u015fkisinin kayna\u011f\u0131na g\u00f6t\u00fcr\u00fcyor okuru. \u0130lhan Berk, kitab\u0131n\u0131n geni\u015fletilmi\u015f 3. bask\u0131s\u0131na \u201cY\u00fcz\u00fcm \u00dcst\u00fcne\u201d, \u201cBen Nesnelerin Tabulu\u011funa Ba\u011fl\u0131y\u0131m\u201d, \u201cA\u015fka Gelince\u201d, \u201cResimlerim \u00dcst\u00fcne\u201d, \u201cAnlam ve Anlam\u0131 A\u015fmak\u201d ba\u015fl\u0131kl\u0131 metinlerini ekledi. Ayr\u0131ca \u015fairin alb\u00fcm\u00fcnden foto\u011fraflar bu yenibas\u0131mda yer ald\u0131.<\/p>\n","protected":false},"excerpt":{"rendered":"<p>Uzun Bir Adam, s\u00f6zc\u00fcklerle boy atan, \u015fiirin gizli tarihini uzun y\u00fcr\u00fcyen \u0130lhan Berk\u2019in yaz\u0131 ile cehennemsi ili\u015fkisinin kayna\u011f\u0131na g\u00f6t\u00fcr\u00fcyor okuru. \u0130lhan Berk, kitab\u0131n\u0131n geni\u015fletilmi\u015f 3. bask\u0131s\u0131na<span class=\"excerpt-hellip\"> [\u2026]<\/span><\/p>\n","protected":false},"featured_media":0,"template":"","meta":{"_monsterinsights_skip_tracking":false,"_monsterinsights_sitenote_active":false,"_monsterinsights_sitenote_note":"","_monsterinsights_sitenote_category":0},"product_brand":[],"product_cat":[14009,12291],"product_tag":[],"class_list":{"0":"post-769889","1":"product","2":"type-product","3":"status-publish","5":"product_cat-biyografi-otobiyografi-edebiyat","6":"product_cat-edebiyat","7":"pa_cilt-ciltsiz","8":"pa_tur-kitap","9":"pa_yayinevi-yapi-kredi-yayinlari","10":"pa_yazar-ilhan-berk","12":"first","13":"instock","14":"sale","15":"shipping-taxable","16":"purchasable","17":"product-type-simple"},"_links":{"self":[{"href":"https:\/\/roveyayinevi.com.tr\/index.php\/wp-json\/wp\/v2\/product\/769889","targetHints":{"allow":["GET"]}}],"collection":[{"href":"https:\/\/roveyayinevi.com.tr\/index.php\/wp-json\/wp\/v2\/product"}],"about":[{"href":"https:\/\/roveyayinevi.com.tr\/index.php\/wp-json\/wp\/v2\/types\/product"}],"wp:attachment":[{"href":"https:\/\/roveyayinevi.com.tr\/index.php\/wp-json\/wp\/v2\/media?parent=769889"}],"wp:term":[{"taxonomy":"product_brand","embeddable":true,"href":"https:\/\/roveyayinevi.com.tr\/index.php\/wp-json\/wp\/v2\/product_brand?post=769889"},{"taxonomy":"product_cat","embeddable":true,"href":"https:\/\/roveyayinevi.com.tr\/index.php\/wp-json\/wp\/v2\/product_cat?post=769889"},{"taxonomy":"product_tag","embeddable":true,"href":"https:\/\/roveyayinevi.com.tr\/index.php\/wp-json\/wp\/v2\/product_tag?post=769889"}],"curies":[{"name":"wp","href":"https:\/\/api.w.org\/{rel}","templated":true}]}}