{"id":769886,"date":"2025-08-28T14:10:15","date_gmt":"2025-08-28T11:10:15","guid":{"rendered":"https:\/\/roveyayinevi.com.tr\/index.php\/urun\/kirk-yama\/"},"modified":"2026-04-15T03:36:25","modified_gmt":"2026-04-15T00:36:25","slug":"kirk-yama","status":"publish","type":"product","link":"https:\/\/roveyayinevi.com.tr\/index.php\/urun\/kirk-yama\/","title":{"rendered":"K\u0131rk Yama"},"content":{"rendered":"<p>Sokaklar\u0131nda \u0131hlamur, i\u011fde a\u011fa\u00e7lar\u0131n\u0131n s\u0131raland\u0131\u011f\u0131, demirden bah\u00e7e kap\u0131s\u0131na yediveren g\u00fcllerinin sarmaland\u0131\u011f\u0131 3-4 katl\u0131 evleri, ak\u015fam\u00fcst\u00fc ye\u015fil hortumla f\u0131\u015f f\u0131\u015f sulanan bah\u00e7eleri, Yerlere att\u0131klar\u0131 \u00e7ekirdek kabuklar\u0131 y\u00fcz\u00fcnden Mansur Efendi\u2019nin \u00e7al\u0131 s\u00fcp\u00fcrgesiyle kovalanan mahalle \u00e7ocuklar\u0131, Mizample sa\u00e7l\u0131, d\u00f6piyesli zarif han\u0131mefendileri, tak\u0131m elbiseli beyefendileri, Bakkal Seyfi\u2019si, ta\u015f f\u0131r\u0131n\u0131, yorganc\u0131s\u0131, tuhafiyecisi ile en kral\u0131ndan esnaf\u0131, Siyah beyaz televizyonda Ka\u00e7ak, Kunte Kinte izleyebilmek i\u00e7in dama t\u0131rman\u0131p anteni d\u00fczelten babalar\u0131, K\u0131\u015f\u0131n k\u00f6zde kestane, yaz\u0131n bu\u011fulu \u00e7a\u011flalar\u0131 gazete k\u00e2\u011f\u0131d\u0131ndan k\u00fclah\u0131n i\u00e7inde satan Ali amcas\u0131, Karl\u0131 havalarda elleri buz kesene kadar kartopu oynayan ahalisi, Selamla\u015fan, yard\u0131mla\u015fan kom\u015fular\u0131, Yaz vakti geldi mi balkona kurulan sofralar\u0131, Ve ilk a\u015fklar\u0131, yaz a\u015fklar\u0131 ve ergenlik kayg\u0131lar\u0131, \u00fcniversite hayalleri, Ayr\u0131l\u0131klar, kavu\u015fmalar, k\u00e2buslar, k\u00e2buslardan uyanmalar\u2026 Ve k\u0131rk yamal\u0131 y\u00fcrekleri\u2026 Yamalar\u0131n \u00e7are oldu\u011fu, yamalar\u0131n hediye oldu\u011fu 1970-1990 T\u00fcrkiye\u2019si\u2026 <\/p>\n","protected":false},"excerpt":{"rendered":"<p>Sokaklar\u0131nda \u0131hlamur, i\u011fde a\u011fa\u00e7lar\u0131n\u0131n s\u0131raland\u0131\u011f\u0131, demirden bah\u00e7e kap\u0131s\u0131na yediveren g\u00fcllerinin sarmaland\u0131\u011f\u0131 3-4 katl\u0131 evleri, ak\u015fam\u00fcst\u00fc ye\u015fil hortumla f\u0131\u015f f\u0131\u015f sulanan bah\u00e7eleri, Yerlere att\u0131klar\u0131 \u00e7ekirdek kabuklar\u0131 y\u00fcz\u00fcnden<span class=\"excerpt-hellip\"> [\u2026]<\/span><\/p>\n","protected":false},"featured_media":0,"template":"","meta":{"_monsterinsights_skip_tracking":false,"_monsterinsights_sitenote_active":false,"_monsterinsights_sitenote_note":"","_monsterinsights_sitenote_category":0},"product_brand":[],"product_cat":[12291,12711],"product_tag":[],"class_list":{"0":"post-769886","1":"product","2":"type-product","3":"status-publish","5":"product_cat-edebiyat","6":"product_cat-roman-oyku","7":"pa_cilt-ciltsiz","8":"pa_tur-kitap","9":"pa_yayinevi-inkilap-kitabevi","10":"pa_yazar-bige-guven-kizilay","12":"first","13":"instock","14":"sale","15":"shipping-taxable","16":"purchasable","17":"product-type-simple"},"_links":{"self":[{"href":"https:\/\/roveyayinevi.com.tr\/index.php\/wp-json\/wp\/v2\/product\/769886","targetHints":{"allow":["GET"]}}],"collection":[{"href":"https:\/\/roveyayinevi.com.tr\/index.php\/wp-json\/wp\/v2\/product"}],"about":[{"href":"https:\/\/roveyayinevi.com.tr\/index.php\/wp-json\/wp\/v2\/types\/product"}],"wp:attachment":[{"href":"https:\/\/roveyayinevi.com.tr\/index.php\/wp-json\/wp\/v2\/media?parent=769886"}],"wp:term":[{"taxonomy":"product_brand","embeddable":true,"href":"https:\/\/roveyayinevi.com.tr\/index.php\/wp-json\/wp\/v2\/product_brand?post=769886"},{"taxonomy":"product_cat","embeddable":true,"href":"https:\/\/roveyayinevi.com.tr\/index.php\/wp-json\/wp\/v2\/product_cat?post=769886"},{"taxonomy":"product_tag","embeddable":true,"href":"https:\/\/roveyayinevi.com.tr\/index.php\/wp-json\/wp\/v2\/product_tag?post=769886"}],"curies":[{"name":"wp","href":"https:\/\/api.w.org\/{rel}","templated":true}]}}