{"id":769867,"date":"2025-08-28T14:09:37","date_gmt":"2025-08-28T11:09:37","guid":{"rendered":"https:\/\/roveyayinevi.com.tr\/index.php\/urun\/bozkurtlarin-olumu-4-album\/"},"modified":"2026-04-15T03:36:25","modified_gmt":"2026-04-15T00:36:25","slug":"bozkurtlarin-olumu-4-album","status":"publish","type":"product","link":"https:\/\/roveyayinevi.com.tr\/index.php\/urun\/bozkurtlarin-olumu-4-album\/","title":{"rendered":"Bozkurtlar\u0131n \u00d6l\u00fcm\u00fc 4. Alb\u00fcm"},"content":{"rendered":"<p>G\u00f6k T\u00fcrklerin dirlik ve d\u00fczenlerinin son g\u00fcnlerini ya\u015f\u0131yoruz. \u00d6t\u00fcken\u2019de \u00c7al\u0131k\u2019\u0131n \u00f6l\u00fcmc\u00fcl bir yarayla d\u00f6nmesi ve nihayetinde \u00f6lmesiyle bir \u00e7a\u015f\u0131t krizi g\u00fcn y\u00fcz\u00fcne \u00e7\u0131k\u0131yor; fakat bu sorun K\u00fcr \u015ead\u2019\u0131n eliyle \u015fiddetli bir bi\u00e7imde \u00e7\u00f6z\u00fcl\u00fcyor. T\u00fcrk ba\u015fkentinde ya\u015fayan eski hanedana mensup \u00c7inliler, bu krizleri kendi aileleri lehine kullanma hevesinde. Budun \u00f6fkeli ve kayna\u015f\u0131yor.<\/p>\n","protected":false},"excerpt":{"rendered":"<p>G\u00f6k T\u00fcrklerin dirlik ve d\u00fczenlerinin son g\u00fcnlerini ya\u015f\u0131yoruz. \u00d6t\u00fcken\u2019de \u00c7al\u0131k\u2019\u0131n \u00f6l\u00fcmc\u00fcl bir yarayla d\u00f6nmesi ve nihayetinde \u00f6lmesiyle bir \u00e7a\u015f\u0131t krizi g\u00fcn y\u00fcz\u00fcne \u00e7\u0131k\u0131yor; fakat bu sorun<span class=\"excerpt-hellip\"> [\u2026]<\/span><\/p>\n","protected":false},"featured_media":0,"template":"","meta":{"_monsterinsights_skip_tracking":false,"_monsterinsights_sitenote_active":false,"_monsterinsights_sitenote_note":"","_monsterinsights_sitenote_category":0},"product_brand":[],"product_cat":[12304,13650],"product_tag":[],"class_list":{"0":"post-769867","1":"product","2":"type-product","3":"status-publish","5":"product_cat-tarih","6":"product_cat-turk-tarihi-arastirmalari","7":"pa_cilt-ciltsiz","8":"pa_tur-kitap","9":"pa_yayinevi-otuken-nesriyat","10":"pa_yazar-huseyin-nihal-atsiz-ogan-kandemiroglu","12":"first","13":"instock","14":"sale","15":"shipping-taxable","16":"purchasable","17":"product-type-simple"},"_links":{"self":[{"href":"https:\/\/roveyayinevi.com.tr\/index.php\/wp-json\/wp\/v2\/product\/769867","targetHints":{"allow":["GET"]}}],"collection":[{"href":"https:\/\/roveyayinevi.com.tr\/index.php\/wp-json\/wp\/v2\/product"}],"about":[{"href":"https:\/\/roveyayinevi.com.tr\/index.php\/wp-json\/wp\/v2\/types\/product"}],"wp:attachment":[{"href":"https:\/\/roveyayinevi.com.tr\/index.php\/wp-json\/wp\/v2\/media?parent=769867"}],"wp:term":[{"taxonomy":"product_brand","embeddable":true,"href":"https:\/\/roveyayinevi.com.tr\/index.php\/wp-json\/wp\/v2\/product_brand?post=769867"},{"taxonomy":"product_cat","embeddable":true,"href":"https:\/\/roveyayinevi.com.tr\/index.php\/wp-json\/wp\/v2\/product_cat?post=769867"},{"taxonomy":"product_tag","embeddable":true,"href":"https:\/\/roveyayinevi.com.tr\/index.php\/wp-json\/wp\/v2\/product_tag?post=769867"}],"curies":[{"name":"wp","href":"https:\/\/api.w.org\/{rel}","templated":true}]}}