{"id":769866,"date":"2025-08-28T14:09:35","date_gmt":"2025-08-28T11:09:35","guid":{"rendered":"https:\/\/roveyayinevi.com.tr\/index.php\/urun\/selcuklu-hikayeleri\/"},"modified":"2026-04-15T03:36:25","modified_gmt":"2026-04-15T00:36:25","slug":"selcuklu-hikayeleri","status":"publish","type":"product","link":"https:\/\/roveyayinevi.com.tr\/index.php\/urun\/selcuklu-hikayeleri\/","title":{"rendered":"Sel\u00e7uklu Hikayeleri"},"content":{"rendered":"<p>Hasan Erdem, tarihi romanlar\u0131yla tan\u0131nan bir yazar olarak, gen\u00e7 okuyucular i\u00e7in kaleme ald\u0131\u011f\u0131 Sel\u00e7uklu Hik\u00e2yeleri kitab\u0131nda, 1040 y\u0131l\u0131nda O\u011fuz T\u00fcrklerinin K\u0131n\u0131k boyu taraf\u0131ndan kurulan ve Hinduku\u015f Da\u011flar\u0131\u2019ndan Anadolu\u2019ya, Orta Asya\u2019dan Basra K\u00f6rfezi\u2019ne kadar uzanan geni\u015f bir co\u011frafyada h\u00fck\u00fcm s\u00fcren Sel\u00e7uklular\u0131n tarihinden esinleniyor. T\u00fcrk k\u00fclt\u00fcr\u00fcn\u00fc ve \u0130slam dinini fethettikleri topraklara yayan bu b\u00fcy\u00fck devletin hik\u00e2yesini sekiz etkileyici tarihi \u00f6yk\u00fcyle gen\u00e7 okurlar\u0131na sunuyor.<\/p>\n","protected":false},"excerpt":{"rendered":"<p>Hasan Erdem, tarihi romanlar\u0131yla tan\u0131nan bir yazar olarak, gen\u00e7 okuyucular i\u00e7in kaleme ald\u0131\u011f\u0131 Sel\u00e7uklu Hik\u00e2yeleri kitab\u0131nda, 1040 y\u0131l\u0131nda O\u011fuz T\u00fcrklerinin K\u0131n\u0131k boyu taraf\u0131ndan kurulan ve Hinduku\u015f<span class=\"excerpt-hellip\"> [\u2026]<\/span><\/p>\n","protected":false},"featured_media":0,"template":"","meta":{"_monsterinsights_skip_tracking":false,"_monsterinsights_sitenote_active":false,"_monsterinsights_sitenote_note":"","_monsterinsights_sitenote_category":0},"product_brand":[],"product_cat":[12291,12745],"product_tag":[],"class_list":{"0":"post-769866","1":"product","2":"type-product","3":"status-publish","5":"product_cat-edebiyat","6":"product_cat-tarihi-roman","7":"pa_cilt-ciltsiz","8":"pa_tur-kitap","9":"pa_yayinevi-otuken-nesriyat","10":"pa_yazar-hasan-erdem","12":"first","13":"instock","14":"sale","15":"shipping-taxable","16":"purchasable","17":"product-type-simple"},"_links":{"self":[{"href":"https:\/\/roveyayinevi.com.tr\/index.php\/wp-json\/wp\/v2\/product\/769866","targetHints":{"allow":["GET"]}}],"collection":[{"href":"https:\/\/roveyayinevi.com.tr\/index.php\/wp-json\/wp\/v2\/product"}],"about":[{"href":"https:\/\/roveyayinevi.com.tr\/index.php\/wp-json\/wp\/v2\/types\/product"}],"wp:attachment":[{"href":"https:\/\/roveyayinevi.com.tr\/index.php\/wp-json\/wp\/v2\/media?parent=769866"}],"wp:term":[{"taxonomy":"product_brand","embeddable":true,"href":"https:\/\/roveyayinevi.com.tr\/index.php\/wp-json\/wp\/v2\/product_brand?post=769866"},{"taxonomy":"product_cat","embeddable":true,"href":"https:\/\/roveyayinevi.com.tr\/index.php\/wp-json\/wp\/v2\/product_cat?post=769866"},{"taxonomy":"product_tag","embeddable":true,"href":"https:\/\/roveyayinevi.com.tr\/index.php\/wp-json\/wp\/v2\/product_tag?post=769866"}],"curies":[{"name":"wp","href":"https:\/\/api.w.org\/{rel}","templated":true}]}}