{"id":769865,"date":"2025-08-28T14:09:33","date_gmt":"2025-08-28T11:09:33","guid":{"rendered":"https:\/\/roveyayinevi.com.tr\/index.php\/urun\/birmanyali-bir-kiza\/"},"modified":"2026-04-15T03:36:25","modified_gmt":"2026-04-15T00:36:25","slug":"birmanyali-bir-kiza","status":"publish","type":"product","link":"https:\/\/roveyayinevi.com.tr\/index.php\/urun\/birmanyali-bir-kiza\/","title":{"rendered":"Birmanyal\u0131 Bir K\u0131za"},"content":{"rendered":"<p>Birmanyal\u0131 Bir K\u0131za isimli bu kitap, romanc\u0131 kimli\u011fiyle tan\u0131nan George Orwell\u2019\u0131n, e\u011fitim g\u00f6rd\u00fc\u011f\u00fc Eton Kolejinde arkada\u015flar\u0131yla birlikte \u00e7\u0131kard\u0131klar\u0131 The Election Times, College Days ve Buble and Squeak isimli fanzinlerde yay\u0131mlanan ve el yazmalar\u0131 aras\u0131nda tespit edilen \u015fiirlerinden olu\u015fmaktad\u0131r.Deneme yazar\u0131, gazeteci ve romanc\u0131 Orwell ile kar\u015f\u0131la\u015ft\u0131r\u0131ld\u0131\u011f\u0131nda, \u015fair Orwell&#8217;\u0131n dikkate de\u011fer bir fig\u00fcr olmad\u0131\u011f\u0131 konusunda \u00e7o\u011fu ki\u015fi hemfikirdir. Ancak \u015fiirleri hakk\u0131nda edeb\u00ee a\u00e7\u0131dan ne d\u00fc\u015f\u00fcn\u00fcl\u00fcrse d\u00fc\u015f\u00fcn\u00fcls\u00fcn, biyografik bir bak\u0131\u015f a\u00e7\u0131s\u0131yla daha fazla anlam ta\u015f\u0131r. Ku\u015fkusuz, di\u011fer yaz\u0131lar\u0131 gibi, zihninin zaman i\u00e7indeki hareketlerini yans\u0131tmakta ve belki de bu \u0131\u015f\u0131k alt\u0131nda daha iyi okunmaktad\u0131r. Bununla birlikte, \u201c\u0130talyan Asker Elimi S\u0131kt\u0131\u201d ve \u201cMutlu Bir Papaz Olabilirdim\u201d gibi \u015fiirleri a\u00e7\u0131k istisnalard\u0131r. \u0130lham perisi Jacintha Buddicom&#8217;a yazd\u0131\u011f\u0131 ilk \u201ca\u015fk\u201d \u015fiirleri, okul ve Birmanya g\u00fcnlerinden Kiplingvari \u015fiirleri ve \u00e7e\u015fitli siyasi \u015fiirleri de olduk\u00e7a a\u00e7\u0131klay\u0131c\u0131d\u0131r.<\/p>\n","protected":false},"excerpt":{"rendered":"<p>Birmanyal\u0131 Bir K\u0131za isimli bu kitap, romanc\u0131 kimli\u011fiyle tan\u0131nan George Orwell\u2019\u0131n, e\u011fitim g\u00f6rd\u00fc\u011f\u00fc Eton Kolejinde arkada\u015flar\u0131yla birlikte \u00e7\u0131kard\u0131klar\u0131 The Election Times, College Days ve Buble and<span class=\"excerpt-hellip\"> [\u2026]<\/span><\/p>\n","protected":false},"featured_media":0,"template":"","meta":{"_monsterinsights_skip_tracking":false,"_monsterinsights_sitenote_active":false,"_monsterinsights_sitenote_note":"","_monsterinsights_sitenote_category":0},"product_brand":[],"product_cat":[12291,12509],"product_tag":[],"class_list":{"0":"post-769865","1":"product","2":"type-product","3":"status-publish","5":"product_cat-edebiyat","6":"product_cat-siir","7":"pa_cilt-ciltsiz","8":"pa_tur-kitap","9":"pa_yayinevi-otuken-nesriyat","10":"pa_yazar-george-orwell","12":"first","13":"instock","14":"sale","15":"shipping-taxable","16":"purchasable","17":"product-type-simple"},"_links":{"self":[{"href":"https:\/\/roveyayinevi.com.tr\/index.php\/wp-json\/wp\/v2\/product\/769865","targetHints":{"allow":["GET"]}}],"collection":[{"href":"https:\/\/roveyayinevi.com.tr\/index.php\/wp-json\/wp\/v2\/product"}],"about":[{"href":"https:\/\/roveyayinevi.com.tr\/index.php\/wp-json\/wp\/v2\/types\/product"}],"wp:attachment":[{"href":"https:\/\/roveyayinevi.com.tr\/index.php\/wp-json\/wp\/v2\/media?parent=769865"}],"wp:term":[{"taxonomy":"product_brand","embeddable":true,"href":"https:\/\/roveyayinevi.com.tr\/index.php\/wp-json\/wp\/v2\/product_brand?post=769865"},{"taxonomy":"product_cat","embeddable":true,"href":"https:\/\/roveyayinevi.com.tr\/index.php\/wp-json\/wp\/v2\/product_cat?post=769865"},{"taxonomy":"product_tag","embeddable":true,"href":"https:\/\/roveyayinevi.com.tr\/index.php\/wp-json\/wp\/v2\/product_tag?post=769865"}],"curies":[{"name":"wp","href":"https:\/\/api.w.org\/{rel}","templated":true}]}}