{"id":769857,"date":"2025-08-28T14:09:17","date_gmt":"2025-08-28T11:09:17","guid":{"rendered":"https:\/\/roveyayinevi.com.tr\/index.php\/urun\/bandirma-palas\/"},"modified":"2026-04-15T03:36:24","modified_gmt":"2026-04-15T00:36:24","slug":"bandirma-palas","status":"publish","type":"product","link":"https:\/\/roveyayinevi.com.tr\/index.php\/urun\/bandirma-palas\/","title":{"rendered":"Band\u0131rma Palas"},"content":{"rendered":"<p>ece vapurundan \u015fehre gizemli bir yolcu iner. R\u0131ht\u0131mda bir kar\u015f\u0131layan\u0131 olmayan adam ya\u011fmur alt\u0131nda \u0131slan\u0131r.\u015eehrin en eski oteli Band\u0131rma Palas\u2019\u0131n Mavi Kubbeli Odas\u0131\u2019nda kalan yabanc\u0131, \u00fc\u00e7 ay boyunca ge\u00e7mi\u015fin izlerini arar.Her gece onu tan\u0131yanlar, otel odas\u0131na mazisini hat\u0131rlatan e\u015fyalar b\u0131rak\u0131r. Bu e\u015fyalar\u0131n aras\u0131nda Medusa kolye ve bir b\u00fclb\u00fcl kafesi de vard\u0131r.\u015eehirde Ku\u015f Cenneti Festivali ba\u015flar. Festival i\u00e7in otele mavi sa\u00e7l\u0131 tiyatrocu bir gen\u00e7 gelir. B\u00fclb\u00fcl\u00fc ka\u00e7\u0131ran adam, yakalamak i\u00e7in tiyatrocu genci \u00e7a\u011f\u0131r\u0131r. \u0130ki erkek aras\u0131nda bir sava\u015f ba\u015flar. Mavi sa\u00e7l\u0131 adam\u0131 ma\u011flup ederse ger\u00e7eklerle y\u00fczle\u015fecektir. Ancak e\u015fyalar\u0131n ger\u00e7ek sahibi otele d\u00f6ner.Band\u0131rma Palas\u2019\u0131n bir y\u00fcz\u00fc Didumus Da\u011f\u0131\u2019na bakar. D\u00fc\u015flerinde, sar\u0131 elbiseli bir kad\u0131n her gece otelin d\u00f6ner merdivenlerini t\u0131rman\u0131r. Ger\u00e7ek ve hayal aras\u0131nda ya\u015fayan adam, otel \u00e7al\u0131\u015fanlar\u0131 M\u00fcstecep ve Faris\u2019in de ayn\u0131 d\u00fc\u015f\u00fc g\u00f6rd\u00fc\u011f\u00fcnden habersizdir. \u201cHer erkek iki kad\u0131na \u00e2\u015f\u0131k olur.Biri hayallerinde yaratt\u0131\u011f\u0131 di\u011feriyse hen\u00fcz do\u011fmam\u0131\u015f oland\u0131r.\u201dHalil Cibran<\/p>\n","protected":false},"excerpt":{"rendered":"<p>ece vapurundan \u015fehre gizemli bir yolcu iner. R\u0131ht\u0131mda bir kar\u015f\u0131layan\u0131 olmayan adam ya\u011fmur alt\u0131nda \u0131slan\u0131r.\u015eehrin en eski oteli Band\u0131rma Palas\u2019\u0131n Mavi Kubbeli Odas\u0131\u2019nda kalan yabanc\u0131, \u00fc\u00e7<span class=\"excerpt-hellip\"> [\u2026]<\/span><\/p>\n","protected":false},"featured_media":0,"template":"","meta":{"_monsterinsights_skip_tracking":false,"_monsterinsights_sitenote_active":false,"_monsterinsights_sitenote_note":"","_monsterinsights_sitenote_category":0},"product_brand":[],"product_cat":[12291,12711],"product_tag":[],"class_list":{"0":"post-769857","1":"product","2":"type-product","3":"status-publish","5":"product_cat-edebiyat","6":"product_cat-roman-oyku","7":"pa_cilt-ciltsiz","8":"pa_tur-kitap","9":"pa_yayinevi-otuken-nesriyat","10":"pa_yazar-salim-nizam","12":"first","13":"instock","14":"sale","15":"shipping-taxable","16":"purchasable","17":"product-type-simple"},"_links":{"self":[{"href":"https:\/\/roveyayinevi.com.tr\/index.php\/wp-json\/wp\/v2\/product\/769857","targetHints":{"allow":["GET"]}}],"collection":[{"href":"https:\/\/roveyayinevi.com.tr\/index.php\/wp-json\/wp\/v2\/product"}],"about":[{"href":"https:\/\/roveyayinevi.com.tr\/index.php\/wp-json\/wp\/v2\/types\/product"}],"wp:attachment":[{"href":"https:\/\/roveyayinevi.com.tr\/index.php\/wp-json\/wp\/v2\/media?parent=769857"}],"wp:term":[{"taxonomy":"product_brand","embeddable":true,"href":"https:\/\/roveyayinevi.com.tr\/index.php\/wp-json\/wp\/v2\/product_brand?post=769857"},{"taxonomy":"product_cat","embeddable":true,"href":"https:\/\/roveyayinevi.com.tr\/index.php\/wp-json\/wp\/v2\/product_cat?post=769857"},{"taxonomy":"product_tag","embeddable":true,"href":"https:\/\/roveyayinevi.com.tr\/index.php\/wp-json\/wp\/v2\/product_tag?post=769857"}],"curies":[{"name":"wp","href":"https:\/\/api.w.org\/{rel}","templated":true}]}}