{"id":769855,"date":"2025-08-28T14:09:14","date_gmt":"2025-08-28T11:09:14","guid":{"rendered":"https:\/\/roveyayinevi.com.tr\/index.php\/urun\/meseleler-defteri\/"},"modified":"2026-04-15T03:36:24","modified_gmt":"2026-04-15T00:36:24","slug":"meseleler-defteri","status":"publish","type":"product","link":"https:\/\/roveyayinevi.com.tr\/index.php\/urun\/meseleler-defteri\/","title":{"rendered":"Meseleler Defteri"},"content":{"rendered":"<p>\u201cG\u00fcnl\u00fck desem g\u00fcnl\u00fck de\u011fil. Belki bir t\u00fcr not defteri. 1976 y\u0131l\u0131nda ABD\u2019nin Seattle \u015fehrinde bir b\u00fcy\u00fck defter alm\u0131\u015f\u0131m. O tarihten beri akl\u0131ma d\u00fc\u015fen meseleleri yaz\u0131yorum. Mesele, hangi tarihte, saat ka\u00e7ta akl\u0131ma d\u00fc\u015fm\u00fc\u015f\u2026 bunlar\u0131 da mutlaka kaydettim. B\u00f6ylece ne zaman ne d\u00fc\u015f\u00fcnm\u00fc\u015f\u00fcm, hangi konu ne zaman akl\u0131ma gelmi\u015f\u2026 B\u00fct\u00fcn bunlar a\u00e7\u0131k olarak g\u00f6r\u00fcn\u00fcyor. Bir bak\u0131ma zihin yolculu\u011fumun kronolojisini vermi\u015f oluyorum. Elbette meselelerin b\u00fcy\u00fck bir \u00e7o\u011funlu\u011fu dille ilgili. Fakat zaman zaman edebiyat, tarih, felsefe, siyaset konular\u0131nda da d\u00fc\u015f\u00fcnd\u00fcklerimi yazm\u0131\u015f\u0131m. Ke\u015fke bunlar\u0131 da s\u0131k\u00e7a yazsaym\u0131\u015f\u0131m. O zaman tam bir \u201czihin yolculu\u011fu\u201d ortaya \u00e7\u0131kard\u0131.\u201dProf. Dr. Ahmet.B.Ercilasun<\/p>\n","protected":false},"excerpt":{"rendered":"<p>\u201cG\u00fcnl\u00fck desem g\u00fcnl\u00fck de\u011fil. Belki bir t\u00fcr not defteri. 1976 y\u0131l\u0131nda ABD\u2019nin Seattle \u015fehrinde bir b\u00fcy\u00fck defter alm\u0131\u015f\u0131m. O tarihten beri akl\u0131ma d\u00fc\u015fen meseleleri yaz\u0131yorum. Mesele,<span class=\"excerpt-hellip\"> [\u2026]<\/span><\/p>\n","protected":false},"featured_media":0,"template":"","meta":{"_monsterinsights_skip_tracking":false,"_monsterinsights_sitenote_active":false,"_monsterinsights_sitenote_note":"","_monsterinsights_sitenote_category":0},"product_brand":[],"product_cat":[20225,12291],"product_tag":[],"class_list":{"0":"post-769855","1":"product","2":"type-product","3":"status-publish","5":"product_cat-dil-bilim","6":"product_cat-edebiyat","7":"pa_cilt-ciltsiz","8":"pa_tur-kitap","9":"pa_yayinevi-otuken-nesriyat","10":"pa_yazar-ahmet-bican-ercilasun","12":"first","13":"instock","14":"sale","15":"shipping-taxable","16":"purchasable","17":"product-type-simple"},"_links":{"self":[{"href":"https:\/\/roveyayinevi.com.tr\/index.php\/wp-json\/wp\/v2\/product\/769855","targetHints":{"allow":["GET"]}}],"collection":[{"href":"https:\/\/roveyayinevi.com.tr\/index.php\/wp-json\/wp\/v2\/product"}],"about":[{"href":"https:\/\/roveyayinevi.com.tr\/index.php\/wp-json\/wp\/v2\/types\/product"}],"wp:attachment":[{"href":"https:\/\/roveyayinevi.com.tr\/index.php\/wp-json\/wp\/v2\/media?parent=769855"}],"wp:term":[{"taxonomy":"product_brand","embeddable":true,"href":"https:\/\/roveyayinevi.com.tr\/index.php\/wp-json\/wp\/v2\/product_brand?post=769855"},{"taxonomy":"product_cat","embeddable":true,"href":"https:\/\/roveyayinevi.com.tr\/index.php\/wp-json\/wp\/v2\/product_cat?post=769855"},{"taxonomy":"product_tag","embeddable":true,"href":"https:\/\/roveyayinevi.com.tr\/index.php\/wp-json\/wp\/v2\/product_tag?post=769855"}],"curies":[{"name":"wp","href":"https:\/\/api.w.org\/{rel}","templated":true}]}}