{"id":769850,"date":"2025-08-28T14:09:02","date_gmt":"2025-08-28T11:09:02","guid":{"rendered":"https:\/\/roveyayinevi.com.tr\/index.php\/urun\/vilyem-sekspiyer\/"},"modified":"2026-04-15T03:36:24","modified_gmt":"2026-04-15T00:36:24","slug":"vilyem-sekspiyer","status":"publish","type":"product","link":"https:\/\/roveyayinevi.com.tr\/index.php\/urun\/vilyem-sekspiyer\/","title":{"rendered":"Vilyem \u015eekspiyer"},"content":{"rendered":"<p>Yaln\u0131z \u0130ngiliz edebiyat\u0131na de\u011fil d\u00fcnya edebiyat\u0131na ismini silinmez harflerle kaz\u0131yan William Shakespeare i\u00e7in \u201cF\u0131trat\u0131n en m\u00fcmtaz prensi; H\u00e2lik\u2019\u0131na yakla\u015fm\u0131\u015f bir hilkat velisi; \u015fairlerin en y\u00fckse\u011fi; Garb\u2019\u0131n bir mutasavv\u0131f-\u0131 \u00cesev\u00eesi; edebiyat\u0131n ilk kahraman-\u0131 ink\u0131l\u00e2b\u0131; b\u00fct\u00fcn be\u015feriyetin Mesih-i sanat\u0131\u201d benzetmelerini kullanan Cenap \u015eahabettin bu kitab\u0131nda Shakespeare\u2019in Romeo ve Juliet, Kral Lear, Othello, Antonius ve Clepoatra, On \u0130kinci Gece, Hamlet, Venedik Taciri ve Perikles adl\u0131 eserlerinden yola \u00e7\u0131karak onun \u00f6zel hayat\u0131, sanat\u0131, din ve felsefe hakk\u0131ndaki fikirlerini, a\u015fk ve kad\u0131na dair g\u00f6r\u00fc\u015flerini kalem kudretiyle yald\u0131zlayarak T\u00fcrk okurlar\u0131na sunarken sayfalar aras\u0131na kendi bah\u00e7esinin r\u00e2yihalar\u0131n\u0131 da sa\u00e7maktan geri durmuyor.***\u201cShakespeare\u2019in cesedi \u00f6leli \u00fc\u00e7 as\u0131rdan ziyade oluyor; fakat i\u015fte b\u00fct\u00fcn \u015fehk\u00e2rlar\u0131 sa\u011fd\u0131r ve bunlar ya\u015fad\u0131k\u00e7a onu hi\u00e7bir kuvvet \u00f6ld\u00fcremez.Her b\u00fcy\u00fck sanatk\u00e2r\u0131n ahlak\u0131n\u0131 tahlil ederken en b\u00fcy\u00fck hisse-i ef\u2019\u00e2lini \u015fiirinde ve ibd\u00e2at\u0131nda aramal\u0131y\u0131z. Shakespeare\u2019in bizi alakadar edecek faaliyet-i hayatiyesi ne\u015fideleridir. Onun \u00e7\u00fcr\u00fcyen be\u015feresi gibi \u00e7\u00fcr\u00fcyen \u00e7ocuklar\u0131 da bizce haiz-i ehemmiyet olamaz.B\u00fcy\u00fck adamlar\u0131n l\u00e2yem\u00fbt dima\u011flar\u0131d\u0131r ki bizce i\u015ftigale de\u011fer.23 Nisan\u2019da tam, tam elli iki ya\u015f\u0131n\u0131 bitirece\u011fi g\u00fcn vefat etti.Biliyoruz ki yevm-i vefat\u0131 gibi yevm-i vel\u00e2deti nisan\u0131n yirmi \u00fc\u00e7\u00fcne m\u00fcsadiftir. O g\u00fcn en b\u00fcy\u00fck adam\u0131n\u0131 kaybeden yaln\u0131z \u0130ngiltere de\u011fildi: Shakespeare ile belki ayn\u0131 saatte Cervantes de \u0130spanya\u2019da teslim-i ruh ediyordu.\u201dCenap \u015eahabettin<\/p>\n","protected":false},"excerpt":{"rendered":"<p>Yaln\u0131z \u0130ngiliz edebiyat\u0131na de\u011fil d\u00fcnya edebiyat\u0131na ismini silinmez harflerle kaz\u0131yan William Shakespeare i\u00e7in \u201cF\u0131trat\u0131n en m\u00fcmtaz prensi; H\u00e2lik\u2019\u0131na yakla\u015fm\u0131\u015f bir hilkat velisi; \u015fairlerin en y\u00fckse\u011fi; Garb\u2019\u0131n<span class=\"excerpt-hellip\"> [\u2026]<\/span><\/p>\n","protected":false},"featured_media":0,"template":"","meta":{"_monsterinsights_skip_tracking":false,"_monsterinsights_sitenote_active":false,"_monsterinsights_sitenote_note":"","_monsterinsights_sitenote_category":0},"product_brand":[],"product_cat":[14009,12291],"product_tag":[],"class_list":{"0":"post-769850","1":"product","2":"type-product","3":"status-publish","5":"product_cat-biyografi-otobiyografi-edebiyat","6":"product_cat-edebiyat","7":"pa_cilt-ciltsiz","8":"pa_tur-kitap","9":"pa_yayinevi-otuken-nesriyat","10":"pa_yazar-cenap-sahabettin","12":"first","13":"instock","14":"sale","15":"shipping-taxable","16":"purchasable","17":"product-type-simple"},"_links":{"self":[{"href":"https:\/\/roveyayinevi.com.tr\/index.php\/wp-json\/wp\/v2\/product\/769850","targetHints":{"allow":["GET"]}}],"collection":[{"href":"https:\/\/roveyayinevi.com.tr\/index.php\/wp-json\/wp\/v2\/product"}],"about":[{"href":"https:\/\/roveyayinevi.com.tr\/index.php\/wp-json\/wp\/v2\/types\/product"}],"wp:attachment":[{"href":"https:\/\/roveyayinevi.com.tr\/index.php\/wp-json\/wp\/v2\/media?parent=769850"}],"wp:term":[{"taxonomy":"product_brand","embeddable":true,"href":"https:\/\/roveyayinevi.com.tr\/index.php\/wp-json\/wp\/v2\/product_brand?post=769850"},{"taxonomy":"product_cat","embeddable":true,"href":"https:\/\/roveyayinevi.com.tr\/index.php\/wp-json\/wp\/v2\/product_cat?post=769850"},{"taxonomy":"product_tag","embeddable":true,"href":"https:\/\/roveyayinevi.com.tr\/index.php\/wp-json\/wp\/v2\/product_tag?post=769850"}],"curies":[{"name":"wp","href":"https:\/\/api.w.org\/{rel}","templated":true}]}}